{"id":1011807,"date":"2026-02-24T13:13:19","date_gmt":"2026-02-24T12:13:19","guid":{"rendered":"https:\/\/new.obsnev.es\/?post_type=emi&#038;p=1011807"},"modified":"2026-02-24T13:36:16","modified_gmt":"2026-02-24T12:36:16","slug":"emi-06","status":"publish","type":"emi","link":"https:\/\/obsnev.es\/en\/emi\/emi-06\/","title":{"rendered":"EMI 06"},"content":{"rendered":"<div data-elementor-type=\"wp-post\" data-elementor-id=\"1011807\" class=\"elementor elementor-1011807\" data-elementor-post-type=\"emi\">\n\t\t\t\t<div class=\"elementor-element elementor-element-a3f34ec e-flex e-con-boxed e-con e-parent\" data-id=\"a3f34ec\" data-element_type=\"container\" data-e-type=\"container\">\n\t\t\t\t\t<div class=\"e-con-inner\">\n\t\t\t\t<div class=\"elementor-element elementor-element-01f95b5 elementor-widget elementor-widget-text-editor\" data-id=\"01f95b5\" data-element_type=\"widget\" data-e-type=\"widget\" data-widget_type=\"text-editor.default\">\n\t\t\t\t<div class=\"elementor-widget-container\">\n\t\t\t\t\t\t\t\t\t<div id=\"panel-gb1008100-699d8b4db5f7a-0-0-0\" class=\"so-panel widget widget_sow-editor panel-first-child\" data-index=\"0\"><div class=\"so-widget-sow-editor so-widget-sow-editor-base\"><h3 class=\"widget-title\">Introduction<\/h3><div class=\"siteorigin-widget-tinymce textwidget\"><p>Se trata de una estaci\u00f3n de monitoreo intensivo localizada en una zona de matorral de alta monat\u00f1a de Sierra Nevada. Ocupa los t\u00e9rminos municipales de Hueneja, Fi\u00f1ana y Paterna del R\u00edo, con una extensi\u00f3n de 375 ha. Presenta un rango de altitud entre 1900 y 2500 m.s.n.m. La pendiente media es de 18 \u00ba y predominan la orientaci\u00f3n norte<\/p><\/div><\/div><\/div>\t\t\t\t\t\t\t\t<\/div>\n\t\t\t\t<\/div>\n\t\t\t\t<div class=\"elementor-element elementor-element-c35db60 elementor-widget elementor-widget-image\" data-id=\"c35db60\" data-element_type=\"widget\" data-e-type=\"widget\" data-widget_type=\"image.default\">\n\t\t\t\t<div class=\"elementor-widget-container\">\n\t\t\t\t\t\t\t\t\t\t\t\t\t\t\t<img fetchpriority=\"high\" decoding=\"async\" width=\"1280\" height=\"905\" src=\"https:\/\/obsnev.es\/wp-content\/uploads\/2019\/11\/caracterizacion_EMI06.jpg\" class=\"attachment-full size-full wp-image-1008260\" alt=\"\" srcset=\"https:\/\/obsnev.es\/wp-content\/uploads\/2019\/11\/caracterizacion_EMI06.jpg 1280w, https:\/\/obsnev.es\/wp-content\/uploads\/2019\/11\/caracterizacion_EMI06-300x212.jpg 300w, https:\/\/obsnev.es\/wp-content\/uploads\/2019\/11\/caracterizacion_EMI06-1024x724.jpg 1024w, https:\/\/obsnev.es\/wp-content\/uploads\/2019\/11\/caracterizacion_EMI06-768x543.jpg 768w, https:\/\/obsnev.es\/wp-content\/uploads\/2019\/11\/caracterizacion_EMI06-18x12.jpg 18w\" sizes=\"(max-width: 1280px) 100vw, 1280px\" \/>\t\t\t\t\t\t\t\t\t\t\t\t\t\t\t<\/div>\n\t\t\t\t<\/div>\n\t\t\t\t<div class=\"elementor-element elementor-element-77fa373 elementor-widget elementor-widget-text-editor\" data-id=\"77fa373\" data-element_type=\"widget\" data-e-type=\"widget\" data-widget_type=\"text-editor.default\">\n\t\t\t\t<div class=\"elementor-widget-container\">\n\t\t\t\t\t\t\t\t\t<div id=\"panel-gb1008100-699d8b4db5f7a-0-0-0\" class=\"so-panel widget widget_sow-editor panel-first-child\" data-index=\"0\"><div class=\"so-widget-sow-editor so-widget-sow-editor-base\"><div id=\"panel-gb1008227-699d954b03345-0-0-1\" class=\"so-panel widget widget_sow-editor\" data-index=\"1\"><div class=\"so-widget-sow-editor so-widget-sow-editor-base\"><h3 class=\"widget-title\">Estaci\u00f3n Meteorol\u00f3gica<\/h3><div class=\"siteorigin-widget-tinymce textwidget\"><p>Presenta dos estaciones meteorol\u00f3gicas con sensores para:<\/p><ul><li>Temperatura y humedad relativa<\/li><li>Anemoveleta: direcci\u00f3n y velocidad del viento.<\/li><li>Presi\u00f3n atmosf\u00e9rica.<\/li><li>Pluvi\u00f3metro calefactado.<\/li><li>Radiaci\u00f3n Solar Global<\/li><li>Radiaci\u00f3n ultravioleta B<\/li><li>Radiaci\u00f3n Neta CNR1<\/li><li>Radiaci\u00f3n Solar PAR (global reflejada)<\/li><li>Humedad del suelo<\/li><li>Humedad relativa<\/li><li>Precipitaci\u00f3n<\/li><li>Temperatura del aire<\/li><li>Radiaci\u00f3n PAR 1 y 2<\/li><\/ul><\/div><\/div><\/div><div id=\"panel-gb1008227-699d954b03345-0-0-2\" class=\"so-panel widget widget_sow-editor\" data-index=\"2\"><div class=\"so-widget-sow-editor so-widget-sow-editor-base\"><h3 class=\"widget-title\">Protocolos de Seguimiento Socio-Ecol\u00f3gico<\/h3><div class=\"siteorigin-widget-tinymce textwidget\"><ul><li>Dispersantes<\/li><li>Transectos de Mariposas<\/li><li>Comunidades vegetales: enebrales<\/li><li>Artr\u00f3podos<\/li><li>Topillo nival<\/li><li>Cabra<\/li><li>Estaciones de Flujo de Carbono<\/li><\/ul><\/div><\/div><\/div><div id=\"panel-gb1008227-699d954b03345-0-0-3\" class=\"so-panel widget widget_sow-editor\" data-index=\"3\"><div class=\"so-widget-sow-editor so-widget-sow-editor-base\"><h3 class=\"widget-title\">Caracterizaci\u00f3n de la EMI<\/h3><div class=\"siteorigin-widget-tinymce textwidget\"><p>Los principales ecosistemas de esta EMI son los matorrales de alta monta\u00f1a: piornales y enebrales, junto con una repoblaciones de con\u00edferas. Marginalmente aparecen pastizales, canchales de alta monta\u00f1a. En la siguiente figura se muestran el porcentaje de superficie que ocupa cada uno de los ecosistemas dentro de la EMI.<\/p><\/div><\/div><\/div><\/div><\/div>\t\t\t\t\t\t\t\t<\/div>\n\t\t\t\t<\/div>\n\t\t\t\t\t<\/div>\n\t\t\t\t<\/div>\n\t\t\t\t<\/div>","protected":false},"featured_media":1011841,"template":"","meta":{"_acf_changed":false},"class_list":["post-1011807","emi","type-emi","status-publish","has-post-thumbnail","hentry"],"acf":{"photo_gallery":{"imagenes":[[{"id":1011842,"title":"EMI06_128","caption":"","full_image_url":"https:\/\/obsnev.es\/wp-content\/uploads\/2026\/02\/EMI06_128.jpg","thumbnail_image_url":"https:\/\/obsnev.es\/wp-content\/uploads\/2026\/02\/EMI06_128-150x150.jpg","large_srcset":"https:\/\/obsnev.es\/wp-content\/uploads\/2026\/02\/EMI06_128-1024x681.jpg 1024w, https:\/\/obsnev.es\/wp-content\/uploads\/2026\/02\/EMI06_128-300x199.jpg 300w, https:\/\/obsnev.es\/wp-content\/uploads\/2026\/02\/EMI06_128-768x511.jpg 768w, https:\/\/obsnev.es\/wp-content\/uploads\/2026\/02\/EMI06_128-18x12.jpg 18w, https:\/\/obsnev.es\/wp-content\/uploads\/2026\/02\/EMI06_128.jpg 1280w","medium_srcset":"https:\/\/obsnev.es\/wp-content\/uploads\/2026\/02\/EMI06_128-300x199.jpg 300w, https:\/\/obsnev.es\/wp-content\/uploads\/2026\/02\/EMI06_128-1024x681.jpg 1024w, https:\/\/obsnev.es\/wp-content\/uploads\/2026\/02\/EMI06_128-768x511.jpg 768w, https:\/\/obsnev.es\/wp-content\/uploads\/2026\/02\/EMI06_128-18x12.jpg 18w, https:\/\/obsnev.es\/wp-content\/uploads\/2026\/02\/EMI06_128.jpg 1280w","media_details":{"width":1280,"height":851,"sizes":{"medium":{"file":"EMI06_128-300x199.jpg","width":300,"height":199,"mime-type":"image\/jpeg","filesize":9601,"source_url":"https:\/\/obsnev.es\/wp-content\/uploads\/2026\/02\/EMI06_128-300x199.jpg"},"large":{"file":"EMI06_128-1024x681.jpg","width":1024,"height":681,"mime-type":"image\/jpeg","filesize":108274,"source_url":"https:\/\/obsnev.es\/wp-content\/uploads\/2026\/02\/EMI06_128-1024x681.jpg"},"thumbnail":{"file":"EMI06_128-150x150.jpg","width":150,"height":150,"mime-type":"image\/jpeg","filesize":3970,"source_url":"https:\/\/obsnev.es\/wp-content\/uploads\/2026\/02\/EMI06_128-150x150.jpg"},"medium_large":{"file":"EMI06_128-768x511.jpg","width":768,"height":511,"mime-type":"image\/jpeg","filesize":60040,"source_url":"https:\/\/obsnev.es\/wp-content\/uploads\/2026\/02\/EMI06_128-768x511.jpg"},"trp-custom-language-flag":{"file":"EMI06_128-18x12.jpg","width":18,"height":12,"mime-type":"image\/jpeg","filesize":401,"source_url":"https:\/\/obsnev.es\/wp-content\/uploads\/2026\/02\/EMI06_128-18x12.jpg"}}},"alt_text":"","url":"","target":""},{"id":1011841,"title":"EMI06_125","caption":"","full_image_url":"https:\/\/obsnev.es\/wp-content\/uploads\/2026\/02\/EMI06_125.jpg","thumbnail_image_url":"https:\/\/obsnev.es\/wp-content\/uploads\/2026\/02\/EMI06_125-150x150.jpg","large_srcset":"https:\/\/obsnev.es\/wp-content\/uploads\/2026\/02\/EMI06_125-1024x681.jpg 1024w, https:\/\/obsnev.es\/wp-content\/uploads\/2026\/02\/EMI06_125-300x199.jpg 300w, https:\/\/obsnev.es\/wp-content\/uploads\/2026\/02\/EMI06_125-768x511.jpg 768w, https:\/\/obsnev.es\/wp-content\/uploads\/2026\/02\/EMI06_125-18x12.jpg 18w, https:\/\/obsnev.es\/wp-content\/uploads\/2026\/02\/EMI06_125.jpg 1280w","medium_srcset":"https:\/\/obsnev.es\/wp-content\/uploads\/2026\/02\/EMI06_125-300x199.jpg 300w, https:\/\/obsnev.es\/wp-content\/uploads\/2026\/02\/EMI06_125-1024x681.jpg 1024w, https:\/\/obsnev.es\/wp-content\/uploads\/2026\/02\/EMI06_125-768x511.jpg 768w, https:\/\/obsnev.es\/wp-content\/uploads\/2026\/02\/EMI06_125-18x12.jpg 18w, https:\/\/obsnev.es\/wp-content\/uploads\/2026\/02\/EMI06_125.jpg 1280w","media_details":{"width":1280,"height":851,"sizes":{"medium":{"file":"EMI06_125-300x199.jpg","width":300,"height":199,"mime-type":"image\/jpeg","filesize":7923,"source_url":"https:\/\/obsnev.es\/wp-content\/uploads\/2026\/02\/EMI06_125-300x199.jpg"},"large":{"file":"EMI06_125-1024x681.jpg","width":1024,"height":681,"mime-type":"image\/jpeg","filesize":76342,"source_url":"https:\/\/obsnev.es\/wp-content\/uploads\/2026\/02\/EMI06_125-1024x681.jpg"},"thumbnail":{"file":"EMI06_125-150x150.jpg","width":150,"height":150,"mime-type":"image\/jpeg","filesize":3477,"source_url":"https:\/\/obsnev.es\/wp-content\/uploads\/2026\/02\/EMI06_125-150x150.jpg"},"medium_large":{"file":"EMI06_125-768x511.jpg","width":768,"height":511,"mime-type":"image\/jpeg","filesize":43831,"source_url":"https:\/\/obsnev.es\/wp-content\/uploads\/2026\/02\/EMI06_125-768x511.jpg"},"trp-custom-language-flag":{"file":"EMI06_125-18x12.jpg","width":18,"height":12,"mime-type":"image\/jpeg","filesize":405,"source_url":"https:\/\/obsnev.es\/wp-content\/uploads\/2026\/02\/EMI06_125-18x12.jpg"}}},"alt_text":"","url":"","target":""},{"id":1011840,"title":"EMI06_113","caption":"","full_image_url":"https:\/\/obsnev.es\/wp-content\/uploads\/2026\/02\/EMI06_113.jpg","thumbnail_image_url":"https:\/\/obsnev.es\/wp-content\/uploads\/2026\/02\/EMI06_113-150x150.jpg","large_srcset":"https:\/\/obsnev.es\/wp-content\/uploads\/2026\/02\/EMI06_113-1024x681.jpg 1024w, https:\/\/obsnev.es\/wp-content\/uploads\/2026\/02\/EMI06_113-300x199.jpg 300w, https:\/\/obsnev.es\/wp-content\/uploads\/2026\/02\/EMI06_113-768x511.jpg 768w, https:\/\/obsnev.es\/wp-content\/uploads\/2026\/02\/EMI06_113-18x12.jpg 18w, https:\/\/obsnev.es\/wp-content\/uploads\/2026\/02\/EMI06_113.jpg 1280w","medium_srcset":"https:\/\/obsnev.es\/wp-content\/uploads\/2026\/02\/EMI06_113-300x199.jpg 300w, https:\/\/obsnev.es\/wp-content\/uploads\/2026\/02\/EMI06_113-1024x681.jpg 1024w, https:\/\/obsnev.es\/wp-content\/uploads\/2026\/02\/EMI06_113-768x511.jpg 768w, https:\/\/obsnev.es\/wp-content\/uploads\/2026\/02\/EMI06_113-18x12.jpg 18w, https:\/\/obsnev.es\/wp-content\/uploads\/2026\/02\/EMI06_113.jpg 1280w","media_details":{"width":1280,"height":851,"sizes":{"medium":{"file":"EMI06_113-300x199.jpg","width":300,"height":199,"mime-type":"image\/jpeg","filesize":10178,"source_url":"https:\/\/obsnev.es\/wp-content\/uploads\/2026\/02\/EMI06_113-300x199.jpg"},"large":{"file":"EMI06_113-1024x681.jpg","width":1024,"height":681,"mime-type":"image\/jpeg","filesize":90510,"source_url":"https:\/\/obsnev.es\/wp-content\/uploads\/2026\/02\/EMI06_113-1024x681.jpg"},"thumbnail":{"file":"EMI06_113-150x150.jpg","width":150,"height":150,"mime-type":"image\/jpeg","filesize":4413,"source_url":"https:\/\/obsnev.es\/wp-content\/uploads\/2026\/02\/EMI06_113-150x150.jpg"},"medium_large":{"file":"EMI06_113-768x511.jpg","width":768,"height":511,"mime-type":"image\/jpeg","filesize":54951,"source_url":"https:\/\/obsnev.es\/wp-content\/uploads\/2026\/02\/EMI06_113-768x511.jpg"},"trp-custom-language-flag":{"file":"EMI06_113-18x12.jpg","width":18,"height":12,"mime-type":"image\/jpeg","filesize":392,"source_url":"https:\/\/obsnev.es\/wp-content\/uploads\/2026\/02\/EMI06_113-18x12.jpg"}}},"alt_text":"","url":"","target":""}]]}},"aioseo_notices":[],"_links":{"self":[{"href":"https:\/\/obsnev.es\/en\/wp-json\/wp\/v2\/emi\/1011807","targetHints":{"allow":["GET"]}}],"collection":[{"href":"https:\/\/obsnev.es\/en\/wp-json\/wp\/v2\/emi"}],"about":[{"href":"https:\/\/obsnev.es\/en\/wp-json\/wp\/v2\/types\/emi"}],"version-history":[{"count":9,"href":"https:\/\/obsnev.es\/en\/wp-json\/wp\/v2\/emi\/1011807\/revisions"}],"predecessor-version":[{"id":1011907,"href":"https:\/\/obsnev.es\/en\/wp-json\/wp\/v2\/emi\/1011807\/revisions\/1011907"}],"wp:featuredmedia":[{"embeddable":true,"href":"https:\/\/obsnev.es\/en\/wp-json\/wp\/v2\/media\/1011841"}],"wp:attachment":[{"href":"https:\/\/obsnev.es\/en\/wp-json\/wp\/v2\/media?parent=1011807"}],"curies":[{"name":"wp","href":"https:\/\/api.w.org\/{rel}","templated":true}]}}

<div data-elementor-type="wp-post" data-elementor-id="1011807" class="elementor elementor-1011807" data-elementor-post-type="emi">
				<div class="elementor-element elementor-element-a3f34ec e-flex e-con-boxed e-con e-parent" data-id="a3f34ec" data-element_type="container" data-e-type="container">
					<div class="e-con-inner">
				<div class="elementor-element elementor-element-01f95b5 elementor-widget elementor-widget-text-editor" data-id="01f95b5" data-element_type="widget" data-e-type="widget" data-widget_type="text-editor.default">
				<div class="elementor-widget-container">
									<div id="panel-gb1008100-699d8b4db5f7a-0-0-0" class="so-panel widget widget_sow-editor panel-first-child" data-index="0"><div class="so-widget-sow-editor so-widget-sow-editor-base"><h3 class="widget-title">Introduction</h3><div class="siteorigin-widget-tinymce textwidget"><p>Se trata de una estación de monitoreo intensivo localizada en una zona de matorral de alta monatña de Sierra Nevada. Ocupa los términos municipales de Hueneja, Fiñana y Paterna del Río, con una extensión de 375 ha. Presenta un rango de altitud entre 1900 y 2500 m.s.n.m. La pendiente media es de 18 º y predominan la orientación norte</p></div></div></div>								</div>
				</div>
				<div class="elementor-element elementor-element-c35db60 elementor-widget elementor-widget-image" data-id="c35db60" data-element_type="widget" data-e-type="widget" data-widget_type="image.default">
				<div class="elementor-widget-container">
															<img fetchpriority="high" decoding="async" width="1280" height="905" src="https://obsnev.es/wp-content/uploads/2019/11/caracterizacion_EMI06.jpg" class="attachment-full size-full wp-image-1008260" alt="" srcset="https://obsnev.es/wp-content/uploads/2019/11/caracterizacion_EMI06.jpg 1280w, https://obsnev.es/wp-content/uploads/2019/11/caracterizacion_EMI06-300x212.jpg 300w, https://obsnev.es/wp-content/uploads/2019/11/caracterizacion_EMI06-1024x724.jpg 1024w, https://obsnev.es/wp-content/uploads/2019/11/caracterizacion_EMI06-768x543.jpg 768w, https://obsnev.es/wp-content/uploads/2019/11/caracterizacion_EMI06-18x12.jpg 18w" sizes="(max-width: 1280px) 100vw, 1280px" />															</div>
				</div>
				<div class="elementor-element elementor-element-77fa373 elementor-widget elementor-widget-text-editor" data-id="77fa373" data-element_type="widget" data-e-type="widget" data-widget_type="text-editor.default">
				<div class="elementor-widget-container">
									<div id="panel-gb1008100-699d8b4db5f7a-0-0-0" class="so-panel widget widget_sow-editor panel-first-child" data-index="0"><div class="so-widget-sow-editor so-widget-sow-editor-base"><div id="panel-gb1008227-699d954b03345-0-0-1" class="so-panel widget widget_sow-editor" data-index="1"><div class="so-widget-sow-editor so-widget-sow-editor-base"><h3 class="widget-title">Estación Meteorológica</h3><div class="siteorigin-widget-tinymce textwidget"><p>Presenta dos estaciones meteorológicas con sensores para:</p><ul><li>Temperatura y humedad relativa</li><li>Anemoveleta: dirección y velocidad del viento.</li><li>Presión atmosférica.</li><li>Pluviómetro calefactado.</li><li>Radiación Solar Global</li><li>Radiación ultravioleta B</li><li>Radiación Neta CNR1</li><li>Radiación Solar PAR (global reflejada)</li><li>Humedad del suelo</li><li>Humedad relativa</li><li>Precipitación</li><li>Temperatura del aire</li><li>Radiación PAR 1 y 2</li></ul></div></div></div><div id="panel-gb1008227-699d954b03345-0-0-2" class="so-panel widget widget_sow-editor" data-index="2"><div class="so-widget-sow-editor so-widget-sow-editor-base"><h3 class="widget-title">Protocolos de Seguimiento Socio-Ecológico</h3><div class="siteorigin-widget-tinymce textwidget"><ul><li>Dispersantes</li><li>Transectos de Mariposas</li><li>Comunidades vegetales: enebrales</li><li>Artrópodos</li><li>Topillo nival</li><li>Cabra</li><li>Estaciones de Flujo de Carbono</li></ul></div></div></div><div id="panel-gb1008227-699d954b03345-0-0-3" class="so-panel widget widget_sow-editor" data-index="3"><div class="so-widget-sow-editor so-widget-sow-editor-base"><h3 class="widget-title">Caracterización de la EMI</h3><div class="siteorigin-widget-tinymce textwidget"><p>Los principales ecosistemas de esta EMI son los matorrales de alta montaña: piornales y enebrales, junto con una repoblaciones de coníferas. Marginalmente aparecen pastizales, canchales de alta montaña. En la siguiente figura se muestran el porcentaje de superficie que ocupa cada uno de los ecosistemas dentro de la EMI.</p></div></div></div></div></div>								</div>
				</div>
					</div>
				</div>
				</div>
