{"id":1011371,"date":"2026-02-19T11:01:15","date_gmt":"2026-02-19T10:01:15","guid":{"rendered":"https:\/\/new.obsnev.es\/?page_id=1011371"},"modified":"2026-02-19T11:05:35","modified_gmt":"2026-02-19T10:05:35","slug":"cartografia-participativa-y-pagos-del-tm-canar","status":"publish","type":"page","link":"https:\/\/obsnev.es\/en\/cartografia-participativa-y-pagos-del-tm-canar\/","title":{"rendered":"Participatory mapping workshop and \"pagos\" of the municipality of C\u00e1\u00f1ar"},"content":{"rendered":"<div data-elementor-type=\"wp-page\" data-elementor-id=\"1011371\" class=\"elementor elementor-1011371\" data-elementor-post-type=\"page\">\n\t\t\t\t<div class=\"elementor-element elementor-element-becff23 e-flex e-con-boxed e-con e-parent\" data-id=\"becff23\" data-element_type=\"container\" data-e-type=\"container\">\n\t\t\t\t\t<div class=\"e-con-inner\">\n\t\t\t\t<div class=\"elementor-element elementor-element-806e6b6 elementor-widget elementor-widget-spacer\" data-id=\"806e6b6\" data-element_type=\"widget\" data-e-type=\"widget\" data-widget_type=\"spacer.default\">\n\t\t\t\t<div class=\"elementor-widget-container\">\n\t\t\t\t\t\t\t<div class=\"elementor-spacer\">\n\t\t\t<div class=\"elementor-spacer-inner\"><\/div>\n\t\t<\/div>\n\t\t\t\t\t\t<\/div>\n\t\t\t\t<\/div>\n\t\t\t\t<div class=\"elementor-element elementor-element-d0dbc22 elementor-widget elementor-widget-text-editor\" data-id=\"d0dbc22\" data-element_type=\"widget\" data-e-type=\"widget\" data-widget_type=\"text-editor.default\">\n\t\t\t\t<div class=\"elementor-widget-container\">\n\t\t\t\t\t\t\t\t\t<div id=\"panel-gb1009466-6996d37b6dd1d-0-0-0\" class=\"so-panel widget widget_sow-editor panel-first-child\" data-index=\"0\"><div class=\"so-widget-sow-editor so-widget-sow-editor-base\"><div class=\"siteorigin-widget-tinymce textwidget\"><p>Each region\u2019s local heritage contains a vast amount of information that helps us understand and reconstruct the past state of vegetation, as well as the historical land uses of the territory. A series of participatory mapping workshops were held in the municipality of C\u00e1\u00f1ar to collect, digitize, and incorporate this information into a spatial database.<\/p><p>The objectives were:<\/p><ul><li>To validate and deepen information regarding land uses\u2014such as charcoal production, farming, firewood harvesting, or reforestation\u2014and events like wildfires or the altitudinal migration of oak forests that may have influenced vegetation distribution and composition.<\/li><li>To define and delimit the municipal pagos (traditional land divisions), both historical and current, based on previous cartography provided by the C\u00e1\u00f1ar Irrigation Community.<\/li><\/ul><\/div><\/div><\/div><div id=\"panel-gb1009466-6996d37b6dd1d-0-0-1\" class=\"so-panel widget widget_sow-editor\" data-index=\"1\"><div class=\"so-widget-sow-editor so-widget-sow-editor-base\"><h3 class=\"widget-title\">Methodology<\/h3><div class=\"siteorigin-widget-tinymce textwidget\"><p>The research began by selecting key informants to participate actively in interviews and mapping workshops. We prioritized elderly residents whose professions allowed them to recall the oldest possible data related to vegetation. This was done through an exploratory analysis alongside local groups: the town hall, the Guadalinfo center, the neighborhood association, and the irrigation community. Participants were evaluated based on their own and their parents' professions, the knowledge they could contribute, their communication skills, and their age.<\/p><\/div><\/div><\/div>\t\t\t\t\t\t\t\t<\/div>\n\t\t\t\t<\/div>\n\t\t\t\t<div class=\"elementor-element elementor-element-9b83ab6 elementor-widget elementor-widget-image\" data-id=\"9b83ab6\" data-element_type=\"widget\" data-e-type=\"widget\" data-widget_type=\"image.default\">\n\t\t\t\t<div class=\"elementor-widget-container\">\n\t\t\t\t\t\t\t\t\t\t\t\t<figure class=\"wp-caption\">\n\t\t\t\t\t\t\t\t\t\t<img fetchpriority=\"high\" decoding=\"async\" width=\"800\" height=\"355\" src=\"https:\/\/obsnev.es\/wp-content\/uploads\/2020\/04\/CartografiaParticipativa_Participante.jpg\" class=\"attachment-large size-large wp-image-1009440\" alt=\"\" srcset=\"https:\/\/obsnev.es\/wp-content\/uploads\/2020\/04\/CartografiaParticipativa_Participante.jpg 992w, https:\/\/obsnev.es\/wp-content\/uploads\/2020\/04\/CartografiaParticipativa_Participante-300x133.jpg 300w, https:\/\/obsnev.es\/wp-content\/uploads\/2020\/04\/CartografiaParticipativa_Participante-768x341.jpg 768w, https:\/\/obsnev.es\/wp-content\/uploads\/2020\/04\/CartografiaParticipativa_Participante-18x8.jpg 18w\" sizes=\"(max-width: 800px) 100vw, 800px\" \/>\t\t\t\t\t\t\t\t\t\t\t<figcaption class=\"widget-image-caption wp-caption-text\">Workshop participant providing information about the oak forest.<\/figcaption>\n\t\t\t\t\t\t\t\t\t\t<\/figure>\n\t\t\t\t\t\t\t\t\t<\/div>\n\t\t\t\t<\/div>\n\t\t\t\t<div class=\"elementor-element elementor-element-81f1882 elementor-widget elementor-widget-text-editor\" data-id=\"81f1882\" data-element_type=\"widget\" data-e-type=\"widget\" data-widget_type=\"text-editor.default\">\n\t\t\t\t<div class=\"elementor-widget-container\">\n\t\t\t\t\t\t\t\t\t<div id=\"panel-gb1009466-6996d37b6dd1d-0-0-0\" class=\"so-panel widget widget_sow-editor panel-first-child\" data-index=\"0\"><div class=\"so-widget-sow-editor so-widget-sow-editor-base\"><div class=\"siteorigin-widget-tinymce textwidget\"><div id=\"panel-gb1009466-6996d37b6dd1d-0-0-1\" class=\"so-panel widget widget_sow-editor\" data-index=\"1\"><div class=\"so-widget-sow-editor so-widget-sow-editor-base\"><div class=\"siteorigin-widget-tinymce textwidget\"><p>(Caption: Workshop participant providing information about the oak forest).\nGraphic materials were used as the primary support for delimiting this information. This included panoramic photo montages of the areas of interest, three-dimensional (3D) orthophotos on digital elevation models, and dynamic 3D views via\u00a0<a href=\"https:\/\/earth.google.es\/\">Google Earth<\/a>.<\/p><p class=\"translation-block\">This\u00a0<a href=\"https:\/\/www.youtube.com\/watch?v=9qDG_HO66iY&amp;t=1s\" target=\"_blank\" rel=\"noopener\">video report<\/a>\u00a0shows highlights from the participatory mapping workshop.<\/p><\/div><\/div><\/div><div id=\"panel-gb1009466-6996d37b6dd1d-0-0-2\" class=\"so-panel widget widget_sow-editor\" data-index=\"2\"><div class=\"celda_youtube panel-widget-style panel-widget-style-for-gb1009466-6996d37b6dd1d-0-0-2\"><div class=\"so-widget-sow-editor so-widget-sow-editor-base\"><div class=\"siteorigin-widget-tinymce textwidget\">\u00a0<\/div><\/div><\/div><\/div><\/div><\/div><\/div>\t\t\t\t\t\t\t\t<\/div>\n\t\t\t\t<\/div>\n\t\t\t\t<div class=\"elementor-element elementor-element-e279510 elementor-widget elementor-widget-video\" data-id=\"e279510\" data-element_type=\"widget\" data-e-type=\"widget\" data-settings=\"{&quot;youtube_url&quot;:&quot;https:\\\/\\\/youtu.be\\\/OG1GPvgdOcs&quot;,&quot;video_type&quot;:&quot;youtube&quot;,&quot;controls&quot;:&quot;yes&quot;}\" data-widget_type=\"video.default\">\n\t\t\t\t<div class=\"elementor-widget-container\">\n\t\t\t\t\t\t\t<div class=\"elementor-wrapper elementor-open-inline\">\n\t\t\t<div class=\"elementor-video\"><\/div>\t\t<\/div>\n\t\t\t\t\t\t<\/div>\n\t\t\t\t<\/div>\n\t\t\t\t<div class=\"elementor-element elementor-element-a65f740 elementor-widget elementor-widget-text-editor\" data-id=\"a65f740\" data-element_type=\"widget\" data-e-type=\"widget\" data-widget_type=\"text-editor.default\">\n\t\t\t\t<div class=\"elementor-widget-container\">\n\t\t\t\t\t\t\t\t\t<div id=\"panel-gb1009466-6996d37b6dd1d-0-0-0\" class=\"so-panel widget widget_sow-editor panel-first-child\" data-index=\"0\"><div class=\"so-widget-sow-editor so-widget-sow-editor-base\"><div class=\"siteorigin-widget-tinymce textwidget\"><div id=\"panel-gb1009466-6996d37b6dd1d-0-0-1\" class=\"so-panel widget widget_sow-editor\" data-index=\"1\"><div class=\"so-widget-sow-editor so-widget-sow-editor-base\"><div class=\"siteorigin-widget-tinymce textwidget\"><h3 class=\"widget-title\">Results<\/h3><div class=\"siteorigin-widget-tinymce textwidget\"><p>The main results included the geographic delimitation of several land uses and events affecting vegetation:<\/p><ul><li><a href=\"https:\/\/obsnev.es\/en\/cartografia-participativa-y-pagos-del-tm-canar\/CartografiaParticipativa_Carboneo\/\" target=\"_blank\" rel=\"noopener\">Charcoal production (carboneo)<\/a><\/li><li><a href=\"https:\/\/obsnev.es\/en\/cartografia-participativa-y-pagos-del-tm-canar\/CartografiaParticipativa_CultivosRioChico\/\" target=\"_blank\" rel=\"noopener\">Crops and farming<\/a><\/li><li><a href=\"https:\/\/obsnev.es\/en\/cartografia-participativa-y-pagos-del-tm-canar\/CartografiaParticipativa_UsosLena\/\" target=\"_blank\" rel=\"noopener\">Firewood harvesting<\/a><\/li><li><a href=\"https:\/\/obsnev.es\/en\/cartografia-participativa-y-pagos-del-tm-canar\/CartografiaParticipativa_RepoblacionesPinar_RioChico\/\" target=\"_blank\" rel=\"noopener\">Reforestation<\/a><\/li><li><a href=\"https:\/\/obsnev.es\/en\/cartografia-participativa-y-pagos-del-tm-canar\/CartografiaParticipativa_Incendios\/\" target=\"_blank\" rel=\"noopener\">Wildfires<\/a><\/li><li><a href=\"https:\/\/obsnev.es\/en\/cartografia-participativa-y-pagos-del-tm-canar\/CartografiaParticipativa_RayaDelRoble\/\" target=\"_blank\" rel=\"noopener\">Altitudinal migration of the oak forest (the rising of the \"oak line\")<\/a><\/li><\/ul><p>Another key outcome was the mapping of C\u00e1\u00f1ar\u2019s pagos, recovering some that date back to 1750. Using the Irrigation Community's maps as a base, we added the land divisions remembered by participants, noting their names and mapping their boundaries.<\/p><p>The results of this work can be consulted in the following map. Click on the different pagos to view the associated information.<\/p><\/div><\/div><\/div><\/div><\/div><\/div><\/div>\t\t\t\t\t\t\t\t<\/div>\n\t\t\t\t<\/div>\n\t\t<div class=\"elementor-element elementor-element-dedb9e3 e-con-full e-flex e-con e-child\" data-id=\"dedb9e3\" data-element_type=\"container\" data-e-type=\"container\">\n\t\t\t\t<div class=\"elementor-element elementor-element-8211716 elementor-widget elementor-widget-html\" data-id=\"8211716\" data-element_type=\"widget\" data-e-type=\"widget\" data-widget_type=\"html.default\">\n\t\t\t\t<div class=\"elementor-widget-container\">\n\t\t\t\t\t<iframe height=\"600\" src=\"\/leaflet2\/pagos_canar\/\"><\/iframe>\t\t\t\t<\/div>\n\t\t\t\t<\/div>\n\t\t\t\t<\/div>\n\t\t\t\t<div class=\"elementor-element elementor-element-ec8d95a elementor-widget elementor-widget-spacer\" data-id=\"ec8d95a\" data-element_type=\"widget\" data-e-type=\"widget\" data-widget_type=\"spacer.default\">\n\t\t\t\t<div class=\"elementor-widget-container\">\n\t\t\t\t\t\t\t<div class=\"elementor-spacer\">\n\t\t\t<div class=\"elementor-spacer-inner\"><\/div>\n\t\t<\/div>\n\t\t\t\t\t\t<\/div>\n\t\t\t\t<\/div>\n\t\t\t\t\t<\/div>\n\t\t\t\t<\/div>\n\t\t\t\t<\/div>","protected":false},"excerpt":{"rendered":"<p>En el acervo popular de cada lugar existe una extensa cantidad de informaci\u00f3n que nos ayuda a entender y reconstruir el estado de la vegetaci\u00f3n en el pasado, as\u00ed como los usos que se llevaron a cabo en el territorio. Se han realizado una serie de talleres de cartograf\u00eda participativa en el t\u00e9rmino municipal de [&hellip;]<\/p>\n","protected":false},"author":1,"featured_media":0,"parent":0,"menu_order":0,"comment_status":"closed","ping_status":"closed","template":"","meta":{"_acf_changed":false,"footnotes":""},"class_list":["post-1011371","page","type-page","status-publish","hentry"],"acf":[],"aioseo_notices":[],"_links":{"self":[{"href":"https:\/\/obsnev.es\/en\/wp-json\/wp\/v2\/pages\/1011371","targetHints":{"allow":["GET"]}}],"collection":[{"href":"https:\/\/obsnev.es\/en\/wp-json\/wp\/v2\/pages"}],"about":[{"href":"https:\/\/obsnev.es\/en\/wp-json\/wp\/v2\/types\/page"}],"author":[{"embeddable":true,"href":"https:\/\/obsnev.es\/en\/wp-json\/wp\/v2\/users\/1"}],"replies":[{"embeddable":true,"href":"https:\/\/obsnev.es\/en\/wp-json\/wp\/v2\/comments?post=1011371"}],"version-history":[{"count":7,"href":"https:\/\/obsnev.es\/en\/wp-json\/wp\/v2\/pages\/1011371\/revisions"}],"predecessor-version":[{"id":1011378,"href":"https:\/\/obsnev.es\/en\/wp-json\/wp\/v2\/pages\/1011371\/revisions\/1011378"}],"wp:attachment":[{"href":"https:\/\/obsnev.es\/en\/wp-json\/wp\/v2\/media?parent=1011371"}],"curies":[{"name":"wp","href":"https:\/\/api.w.org\/{rel}","templated":true}]}}

Participatory mapping workshop and "pagos" of the municipality of Cáñar

<div data-elementor-type="wp-page" data-elementor-id="1011371" class="elementor elementor-1011371" data-elementor-post-type="page">
				<div class="elementor-element elementor-element-becff23 e-flex e-con-boxed e-con e-parent" data-id="becff23" data-element_type="container" data-e-type="container">
					<div class="e-con-inner">
				<div class="elementor-element elementor-element-806e6b6 elementor-widget elementor-widget-spacer" data-id="806e6b6" data-element_type="widget" data-e-type="widget" data-widget_type="spacer.default">
				<div class="elementor-widget-container">
							<div class="elementor-spacer">
			<div class="elementor-spacer-inner"></div>
		</div>
						</div>
				</div>
				<div class="elementor-element elementor-element-d0dbc22 elementor-widget elementor-widget-text-editor" data-id="d0dbc22" data-element_type="widget" data-e-type="widget" data-widget_type="text-editor.default">
				<div class="elementor-widget-container">
									<div id="panel-gb1009466-6996d37b6dd1d-0-0-0" class="so-panel widget widget_sow-editor panel-first-child" data-index="0"><div class="so-widget-sow-editor so-widget-sow-editor-base"><div class="siteorigin-widget-tinymce textwidget"><p>Each region’s local heritage contains a vast amount of information that helps us understand and reconstruct the past state of vegetation, as well as the historical land uses of the territory. A series of participatory mapping workshops were held in the municipality of Cáñar to collect, digitize, and incorporate this information into a spatial database.</p><p>The objectives were:</p><ul><li>To validate and deepen information regarding land uses—such as charcoal production, farming, firewood harvesting, or reforestation—and events like wildfires or the altitudinal migration of oak forests that may have influenced vegetation distribution and composition.</li><li>To define and delimit the municipal pagos (traditional land divisions), both historical and current, based on previous cartography provided by the Cáñar Irrigation Community.</li></ul></div></div></div><div id="panel-gb1009466-6996d37b6dd1d-0-0-1" class="so-panel widget widget_sow-editor" data-index="1"><div class="so-widget-sow-editor so-widget-sow-editor-base"><h3 class="widget-title">Methodology</h3><div class="siteorigin-widget-tinymce textwidget"><p>The research began by selecting key informants to participate actively in interviews and mapping workshops. We prioritized elderly residents whose professions allowed them to recall the oldest possible data related to vegetation. This was done through an exploratory analysis alongside local groups: the town hall, the Guadalinfo center, the neighborhood association, and the irrigation community. Participants were evaluated based on their own and their parents' professions, the knowledge they could contribute, their communication skills, and their age.</p></div></div></div>								</div>
				</div>
				<div class="elementor-element elementor-element-9b83ab6 elementor-widget elementor-widget-image" data-id="9b83ab6" data-element_type="widget" data-e-type="widget" data-widget_type="image.default">
				<div class="elementor-widget-container">
												<figure class="wp-caption">
										<img fetchpriority="high" decoding="async" width="800" height="355" src="https://obsnev.es/wp-content/uploads/2020/04/CartografiaParticipativa_Participante.jpg" class="attachment-large size-large wp-image-1009440" alt="" srcset="https://obsnev.es/wp-content/uploads/2020/04/CartografiaParticipativa_Participante.jpg 992w, https://obsnev.es/wp-content/uploads/2020/04/CartografiaParticipativa_Participante-300x133.jpg 300w, https://obsnev.es/wp-content/uploads/2020/04/CartografiaParticipativa_Participante-768x341.jpg 768w, https://obsnev.es/wp-content/uploads/2020/04/CartografiaParticipativa_Participante-18x8.jpg 18w" sizes="(max-width: 800px) 100vw, 800px" />											<figcaption class="widget-image-caption wp-caption-text">Workshop participant providing information about the oak forest.</figcaption>
										</figure>
									</div>
				</div>
				<div class="elementor-element elementor-element-81f1882 elementor-widget elementor-widget-text-editor" data-id="81f1882" data-element_type="widget" data-e-type="widget" data-widget_type="text-editor.default">
				<div class="elementor-widget-container">
									<div id="panel-gb1009466-6996d37b6dd1d-0-0-0" class="so-panel widget widget_sow-editor panel-first-child" data-index="0"><div class="so-widget-sow-editor so-widget-sow-editor-base"><div class="siteorigin-widget-tinymce textwidget"><div id="panel-gb1009466-6996d37b6dd1d-0-0-1" class="so-panel widget widget_sow-editor" data-index="1"><div class="so-widget-sow-editor so-widget-sow-editor-base"><div class="siteorigin-widget-tinymce textwidget"><p>(Caption: Workshop participant providing information about the oak forest).
Graphic materials were used as the primary support for delimiting this information. This included panoramic photo montages of the areas of interest, three-dimensional (3D) orthophotos on digital elevation models, and dynamic 3D views via <a href="https://earth.google.es/">Google Earth</a>.</p><p class="translation-block">This <a href="https://www.youtube.com/watch?v=9qDG_HO66iY&amp;t=1s" target="_blank" rel="noopener">video report</a> shows highlights from the participatory mapping workshop.</p></div></div></div><div id="panel-gb1009466-6996d37b6dd1d-0-0-2" class="so-panel widget widget_sow-editor" data-index="2"><div class="celda_youtube panel-widget-style panel-widget-style-for-gb1009466-6996d37b6dd1d-0-0-2"><div class="so-widget-sow-editor so-widget-sow-editor-base"><div class="siteorigin-widget-tinymce textwidget"> </div></div></div></div></div></div></div>								</div>
				</div>
				<div class="elementor-element elementor-element-e279510 elementor-widget elementor-widget-video" data-id="e279510" data-element_type="widget" data-e-type="widget" data-settings="{&quot;youtube_url&quot;:&quot;https:\/\/youtu.be\/OG1GPvgdOcs&quot;,&quot;video_type&quot;:&quot;youtube&quot;,&quot;controls&quot;:&quot;yes&quot;}" data-widget_type="video.default">
				<div class="elementor-widget-container">
							<div class="elementor-wrapper elementor-open-inline">
			<div class="elementor-video"></div>		</div>
						</div>
				</div>
				<div class="elementor-element elementor-element-a65f740 elementor-widget elementor-widget-text-editor" data-id="a65f740" data-element_type="widget" data-e-type="widget" data-widget_type="text-editor.default">
				<div class="elementor-widget-container">
									<div id="panel-gb1009466-6996d37b6dd1d-0-0-0" class="so-panel widget widget_sow-editor panel-first-child" data-index="0"><div class="so-widget-sow-editor so-widget-sow-editor-base"><div class="siteorigin-widget-tinymce textwidget"><div id="panel-gb1009466-6996d37b6dd1d-0-0-1" class="so-panel widget widget_sow-editor" data-index="1"><div class="so-widget-sow-editor so-widget-sow-editor-base"><div class="siteorigin-widget-tinymce textwidget"><h3 class="widget-title">Results</h3><div class="siteorigin-widget-tinymce textwidget"><p>The main results included the geographic delimitation of several land uses and events affecting vegetation:</p><ul><li><a href="https://obsnev.es/en/cartografia-participativa-y-pagos-del-tm-canar/CartografiaParticipativa_Carboneo/" target="_blank" rel="noopener">Charcoal production (carboneo)</a></li><li><a href="https://obsnev.es/en/cartografia-participativa-y-pagos-del-tm-canar/CartografiaParticipativa_CultivosRioChico/" target="_blank" rel="noopener">Crops and farming</a></li><li><a href="https://obsnev.es/en/cartografia-participativa-y-pagos-del-tm-canar/CartografiaParticipativa_UsosLena/" target="_blank" rel="noopener">Firewood harvesting</a></li><li><a href="https://obsnev.es/en/cartografia-participativa-y-pagos-del-tm-canar/CartografiaParticipativa_RepoblacionesPinar_RioChico/" target="_blank" rel="noopener">Reforestation</a></li><li><a href="https://obsnev.es/en/cartografia-participativa-y-pagos-del-tm-canar/CartografiaParticipativa_Incendios/" target="_blank" rel="noopener">Wildfires</a></li><li><a href="https://obsnev.es/en/cartografia-participativa-y-pagos-del-tm-canar/CartografiaParticipativa_RayaDelRoble/" target="_blank" rel="noopener">Altitudinal migration of the oak forest (the rising of the "oak line")</a></li></ul><p>Another key outcome was the mapping of Cáñar’s pagos, recovering some that date back to 1750. Using the Irrigation Community's maps as a base, we added the land divisions remembered by participants, noting their names and mapping their boundaries.</p><p>The results of this work can be consulted in the following map. Click on the different pagos to view the associated information.</p></div></div></div></div></div></div></div>								</div>
				</div>
		<div class="elementor-element elementor-element-dedb9e3 e-con-full e-flex e-con e-child" data-id="dedb9e3" data-element_type="container" data-e-type="container">
				<div class="elementor-element elementor-element-8211716 elementor-widget elementor-widget-html" data-id="8211716" data-element_type="widget" data-e-type="widget" data-widget_type="html.default">
				<div class="elementor-widget-container">
					<iframe height="600" src="/leaflet2/pagos_canar/"></iframe>				</div>
				</div>
				</div>
				<div class="elementor-element elementor-element-ec8d95a elementor-widget elementor-widget-spacer" data-id="ec8d95a" data-element_type="widget" data-e-type="widget" data-widget_type="spacer.default">
				<div class="elementor-widget-container">
							<div class="elementor-spacer">
			<div class="elementor-spacer-inner"></div>
		</div>
						</div>
				</div>
					</div>
				</div>
				</div>

<p>En el acervo popular de cada lugar existe una extensa cantidad de información que nos ayuda a entender y reconstruir el estado de la vegetación en el pasado, así como los usos que se llevaron a cabo en el territorio. Se han realizado una serie de talleres de cartografía participativa en el término municipal de [&hellip;]</p>
