{"id":1011994,"date":"2026-02-26T12:51:26","date_gmt":"2026-02-26T11:51:26","guid":{"rendered":"https:\/\/new.obsnev.es\/?post_type=protocolos&#038;p=1011994"},"modified":"2026-02-27T09:36:42","modified_gmt":"2026-02-27T08:36:42","slug":"cartografia-historica-de-la-vegetacion-mediante-ortofotos","status":"publish","type":"protocolos","link":"https:\/\/obsnev.es\/en\/protocolos\/cartografia-historica-de-la-vegetacion-mediante-ortofotos\/","title":{"rendered":"Historical mapping of vegetation using orthophotos"},"content":{"rendered":"<div data-elementor-type=\"wp-post\" data-elementor-id=\"1011994\" class=\"elementor elementor-1011994\" data-elementor-post-type=\"protocolos\">\n\t\t\t\t<div class=\"elementor-element elementor-element-63787e3 e-flex e-con-boxed e-con e-parent\" data-id=\"63787e3\" data-element_type=\"container\" data-e-type=\"container\">\n\t\t\t\t\t<div class=\"e-con-inner\">\n\t\t\t\t<div class=\"elementor-element elementor-element-4db42ea elementor-widget elementor-widget-text-editor\" data-id=\"4db42ea\" data-element_type=\"widget\" data-e-type=\"widget\" data-widget_type=\"text-editor.default\">\n\t\t\t\t<div class=\"elementor-widget-container\">\n\t\t\t\t\t\t\t\t\t<div id=\"panel-gb4326-69a033732152e-0-0-0\" class=\"so-panel widget widget_sow-editor panel-first-child\" data-index=\"0\"><div class=\"fila_ficha panel-widget-style panel-widget-style-for-gb4326-69a033732152e-0-0-0\"><div class=\"so-widget-sow-editor so-widget-sow-editor-base\"><h3 class=\"widget-title\">Aims<\/h3><div class=\"siteorigin-widget-tinymce textwidget\"><p>With the aim of studying land-use-change patterns of plant covers, information is being compiled on the past vegetation of Sierra Nevada through old aerial photographs (1956). This enables identify singular areas with ecological processes of special interest in the global-change study.<\/p><\/div><\/div><\/div><\/div><div id=\"panel-gb4326-69a033732152e-0-0-1\" class=\"so-panel widget widget_sow-editor\" data-index=\"1\"><div class=\"fila_ficha panel-widget-style panel-widget-style-for-gb4326-69a033732152e-0-0-1\"><div class=\"so-widget-sow-editor so-widget-sow-editor-base\"><h3 class=\"widget-title\">Method and effort<\/h3><div class=\"siteorigin-widget-tinymce textwidget\"><p>This consists of reinterpreting the most current version of the vegetation map at 1:10,000 over the orthophotography of 1956, reviewing geometry and attributes. With the use of the appropriate GIS edition tools, more than 35,000 polygons are reviewed. All the information generated is combined into a normalized geographic database to be made compatible with other data models (SIOSE and REDIAM). This map makes it possible: to perform diachronic analyses of the plant cover and land uses, as well as to detect ecological processes such as elevational migrations, colonization of degraded habitats, etc.<\/p><\/div><\/div><\/div><\/div>\t\t\t\t\t\t\t\t<\/div>\n\t\t\t\t<\/div>\n\t\t\t\t<div class=\"elementor-element elementor-element-e2fa565 elementor-widget elementor-widget-image\" data-id=\"e2fa565\" data-element_type=\"widget\" data-e-type=\"widget\" data-widget_type=\"image.default\">\n\t\t\t\t<div class=\"elementor-widget-container\">\n\t\t\t\t\t\t\t\t\t\t\t\t\t\t\t<img fetchpriority=\"high\" decoding=\"async\" width=\"992\" height=\"288\" src=\"https:\/\/obsnev.es\/wp-content\/uploads\/2019\/09\/Figura_1_1_1-1_ES.png\" class=\"attachment-2048x2048 size-2048x2048 wp-image-4327\" alt=\"\" srcset=\"https:\/\/obsnev.es\/wp-content\/uploads\/2019\/09\/Figura_1_1_1-1_ES.png 992w, https:\/\/obsnev.es\/wp-content\/uploads\/2019\/09\/Figura_1_1_1-1_ES-300x87.png 300w, https:\/\/obsnev.es\/wp-content\/uploads\/2019\/09\/Figura_1_1_1-1_ES-768x223.png 768w, https:\/\/obsnev.es\/wp-content\/uploads\/2019\/09\/Figura_1_1_1-1_ES-18x5.png 18w\" sizes=\"(max-width: 992px) 100vw, 992px\" \/>\t\t\t\t\t\t\t\t\t\t\t\t\t\t\t<\/div>\n\t\t\t\t<\/div>\n\t\t\t\t<div class=\"elementor-element elementor-element-07a90e4 elementor-widget elementor-widget-image\" data-id=\"07a90e4\" data-element_type=\"widget\" data-e-type=\"widget\" data-widget_type=\"image.default\">\n\t\t\t\t<div class=\"elementor-widget-container\">\n\t\t\t\t\t\t\t\t\t\t\t\t\t\t\t<img decoding=\"async\" width=\"992\" height=\"664\" src=\"https:\/\/obsnev.es\/wp-content\/uploads\/2019\/10\/Figura_1_1_1-2_ES-.png\" class=\"attachment-2048x2048 size-2048x2048 wp-image-4875\" alt=\"\" srcset=\"https:\/\/obsnev.es\/wp-content\/uploads\/2019\/10\/Figura_1_1_1-2_ES-.png 992w, https:\/\/obsnev.es\/wp-content\/uploads\/2019\/10\/Figura_1_1_1-2_ES--300x201.png 300w, https:\/\/obsnev.es\/wp-content\/uploads\/2019\/10\/Figura_1_1_1-2_ES--768x514.png 768w, https:\/\/obsnev.es\/wp-content\/uploads\/2019\/10\/Figura_1_1_1-2_ES--18x12.png 18w\" sizes=\"(max-width: 992px) 100vw, 992px\" \/>\t\t\t\t\t\t\t\t\t\t\t\t\t\t\t<\/div>\n\t\t\t\t<\/div>\n\t\t\t\t<div class=\"elementor-element elementor-element-95f591f elementor-widget elementor-widget-text-editor\" data-id=\"95f591f\" data-element_type=\"widget\" data-e-type=\"widget\" data-widget_type=\"text-editor.default\">\n\t\t\t\t<div class=\"elementor-widget-container\">\n\t\t\t\t\t\t\t\t\t<div id=\"panel-gb4326-69a033732152e-0-0-0\" class=\"so-panel widget widget_sow-editor panel-first-child\" data-index=\"0\"><div class=\"fila_ficha panel-widget-style panel-widget-style-for-gb4326-69a033732152e-0-0-0\"><div class=\"so-widget-sow-editor so-widget-sow-editor-base\"><div id=\"panel-gb4326-69a033732152e-0-0-2\" class=\"so-panel widget widget_sow-editor\" data-index=\"2\"><div class=\"fila_ficha panel-widget-style panel-widget-style-for-gb4326-69a033732152e-0-0-2\"><div class=\"so-widget-sow-editor so-widget-sow-editor-base\"><h3 class=\"widget-title\">Periodicity<\/h3><div class=\"siteorigin-widget-tinymce textwidget\"><p>At present, there are photos of Sierra Nevada of sufficient quality for the dates: 1956, 1977, 1984, 1998, 2001, 2004, 2007, and 2009.<\/p><\/div><\/div><\/div><\/div><div id=\"panel-gb4326-69a033732152e-0-0-3\" class=\"so-panel widget widget_sow-editor panel-last-child\" data-index=\"3\"><div class=\"fila_ficha panel-widget-style panel-widget-style-for-gb4326-69a033732152e-0-0-3\"><div class=\"so-widget-sow-editor so-widget-sow-editor-base\"><h3 class=\"widget-title\">References<\/h3><div class=\"siteorigin-widget-tinymce textwidget\"><p>Consejer\u00eda de Medio Ambiente 2007. Gu\u00eda t\u00e9cnica del Mapa de Usos y Coberturas Vegetales del Suelo de Andaluc\u00eda 1:25.000. Red de Informaci\u00f3n Ambiental, Junta de Andaluc\u00eda. 250 pp.<br \/>Molero Mesa, J., P\u00e9rez Raya, F., L\u00f3pez Nieto, J.M., El Aallali, A. y Hita Fern\u00e1ndez, J.A. 2001. Cartograf\u00eda y evaluaci\u00f3n de la vegetaci\u00f3n del Parque Natural de Sierra Nevada. Consejer\u00eda de Medio Ambiente. 230 pp.<br \/>Navarro Gonz\u00e1lez, I. y Bonet Garc\u00eda, F.J. 2009. Caracterizaci\u00f3n de la evoluci\u00f3n hist\u00f3rica de la cubierta vegetal y los usos del suelo de Sierra Nevada en un contexto de cambio global. En: IX Congreso Nacional de la Asociaci\u00f3n Espa\u00f1ola de Ecolog\u00eda Terrestre: La dimensi\u00f3n ecol\u00f3gica del desarrollo sostenible: Ecolog\u00eda, del conocimiento a la aplicaci\u00f3n. \u00dabeda, 18-22 Octubre 2009.<\/p><\/div><\/div><\/div><\/div><\/div><\/div><\/div>\t\t\t\t\t\t\t\t<\/div>\n\t\t\t\t<\/div>\n\t\t\t\t\t<\/div>\n\t\t\t\t<\/div>\n\t\t\t\t<\/div>","protected":false},"featured_media":1012106,"template":"","meta":{"_acf_changed":false},"ambito-tematico":[345],"class_list":["post-1011994","protocolos","type-protocolos","status-publish","has-post-thumbnail","hentry","ambito-tematico-reconstruccion-del-pasado"],"acf":[],"aioseo_notices":[],"_links":{"self":[{"href":"https:\/\/obsnev.es\/en\/wp-json\/wp\/v2\/protocolos\/1011994","targetHints":{"allow":["GET"]}}],"collection":[{"href":"https:\/\/obsnev.es\/en\/wp-json\/wp\/v2\/protocolos"}],"about":[{"href":"https:\/\/obsnev.es\/en\/wp-json\/wp\/v2\/types\/protocolos"}],"version-history":[{"count":4,"href":"https:\/\/obsnev.es\/en\/wp-json\/wp\/v2\/protocolos\/1011994\/revisions"}],"predecessor-version":[{"id":1012076,"href":"https:\/\/obsnev.es\/en\/wp-json\/wp\/v2\/protocolos\/1011994\/revisions\/1012076"}],"wp:featuredmedia":[{"embeddable":true,"href":"https:\/\/obsnev.es\/en\/wp-json\/wp\/v2\/media\/1012106"}],"wp:attachment":[{"href":"https:\/\/obsnev.es\/en\/wp-json\/wp\/v2\/media?parent=1011994"}],"wp:term":[{"taxonomy":"ambito-tematico","embeddable":true,"href":"https:\/\/obsnev.es\/en\/wp-json\/wp\/v2\/ambito-tematico?post=1011994"}],"curies":[{"name":"wp","href":"https:\/\/api.w.org\/{rel}","templated":true}]}}

<div data-elementor-type="wp-post" data-elementor-id="1011994" class="elementor elementor-1011994" data-elementor-post-type="protocolos">
				<div class="elementor-element elementor-element-63787e3 e-flex e-con-boxed e-con e-parent" data-id="63787e3" data-element_type="container" data-e-type="container">
					<div class="e-con-inner">
				<div class="elementor-element elementor-element-4db42ea elementor-widget elementor-widget-text-editor" data-id="4db42ea" data-element_type="widget" data-e-type="widget" data-widget_type="text-editor.default">
				<div class="elementor-widget-container">
									<div id="panel-gb4326-69a033732152e-0-0-0" class="so-panel widget widget_sow-editor panel-first-child" data-index="0"><div class="fila_ficha panel-widget-style panel-widget-style-for-gb4326-69a033732152e-0-0-0"><div class="so-widget-sow-editor so-widget-sow-editor-base"><h3 class="widget-title">Aims</h3><div class="siteorigin-widget-tinymce textwidget"><p>With the aim of studying land-use-change patterns of plant covers, information is being compiled on the past vegetation of Sierra Nevada through old aerial photographs (1956). This enables identify singular areas with ecological processes of special interest in the global-change study.</p></div></div></div></div><div id="panel-gb4326-69a033732152e-0-0-1" class="so-panel widget widget_sow-editor" data-index="1"><div class="fila_ficha panel-widget-style panel-widget-style-for-gb4326-69a033732152e-0-0-1"><div class="so-widget-sow-editor so-widget-sow-editor-base"><h3 class="widget-title">Method and effort</h3><div class="siteorigin-widget-tinymce textwidget"><p>This consists of reinterpreting the most current version of the vegetation map at 1:10,000 over the orthophotography of 1956, reviewing geometry and attributes. With the use of the appropriate GIS edition tools, more than 35,000 polygons are reviewed. All the information generated is combined into a normalized geographic database to be made compatible with other data models (SIOSE and REDIAM). This map makes it possible: to perform diachronic analyses of the plant cover and land uses, as well as to detect ecological processes such as elevational migrations, colonization of degraded habitats, etc.</p></div></div></div></div>								</div>
				</div>
				<div class="elementor-element elementor-element-e2fa565 elementor-widget elementor-widget-image" data-id="e2fa565" data-element_type="widget" data-e-type="widget" data-widget_type="image.default">
				<div class="elementor-widget-container">
															<img fetchpriority="high" decoding="async" width="992" height="288" src="https://obsnev.es/wp-content/uploads/2019/09/Figura_1_1_1-1_ES.png" class="attachment-2048x2048 size-2048x2048 wp-image-4327" alt="" srcset="https://obsnev.es/wp-content/uploads/2019/09/Figura_1_1_1-1_ES.png 992w, https://obsnev.es/wp-content/uploads/2019/09/Figura_1_1_1-1_ES-300x87.png 300w, https://obsnev.es/wp-content/uploads/2019/09/Figura_1_1_1-1_ES-768x223.png 768w, https://obsnev.es/wp-content/uploads/2019/09/Figura_1_1_1-1_ES-18x5.png 18w" sizes="(max-width: 992px) 100vw, 992px" />															</div>
				</div>
				<div class="elementor-element elementor-element-07a90e4 elementor-widget elementor-widget-image" data-id="07a90e4" data-element_type="widget" data-e-type="widget" data-widget_type="image.default">
				<div class="elementor-widget-container">
															<img decoding="async" width="992" height="664" src="https://obsnev.es/wp-content/uploads/2019/10/Figura_1_1_1-2_ES-.png" class="attachment-2048x2048 size-2048x2048 wp-image-4875" alt="" srcset="https://obsnev.es/wp-content/uploads/2019/10/Figura_1_1_1-2_ES-.png 992w, https://obsnev.es/wp-content/uploads/2019/10/Figura_1_1_1-2_ES--300x201.png 300w, https://obsnev.es/wp-content/uploads/2019/10/Figura_1_1_1-2_ES--768x514.png 768w, https://obsnev.es/wp-content/uploads/2019/10/Figura_1_1_1-2_ES--18x12.png 18w" sizes="(max-width: 992px) 100vw, 992px" />															</div>
				</div>
				<div class="elementor-element elementor-element-95f591f elementor-widget elementor-widget-text-editor" data-id="95f591f" data-element_type="widget" data-e-type="widget" data-widget_type="text-editor.default">
				<div class="elementor-widget-container">
									<div id="panel-gb4326-69a033732152e-0-0-0" class="so-panel widget widget_sow-editor panel-first-child" data-index="0"><div class="fila_ficha panel-widget-style panel-widget-style-for-gb4326-69a033732152e-0-0-0"><div class="so-widget-sow-editor so-widget-sow-editor-base"><div id="panel-gb4326-69a033732152e-0-0-2" class="so-panel widget widget_sow-editor" data-index="2"><div class="fila_ficha panel-widget-style panel-widget-style-for-gb4326-69a033732152e-0-0-2"><div class="so-widget-sow-editor so-widget-sow-editor-base"><h3 class="widget-title">Periodicity</h3><div class="siteorigin-widget-tinymce textwidget"><p>At present, there are photos of Sierra Nevada of sufficient quality for the dates: 1956, 1977, 1984, 1998, 2001, 2004, 2007, and 2009.</p></div></div></div></div><div id="panel-gb4326-69a033732152e-0-0-3" class="so-panel widget widget_sow-editor panel-last-child" data-index="3"><div class="fila_ficha panel-widget-style panel-widget-style-for-gb4326-69a033732152e-0-0-3"><div class="so-widget-sow-editor so-widget-sow-editor-base"><h3 class="widget-title">References</h3><div class="siteorigin-widget-tinymce textwidget"><p>Consejería de Medio Ambiente 2007. Guía técnica del Mapa de Usos y Coberturas Vegetales del Suelo de Andalucía 1:25.000. Red de Información Ambiental, Junta de Andalucía. 250 pp.<br />Molero Mesa, J., Pérez Raya, F., López Nieto, J.M., El Aallali, A. y Hita Fernández, J.A. 2001. Cartografía y evaluación de la vegetación del Parque Natural de Sierra Nevada. Consejería de Medio Ambiente. 230 pp.<br />Navarro González, I. y Bonet García, F.J. 2009. Caracterización de la evolución histórica de la cubierta vegetal y los usos del suelo de Sierra Nevada en un contexto de cambio global. En: IX Congreso Nacional de la Asociación Española de Ecología Terrestre: La dimensión ecológica del desarrollo sostenible: Ecología, del conocimiento a la aplicación. Úbeda, 18-22 Octubre 2009.</p></div></div></div></div></div></div></div>								</div>
				</div>
					</div>
				</div>
				</div>
