{"id":1012018,"date":"2026-02-26T13:19:09","date_gmt":"2026-02-26T12:19:09","guid":{"rendered":"https:\/\/new.obsnev.es\/?post_type=protocolos&#038;p=1012018"},"modified":"2026-02-27T09:40:51","modified_gmt":"2026-02-27T08:40:51","slug":"analisis-retrospectivo-de-la-gestion-forestal","status":"publish","type":"protocolos","link":"https:\/\/obsnev.es\/en\/protocolos\/analisis-retrospectivo-de-la-gestion-forestal\/","title":{"rendered":"Retrospective analysis of forest management"},"content":{"rendered":"<div data-elementor-type=\"wp-post\" data-elementor-id=\"1012018\" class=\"elementor elementor-1012018\" data-elementor-post-type=\"protocolos\">\n\t\t\t\t<div class=\"elementor-element elementor-element-63787e3 e-flex e-con-boxed e-con e-parent\" data-id=\"63787e3\" data-element_type=\"container\" data-e-type=\"container\">\n\t\t\t\t\t<div class=\"e-con-inner\">\n\t\t\t\t<div class=\"elementor-element elementor-element-4db42ea elementor-widget elementor-widget-text-editor\" data-id=\"4db42ea\" data-element_type=\"widget\" data-e-type=\"widget\" data-widget_type=\"text-editor.default\">\n\t\t\t\t<div class=\"elementor-widget-container\">\n\t\t\t\t\t\t\t\t\t<div id=\"panel-gb4326-69a033732152e-0-0-0\" class=\"so-panel widget widget_sow-editor panel-first-child\" data-index=\"0\"><div class=\"fila_ficha panel-widget-style panel-widget-style-for-gb4326-69a033732152e-0-0-0\"><div class=\"so-widget-sow-editor so-widget-sow-editor-base\"><h3 class=\"widget-title\">Aims<\/h3><div class=\"siteorigin-widget-tinymce textwidget\"><p>The main aim is to review some of the most representative forest-management actions conducted in Sierra Nevada in the last decade, seeding to identify the effects of these actions on the state of the ecosystems before and after the works were executed.<\/p><\/div><\/div><\/div><\/div>\t\t\t\t\t\t\t\t<\/div>\n\t\t\t\t<\/div>\n\t\t\t\t<div class=\"elementor-element elementor-element-07a90e4 elementor-widget elementor-widget-image\" data-id=\"07a90e4\" data-element_type=\"widget\" data-e-type=\"widget\" data-widget_type=\"image.default\">\n\t\t\t\t<div class=\"elementor-widget-container\">\n\t\t\t\t\t\t\t\t\t\t\t\t\t\t\t<img fetchpriority=\"high\" decoding=\"async\" width=\"609\" height=\"592\" src=\"https:\/\/obsnev.es\/wp-content\/uploads\/2019\/09\/Figura_1_1_4-1_ES.png\" class=\"attachment-2048x2048 size-2048x2048 wp-image-4379\" alt=\"\" srcset=\"https:\/\/obsnev.es\/wp-content\/uploads\/2019\/09\/Figura_1_1_4-1_ES.png 609w, https:\/\/obsnev.es\/wp-content\/uploads\/2019\/09\/Figura_1_1_4-1_ES-300x292.png 300w, https:\/\/obsnev.es\/wp-content\/uploads\/2019\/09\/Figura_1_1_4-1_ES-12x12.png 12w\" sizes=\"(max-width: 609px) 100vw, 609px\" \/>\t\t\t\t\t\t\t\t\t\t\t\t\t\t\t<\/div>\n\t\t\t\t<\/div>\n\t\t\t\t<div class=\"elementor-element elementor-element-95f591f elementor-widget elementor-widget-text-editor\" data-id=\"95f591f\" data-element_type=\"widget\" data-e-type=\"widget\" data-widget_type=\"text-editor.default\">\n\t\t\t\t<div class=\"elementor-widget-container\">\n\t\t\t\t\t\t\t\t\t<div id=\"panel-gb4326-69a033732152e-0-0-0\" class=\"so-panel widget widget_sow-editor panel-first-child\" data-index=\"0\"><div class=\"fila_ficha panel-widget-style panel-widget-style-for-gb4326-69a033732152e-0-0-0\"><div class=\"so-widget-sow-editor so-widget-sow-editor-base\"><div id=\"panel-gb4326-69a033732152e-0-0-2\" class=\"so-panel widget widget_sow-editor\" data-index=\"2\"><div class=\"fila_ficha panel-widget-style panel-widget-style-for-gb4326-69a033732152e-0-0-2\"><div class=\"so-widget-sow-editor so-widget-sow-editor-base\"><h3 class=\"widget-title\">Method and effort<\/h3><div class=\"siteorigin-widget-tinymce textwidget\"><p>Methodology steps:<\/p><ol><li>Compiling and locating the area of all the actions to be undertaken on the forest stands of the Sierra Nevada National and Natural Parks from 1999. All these actions are digitalized and included in a geographic database.<\/li><li>Compiling of information that enables the description of the state of the forest stands at different points in time during the study.<\/li><li>Selection of pilot areas for the retrospective analysis of the time course of the stand monitored under the management applied. In these, a complete forest inventory (dasometric, epidometric and floristic) is made to evaluate the development of the stand over the time period monitored. A study is made not only of structure but also function.<\/li><\/ol><\/div><\/div><\/div><\/div><\/div><\/div><\/div>\t\t\t\t\t\t\t\t<\/div>\n\t\t\t\t<\/div>\n\t\t\t\t<div class=\"elementor-element elementor-element-e2fa565 elementor-widget elementor-widget-image\" data-id=\"e2fa565\" data-element_type=\"widget\" data-e-type=\"widget\" data-widget_type=\"image.default\">\n\t\t\t\t<div class=\"elementor-widget-container\">\n\t\t\t\t\t\t\t\t\t\t\t\t\t\t\t<img decoding=\"async\" width=\"992\" height=\"507\" src=\"https:\/\/obsnev.es\/wp-content\/uploads\/2019\/09\/Figura_1_1_4-2_ES.png\" class=\"attachment-2048x2048 size-2048x2048 wp-image-4380\" alt=\"\" srcset=\"https:\/\/obsnev.es\/wp-content\/uploads\/2019\/09\/Figura_1_1_4-2_ES.png 992w, https:\/\/obsnev.es\/wp-content\/uploads\/2019\/09\/Figura_1_1_4-2_ES-300x153.png 300w, https:\/\/obsnev.es\/wp-content\/uploads\/2019\/09\/Figura_1_1_4-2_ES-768x393.png 768w, https:\/\/obsnev.es\/wp-content\/uploads\/2019\/09\/Figura_1_1_4-2_ES-18x9.png 18w\" sizes=\"(max-width: 992px) 100vw, 992px\" \/>\t\t\t\t\t\t\t\t\t\t\t\t\t\t\t<\/div>\n\t\t\t\t<\/div>\n\t\t\t\t<div class=\"elementor-element elementor-element-e00d27f elementor-widget elementor-widget-text-editor\" data-id=\"e00d27f\" data-element_type=\"widget\" data-e-type=\"widget\" data-widget_type=\"text-editor.default\">\n\t\t\t\t<div class=\"elementor-widget-container\">\n\t\t\t\t\t\t\t\t\t<div id=\"panel-gb4326-69a033732152e-0-0-0\" class=\"so-panel widget widget_sow-editor panel-first-child\" data-index=\"0\"><div class=\"fila_ficha panel-widget-style panel-widget-style-for-gb4326-69a033732152e-0-0-0\"><div class=\"so-widget-sow-editor so-widget-sow-editor-base\"><div id=\"panel-gb4326-69a033732152e-0-0-2\" class=\"so-panel widget widget_sow-editor\" data-index=\"2\"><div class=\"fila_ficha panel-widget-style panel-widget-style-for-gb4326-69a033732152e-0-0-2\"><div class=\"so-widget-sow-editor so-widget-sow-editor-base\"><div id=\"panel-gb4376-69a03387b6fce-0-0-2\" class=\"so-panel widget widget_sow-editor\" data-index=\"2\"><div class=\"so-widget-sow-editor so-widget-sow-editor-base\"><h3 class=\"widget-title\">Periodicity<\/h3><div class=\"siteorigin-widget-tinymce textwidget\"><p>Both the compiling of the information as well as the data gathering in the field are undertaken only once per area.<\/p><\/div><\/div><\/div><div id=\"panel-gb4376-69a03387b6fce-0-0-3\" class=\"so-panel widget widget_sow-editor\" data-index=\"3\"><div class=\"so-widget-sow-editor so-widget-sow-editor-base\"><h3 class=\"widget-title\">Results<\/h3><div class=\"siteorigin-widget-tinymce textwidget\"><p>Download PDF:\u00a0<a href=\"https:\/\/obsnev.es\/wp-content\/uploads\/2019\/12\/114_Gestion_Forestal_RESULTADOS.pdf\" target=\"_blank\" rel=\"noopener\">Espa\u00f1ol<\/a>\u00a0\/\u00a0<a href=\"https:\/\/obsnev.es\/wp-content\/uploads\/2019\/12\/114_Gestion_Forestal_RESULTS.pdf\" target=\"_blank\" rel=\"noopener\">English<\/a><\/p><\/div><\/div><\/div><div id=\"panel-gb4376-69a03387b6fce-0-0-4\" class=\"so-panel widget widget_sow-editor panel-last-child\" data-index=\"4\"><div class=\"so-widget-sow-editor so-widget-sow-editor-base\"><h3 class=\"widget-title\">References<\/h3><div class=\"siteorigin-widget-tinymce textwidget\"><p>Arias Abell\u00e1n, J. 1981. La repoblaci\u00f3n forestal en la vertiente norte de Sierra Nevada. Cuadernos Geogr\u00e1ficos de la Universidad de Granada, 11: 283-306.<br \/>Bonet Garc\u00eda, F. J., Villegas S\u00e1nchez, I., Navarro, J. y Zamora Rodr\u00edguez, R. 2009. Breve historia de la gesti\u00f3n de los pinares de repoblaci\u00f3n en Sierra Nevada. Una aproximaci\u00f3n desde la ecolog\u00eda de la regeneraci\u00f3n. En: S.E.C.F.-Junta de Castilla-Le\u00f3n (eds.), Actas 5\u00ba Congreso Forestal Espa\u00f1ol. CD-Rom. Sociedad Espa\u00f1ola de Ciencias Forestales. \u00c1vila.<br \/>Cano, L., Castillo A., De La Hoz, F. y Cabrera M. 1998. Ordenaci\u00f3n de nueve montes de la zona del Marquesado en el Parque Natural de Sierra Nevada, Granada. Cuad. Soc. Esp. Cienc. For., 6: 215-236.<\/p><\/div><\/div><\/div><\/div><\/div><\/div><\/div><\/div><\/div>\t\t\t\t\t\t\t\t<\/div>\n\t\t\t\t<\/div>\n\t\t\t\t\t<\/div>\n\t\t\t\t<\/div>\n\t\t\t\t<\/div>","protected":false},"featured_media":4380,"template":"","meta":{"_acf_changed":false},"ambito-tematico":[345],"class_list":["post-1012018","protocolos","type-protocolos","status-publish","has-post-thumbnail","hentry","ambito-tematico-reconstruccion-del-pasado"],"acf":[],"aioseo_notices":[],"_links":{"self":[{"href":"https:\/\/obsnev.es\/en\/wp-json\/wp\/v2\/protocolos\/1012018","targetHints":{"allow":["GET"]}}],"collection":[{"href":"https:\/\/obsnev.es\/en\/wp-json\/wp\/v2\/protocolos"}],"about":[{"href":"https:\/\/obsnev.es\/en\/wp-json\/wp\/v2\/types\/protocolos"}],"version-history":[{"count":5,"href":"https:\/\/obsnev.es\/en\/wp-json\/wp\/v2\/protocolos\/1012018\/revisions"}],"predecessor-version":[{"id":1012079,"href":"https:\/\/obsnev.es\/en\/wp-json\/wp\/v2\/protocolos\/1012018\/revisions\/1012079"}],"wp:featuredmedia":[{"embeddable":true,"href":"https:\/\/obsnev.es\/en\/wp-json\/wp\/v2\/media\/4380"}],"wp:attachment":[{"href":"https:\/\/obsnev.es\/en\/wp-json\/wp\/v2\/media?parent=1012018"}],"wp:term":[{"taxonomy":"ambito-tematico","embeddable":true,"href":"https:\/\/obsnev.es\/en\/wp-json\/wp\/v2\/ambito-tematico?post=1012018"}],"curies":[{"name":"wp","href":"https:\/\/api.w.org\/{rel}","templated":true}]}}

<div data-elementor-type="wp-post" data-elementor-id="1012018" class="elementor elementor-1012018" data-elementor-post-type="protocolos">
				<div class="elementor-element elementor-element-63787e3 e-flex e-con-boxed e-con e-parent" data-id="63787e3" data-element_type="container" data-e-type="container">
					<div class="e-con-inner">
				<div class="elementor-element elementor-element-4db42ea elementor-widget elementor-widget-text-editor" data-id="4db42ea" data-element_type="widget" data-e-type="widget" data-widget_type="text-editor.default">
				<div class="elementor-widget-container">
									<div id="panel-gb4326-69a033732152e-0-0-0" class="so-panel widget widget_sow-editor panel-first-child" data-index="0"><div class="fila_ficha panel-widget-style panel-widget-style-for-gb4326-69a033732152e-0-0-0"><div class="so-widget-sow-editor so-widget-sow-editor-base"><h3 class="widget-title">Aims</h3><div class="siteorigin-widget-tinymce textwidget"><p>The main aim is to review some of the most representative forest-management actions conducted in Sierra Nevada in the last decade, seeding to identify the effects of these actions on the state of the ecosystems before and after the works were executed.</p></div></div></div></div>								</div>
				</div>
				<div class="elementor-element elementor-element-07a90e4 elementor-widget elementor-widget-image" data-id="07a90e4" data-element_type="widget" data-e-type="widget" data-widget_type="image.default">
				<div class="elementor-widget-container">
															<img fetchpriority="high" decoding="async" width="609" height="592" src="https://obsnev.es/wp-content/uploads/2019/09/Figura_1_1_4-1_ES.png" class="attachment-2048x2048 size-2048x2048 wp-image-4379" alt="" srcset="https://obsnev.es/wp-content/uploads/2019/09/Figura_1_1_4-1_ES.png 609w, https://obsnev.es/wp-content/uploads/2019/09/Figura_1_1_4-1_ES-300x292.png 300w, https://obsnev.es/wp-content/uploads/2019/09/Figura_1_1_4-1_ES-12x12.png 12w" sizes="(max-width: 609px) 100vw, 609px" />															</div>
				</div>
				<div class="elementor-element elementor-element-95f591f elementor-widget elementor-widget-text-editor" data-id="95f591f" data-element_type="widget" data-e-type="widget" data-widget_type="text-editor.default">
				<div class="elementor-widget-container">
									<div id="panel-gb4326-69a033732152e-0-0-0" class="so-panel widget widget_sow-editor panel-first-child" data-index="0"><div class="fila_ficha panel-widget-style panel-widget-style-for-gb4326-69a033732152e-0-0-0"><div class="so-widget-sow-editor so-widget-sow-editor-base"><div id="panel-gb4326-69a033732152e-0-0-2" class="so-panel widget widget_sow-editor" data-index="2"><div class="fila_ficha panel-widget-style panel-widget-style-for-gb4326-69a033732152e-0-0-2"><div class="so-widget-sow-editor so-widget-sow-editor-base"><h3 class="widget-title">Method and effort</h3><div class="siteorigin-widget-tinymce textwidget"><p>Methodology steps:</p><ol><li>Compiling and locating the area of all the actions to be undertaken on the forest stands of the Sierra Nevada National and Natural Parks from 1999. All these actions are digitalized and included in a geographic database.</li><li>Compiling of information that enables the description of the state of the forest stands at different points in time during the study.</li><li>Selection of pilot areas for the retrospective analysis of the time course of the stand monitored under the management applied. In these, a complete forest inventory (dasometric, epidometric and floristic) is made to evaluate the development of the stand over the time period monitored. A study is made not only of structure but also function.</li></ol></div></div></div></div></div></div></div>								</div>
				</div>
				<div class="elementor-element elementor-element-e2fa565 elementor-widget elementor-widget-image" data-id="e2fa565" data-element_type="widget" data-e-type="widget" data-widget_type="image.default">
				<div class="elementor-widget-container">
															<img decoding="async" width="992" height="507" src="https://obsnev.es/wp-content/uploads/2019/09/Figura_1_1_4-2_ES.png" class="attachment-2048x2048 size-2048x2048 wp-image-4380" alt="" srcset="https://obsnev.es/wp-content/uploads/2019/09/Figura_1_1_4-2_ES.png 992w, https://obsnev.es/wp-content/uploads/2019/09/Figura_1_1_4-2_ES-300x153.png 300w, https://obsnev.es/wp-content/uploads/2019/09/Figura_1_1_4-2_ES-768x393.png 768w, https://obsnev.es/wp-content/uploads/2019/09/Figura_1_1_4-2_ES-18x9.png 18w" sizes="(max-width: 992px) 100vw, 992px" />															</div>
				</div>
				<div class="elementor-element elementor-element-e00d27f elementor-widget elementor-widget-text-editor" data-id="e00d27f" data-element_type="widget" data-e-type="widget" data-widget_type="text-editor.default">
				<div class="elementor-widget-container">
									<div id="panel-gb4326-69a033732152e-0-0-0" class="so-panel widget widget_sow-editor panel-first-child" data-index="0"><div class="fila_ficha panel-widget-style panel-widget-style-for-gb4326-69a033732152e-0-0-0"><div class="so-widget-sow-editor so-widget-sow-editor-base"><div id="panel-gb4326-69a033732152e-0-0-2" class="so-panel widget widget_sow-editor" data-index="2"><div class="fila_ficha panel-widget-style panel-widget-style-for-gb4326-69a033732152e-0-0-2"><div class="so-widget-sow-editor so-widget-sow-editor-base"><div id="panel-gb4376-69a03387b6fce-0-0-2" class="so-panel widget widget_sow-editor" data-index="2"><div class="so-widget-sow-editor so-widget-sow-editor-base"><h3 class="widget-title">Periodicity</h3><div class="siteorigin-widget-tinymce textwidget"><p>Both the compiling of the information as well as the data gathering in the field are undertaken only once per area.</p></div></div></div><div id="panel-gb4376-69a03387b6fce-0-0-3" class="so-panel widget widget_sow-editor" data-index="3"><div class="so-widget-sow-editor so-widget-sow-editor-base"><h3 class="widget-title">Results</h3><div class="siteorigin-widget-tinymce textwidget"><p>Download PDF: <a href="https://obsnev.es/wp-content/uploads/2019/12/114_Gestion_Forestal_RESULTADOS.pdf" target="_blank" rel="noopener">Español</a> / <a href="https://obsnev.es/wp-content/uploads/2019/12/114_Gestion_Forestal_RESULTS.pdf" target="_blank" rel="noopener">English</a></p></div></div></div><div id="panel-gb4376-69a03387b6fce-0-0-4" class="so-panel widget widget_sow-editor panel-last-child" data-index="4"><div class="so-widget-sow-editor so-widget-sow-editor-base"><h3 class="widget-title">References</h3><div class="siteorigin-widget-tinymce textwidget"><p>Arias Abellán, J. 1981. La repoblación forestal en la vertiente norte de Sierra Nevada. Cuadernos Geográficos de la Universidad de Granada, 11: 283-306.<br />Bonet García, F. J., Villegas Sánchez, I., Navarro, J. y Zamora Rodríguez, R. 2009. Breve historia de la gestión de los pinares de repoblación en Sierra Nevada. Una aproximación desde la ecología de la regeneración. En: S.E.C.F.-Junta de Castilla-León (eds.), Actas 5º Congreso Forestal Español. CD-Rom. Sociedad Española de Ciencias Forestales. Ávila.<br />Cano, L., Castillo A., De La Hoz, F. y Cabrera M. 1998. Ordenación de nueve montes de la zona del Marquesado en el Parque Natural de Sierra Nevada, Granada. Cuad. Soc. Esp. Cienc. For., 6: 215-236.</p></div></div></div></div></div></div></div></div></div>								</div>
				</div>
					</div>
				</div>
				</div>
