{"id":1012151,"date":"2026-03-04T09:54:04","date_gmt":"2026-03-04T08:54:04","guid":{"rendered":"https:\/\/new.obsnev.es\/?post_type=protocolos&#038;p=1012151"},"modified":"2026-03-04T10:40:30","modified_gmt":"2026-03-04T09:40:30","slug":"evaluacion-de-la-gestion-forestal-en-enebrales-y-sabinares","status":"publish","type":"protocolos","link":"https:\/\/obsnev.es\/en\/protocolos\/evaluacion-de-la-gestion-forestal-en-enebrales-y-sabinares\/","title":{"rendered":"Assessment of the forest management of common juniper (Juniperus communis) and Spanish juniper (Juniperus haemispherica)"},"content":{"rendered":"<div data-elementor-type=\"wp-post\" data-elementor-id=\"1012151\" class=\"elementor elementor-1012151\" data-elementor-post-type=\"protocolos\">\n\t\t\t\t<div class=\"elementor-element elementor-element-63787e3 e-flex e-con-boxed e-con e-parent\" data-id=\"63787e3\" data-element_type=\"container\" data-e-type=\"container\">\n\t\t\t\t\t<div class=\"e-con-inner\">\n\t\t\t\t<div class=\"elementor-element elementor-element-e2fa565 elementor-widget elementor-widget-image\" data-id=\"e2fa565\" data-element_type=\"widget\" data-e-type=\"widget\" data-widget_type=\"image.default\">\n\t\t\t\t<div class=\"elementor-widget-container\">\n\t\t\t\t\t\t\t\t\t\t\t\t\t\t\t<img fetchpriority=\"high\" decoding=\"async\" width=\"992\" height=\"578\" src=\"https:\/\/obsnev.es\/wp-content\/uploads\/2019\/10\/Figura_6_3-1_ES.png\" class=\"attachment-2048x2048 size-2048x2048 wp-image-4699\" alt=\"\" srcset=\"https:\/\/obsnev.es\/wp-content\/uploads\/2019\/10\/Figura_6_3-1_ES.png 992w, https:\/\/obsnev.es\/wp-content\/uploads\/2019\/10\/Figura_6_3-1_ES-300x175.png 300w, https:\/\/obsnev.es\/wp-content\/uploads\/2019\/10\/Figura_6_3-1_ES-768x447.png 768w, https:\/\/obsnev.es\/wp-content\/uploads\/2019\/10\/Figura_6_3-1_ES-18x10.png 18w\" sizes=\"(max-width: 992px) 100vw, 992px\" \/>\t\t\t\t\t\t\t\t\t\t\t\t\t\t\t<\/div>\n\t\t\t\t<\/div>\n\t\t\t\t<div class=\"elementor-element elementor-element-4db42ea elementor-widget elementor-widget-text-editor\" data-id=\"4db42ea\" data-element_type=\"widget\" data-e-type=\"widget\" data-widget_type=\"text-editor.default\">\n\t\t\t\t<div class=\"elementor-widget-container\">\n\t\t\t\t\t\t\t\t\t<div id=\"panel-gb4326-69a033732152e-0-0-0\" class=\"so-panel widget widget_sow-editor panel-first-child\" data-index=\"0\"><div class=\"fila_ficha panel-widget-style panel-widget-style-for-gb4326-69a033732152e-0-0-0\"><div class=\"so-widget-sow-editor so-widget-sow-editor-base\"><h3 class=\"widget-title\">Aims<\/h3><div class=\"siteorigin-widget-tinymce textwidget\"><p>The main aim is to gather information for future action to improve the common juniper and Spanish juniper populations based on the calculation of germination and survival rates at four different sites.<\/p><\/div><\/div><\/div><\/div>\t\t\t\t\t\t\t\t<\/div>\n\t\t\t\t<\/div>\n\t\t\t\t<div class=\"elementor-element elementor-element-c5ded99 elementor-widget elementor-widget-image\" data-id=\"c5ded99\" data-element_type=\"widget\" data-e-type=\"widget\" data-widget_type=\"image.default\">\n\t\t\t\t<div class=\"elementor-widget-container\">\n\t\t\t\t\t\t\t\t\t\t\t\t\t\t\t<img decoding=\"async\" width=\"992\" height=\"439\" src=\"https:\/\/obsnev.es\/wp-content\/uploads\/2019\/10\/Figura_6_3-2_ES.png\" class=\"attachment-2048x2048 size-2048x2048 wp-image-4695\" alt=\"\" srcset=\"https:\/\/obsnev.es\/wp-content\/uploads\/2019\/10\/Figura_6_3-2_ES.png 992w, https:\/\/obsnev.es\/wp-content\/uploads\/2019\/10\/Figura_6_3-2_ES-300x133.png 300w, https:\/\/obsnev.es\/wp-content\/uploads\/2019\/10\/Figura_6_3-2_ES-768x340.png 768w, https:\/\/obsnev.es\/wp-content\/uploads\/2019\/10\/Figura_6_3-2_ES-18x8.png 18w\" sizes=\"(max-width: 992px) 100vw, 992px\" \/>\t\t\t\t\t\t\t\t\t\t\t\t\t\t\t<\/div>\n\t\t\t\t<\/div>\n\t\t\t\t<div class=\"elementor-element elementor-element-95f591f elementor-widget elementor-widget-text-editor\" data-id=\"95f591f\" data-element_type=\"widget\" data-e-type=\"widget\" data-widget_type=\"text-editor.default\">\n\t\t\t\t<div class=\"elementor-widget-container\">\n\t\t\t\t\t\t\t\t\t<div id=\"panel-gb4326-69a033732152e-0-0-0\" class=\"so-panel widget widget_sow-editor panel-first-child\" data-index=\"0\"><div class=\"fila_ficha panel-widget-style panel-widget-style-for-gb4326-69a033732152e-0-0-0\"><div class=\"so-widget-sow-editor so-widget-sow-editor-base\"><div id=\"panel-gb4326-69a033732152e-0-0-2\" class=\"so-panel widget widget_sow-editor\" data-index=\"2\"><div class=\"fila_ficha panel-widget-style panel-widget-style-for-gb4326-69a033732152e-0-0-2\"><div class=\"so-widget-sow-editor so-widget-sow-editor-base\"><h3 class=\"widget-title\">Method and effort<\/h3><div class=\"siteorigin-widget-tinymce textwidget\"><p>For sowing and planting in woodlands, we exclude livestock by fencing and, for new individual plantings, we install individual protectors.<\/p><ul><li>For sowing, plots of 40 x 40 cm are used with 25 seeds per sowing unit. The different species, their relative proportion, and planting density vary in each zone according to the degree of development of the action units.<\/li><li>For the monitoring of the planting, in each core of each dispersion, a sample of 20 specimens per species and per exclusion technique are selected. Periodically the surviving individuals are recorded.<\/li><\/ul><\/div><\/div><\/div><\/div><\/div><\/div><\/div>\t\t\t\t\t\t\t\t<\/div>\n\t\t\t\t<\/div>\n\t\t\t\t<div class=\"elementor-element elementor-element-07a90e4 elementor-widget elementor-widget-image\" data-id=\"07a90e4\" data-element_type=\"widget\" data-e-type=\"widget\" data-widget_type=\"image.default\">\n\t\t\t\t<div class=\"elementor-widget-container\">\n\t\t\t\t\t\t\t\t\t\t\t\t\t\t\t<img decoding=\"async\" width=\"992\" height=\"695\" src=\"https:\/\/obsnev.es\/wp-content\/uploads\/2019\/10\/Figura_6_3-3_ES.png\" class=\"attachment-2048x2048 size-2048x2048 wp-image-4696\" alt=\"\" srcset=\"https:\/\/obsnev.es\/wp-content\/uploads\/2019\/10\/Figura_6_3-3_ES.png 992w, https:\/\/obsnev.es\/wp-content\/uploads\/2019\/10\/Figura_6_3-3_ES-300x210.png 300w, https:\/\/obsnev.es\/wp-content\/uploads\/2019\/10\/Figura_6_3-3_ES-768x538.png 768w, https:\/\/obsnev.es\/wp-content\/uploads\/2019\/10\/Figura_6_3-3_ES-18x12.png 18w\" sizes=\"(max-width: 992px) 100vw, 992px\" \/>\t\t\t\t\t\t\t\t\t\t\t\t\t\t\t<\/div>\n\t\t\t\t<\/div>\n\t\t\t\t<div class=\"elementor-element elementor-element-0f416af elementor-widget elementor-widget-text-editor\" data-id=\"0f416af\" data-element_type=\"widget\" data-e-type=\"widget\" data-widget_type=\"text-editor.default\">\n\t\t\t\t<div class=\"elementor-widget-container\">\n\t\t\t\t\t\t\t\t\t<div id=\"panel-gb4326-69a033732152e-0-0-0\" class=\"so-panel widget widget_sow-editor panel-first-child\" data-index=\"0\"><div class=\"fila_ficha panel-widget-style panel-widget-style-for-gb4326-69a033732152e-0-0-0\"><div class=\"so-widget-sow-editor so-widget-sow-editor-base\"><div id=\"panel-gb4326-69a033732152e-0-0-2\" class=\"so-panel widget widget_sow-editor\" data-index=\"2\"><div class=\"fila_ficha panel-widget-style panel-widget-style-for-gb4326-69a033732152e-0-0-2\"><div class=\"so-widget-sow-editor so-widget-sow-editor-base\"><div id=\"panel-gb4581-69a0338952d0b-0-0-2\" class=\"so-panel widget widget_sow-editor\" data-index=\"2\"><div class=\"so-widget-sow-editor so-widget-sow-editor-base\"><div id=\"panel-gb4694-69a7f215cb311-0-0-3\" class=\"so-panel widget widget_sow-editor\" data-index=\"3\"><div class=\"so-widget-sow-editor so-widget-sow-editor-base\"><h3 class=\"widget-title\">Periodicity<\/h3><div class=\"siteorigin-widget-tinymce textwidget\"><p>The survival of each sample was monitored twice yearly, once in spring and again in autumn.<\/p><\/div><\/div><\/div><div id=\"panel-gb4694-69a7f215cb311-0-0-4\" class=\"so-panel widget widget_sow-editor panel-last-child\" data-index=\"4\"><div class=\"so-widget-sow-editor so-widget-sow-editor-base\"><h3 class=\"widget-title\">References<\/h3><div class=\"siteorigin-widget-tinymce textwidget\"><p>Garc\u00eda, D., Zamora, R., H\u00f3dar, J. A. y G\u00f3mez, J. M. 1999. Age structure of Juniperus communis L. in the Iberian Peninsula: Conservation of remnant populations in Mediterranean mountains. Biol. Conserv., 87: 215-220.<br \/>Garc\u00eda, D. y Zamora, R. 2003. Persistence, multiple demographic strategies and conservation in long-lived Mediterranean plants. J. Veg. Sci., 14: 921-926.<br \/>Harris, J. A., Hobbs, R. J., Higgs, E. y Aronson, J. 2006.Ecological restoration and Global Climate Change. Restor. Ecol., 14(2): 170-176.<\/p><\/div><\/div><\/div><\/div><\/div><\/div><\/div><\/div><\/div><\/div><\/div>\t\t\t\t\t\t\t\t<\/div>\n\t\t\t\t<\/div>\n\t\t\t\t\t<\/div>\n\t\t\t\t<\/div>\n\t\t\t\t<\/div>","protected":false},"featured_media":4699,"template":"","meta":{"_acf_changed":false},"ambito-tematico":[350],"class_list":["post-1012151","protocolos","type-protocolos","status-publish","has-post-thumbnail","hentry","ambito-tematico-evaluacion-de-la-gestion"],"acf":[],"aioseo_notices":[],"_links":{"self":[{"href":"https:\/\/obsnev.es\/en\/wp-json\/wp\/v2\/protocolos\/1012151","targetHints":{"allow":["GET"]}}],"collection":[{"href":"https:\/\/obsnev.es\/en\/wp-json\/wp\/v2\/protocolos"}],"about":[{"href":"https:\/\/obsnev.es\/en\/wp-json\/wp\/v2\/types\/protocolos"}],"version-history":[{"count":5,"href":"https:\/\/obsnev.es\/en\/wp-json\/wp\/v2\/protocolos\/1012151\/revisions"}],"predecessor-version":[{"id":1012185,"href":"https:\/\/obsnev.es\/en\/wp-json\/wp\/v2\/protocolos\/1012151\/revisions\/1012185"}],"wp:featuredmedia":[{"embeddable":true,"href":"https:\/\/obsnev.es\/en\/wp-json\/wp\/v2\/media\/4699"}],"wp:attachment":[{"href":"https:\/\/obsnev.es\/en\/wp-json\/wp\/v2\/media?parent=1012151"}],"wp:term":[{"taxonomy":"ambito-tematico","embeddable":true,"href":"https:\/\/obsnev.es\/en\/wp-json\/wp\/v2\/ambito-tematico?post=1012151"}],"curies":[{"name":"wp","href":"https:\/\/api.w.org\/{rel}","templated":true}]}}

<div data-elementor-type="wp-post" data-elementor-id="1012151" class="elementor elementor-1012151" data-elementor-post-type="protocolos">
				<div class="elementor-element elementor-element-63787e3 e-flex e-con-boxed e-con e-parent" data-id="63787e3" data-element_type="container" data-e-type="container">
					<div class="e-con-inner">
				<div class="elementor-element elementor-element-e2fa565 elementor-widget elementor-widget-image" data-id="e2fa565" data-element_type="widget" data-e-type="widget" data-widget_type="image.default">
				<div class="elementor-widget-container">
															<img fetchpriority="high" decoding="async" width="992" height="578" src="https://obsnev.es/wp-content/uploads/2019/10/Figura_6_3-1_ES.png" class="attachment-2048x2048 size-2048x2048 wp-image-4699" alt="" srcset="https://obsnev.es/wp-content/uploads/2019/10/Figura_6_3-1_ES.png 992w, https://obsnev.es/wp-content/uploads/2019/10/Figura_6_3-1_ES-300x175.png 300w, https://obsnev.es/wp-content/uploads/2019/10/Figura_6_3-1_ES-768x447.png 768w, https://obsnev.es/wp-content/uploads/2019/10/Figura_6_3-1_ES-18x10.png 18w" sizes="(max-width: 992px) 100vw, 992px" />															</div>
				</div>
				<div class="elementor-element elementor-element-4db42ea elementor-widget elementor-widget-text-editor" data-id="4db42ea" data-element_type="widget" data-e-type="widget" data-widget_type="text-editor.default">
				<div class="elementor-widget-container">
									<div id="panel-gb4326-69a033732152e-0-0-0" class="so-panel widget widget_sow-editor panel-first-child" data-index="0"><div class="fila_ficha panel-widget-style panel-widget-style-for-gb4326-69a033732152e-0-0-0"><div class="so-widget-sow-editor so-widget-sow-editor-base"><h3 class="widget-title">Aims</h3><div class="siteorigin-widget-tinymce textwidget"><p>The main aim is to gather information for future action to improve the common juniper and Spanish juniper populations based on the calculation of germination and survival rates at four different sites.</p></div></div></div></div>								</div>
				</div>
				<div class="elementor-element elementor-element-c5ded99 elementor-widget elementor-widget-image" data-id="c5ded99" data-element_type="widget" data-e-type="widget" data-widget_type="image.default">
				<div class="elementor-widget-container">
															<img decoding="async" width="992" height="439" src="https://obsnev.es/wp-content/uploads/2019/10/Figura_6_3-2_ES.png" class="attachment-2048x2048 size-2048x2048 wp-image-4695" alt="" srcset="https://obsnev.es/wp-content/uploads/2019/10/Figura_6_3-2_ES.png 992w, https://obsnev.es/wp-content/uploads/2019/10/Figura_6_3-2_ES-300x133.png 300w, https://obsnev.es/wp-content/uploads/2019/10/Figura_6_3-2_ES-768x340.png 768w, https://obsnev.es/wp-content/uploads/2019/10/Figura_6_3-2_ES-18x8.png 18w" sizes="(max-width: 992px) 100vw, 992px" />															</div>
				</div>
				<div class="elementor-element elementor-element-95f591f elementor-widget elementor-widget-text-editor" data-id="95f591f" data-element_type="widget" data-e-type="widget" data-widget_type="text-editor.default">
				<div class="elementor-widget-container">
									<div id="panel-gb4326-69a033732152e-0-0-0" class="so-panel widget widget_sow-editor panel-first-child" data-index="0"><div class="fila_ficha panel-widget-style panel-widget-style-for-gb4326-69a033732152e-0-0-0"><div class="so-widget-sow-editor so-widget-sow-editor-base"><div id="panel-gb4326-69a033732152e-0-0-2" class="so-panel widget widget_sow-editor" data-index="2"><div class="fila_ficha panel-widget-style panel-widget-style-for-gb4326-69a033732152e-0-0-2"><div class="so-widget-sow-editor so-widget-sow-editor-base"><h3 class="widget-title">Method and effort</h3><div class="siteorigin-widget-tinymce textwidget"><p>For sowing and planting in woodlands, we exclude livestock by fencing and, for new individual plantings, we install individual protectors.</p><ul><li>For sowing, plots of 40 x 40 cm are used with 25 seeds per sowing unit. The different species, their relative proportion, and planting density vary in each zone according to the degree of development of the action units.</li><li>For the monitoring of the planting, in each core of each dispersion, a sample of 20 specimens per species and per exclusion technique are selected. Periodically the surviving individuals are recorded.</li></ul></div></div></div></div></div></div></div>								</div>
				</div>
				<div class="elementor-element elementor-element-07a90e4 elementor-widget elementor-widget-image" data-id="07a90e4" data-element_type="widget" data-e-type="widget" data-widget_type="image.default">
				<div class="elementor-widget-container">
															<img decoding="async" width="992" height="695" src="https://obsnev.es/wp-content/uploads/2019/10/Figura_6_3-3_ES.png" class="attachment-2048x2048 size-2048x2048 wp-image-4696" alt="" srcset="https://obsnev.es/wp-content/uploads/2019/10/Figura_6_3-3_ES.png 992w, https://obsnev.es/wp-content/uploads/2019/10/Figura_6_3-3_ES-300x210.png 300w, https://obsnev.es/wp-content/uploads/2019/10/Figura_6_3-3_ES-768x538.png 768w, https://obsnev.es/wp-content/uploads/2019/10/Figura_6_3-3_ES-18x12.png 18w" sizes="(max-width: 992px) 100vw, 992px" />															</div>
				</div>
				<div class="elementor-element elementor-element-0f416af elementor-widget elementor-widget-text-editor" data-id="0f416af" data-element_type="widget" data-e-type="widget" data-widget_type="text-editor.default">
				<div class="elementor-widget-container">
									<div id="panel-gb4326-69a033732152e-0-0-0" class="so-panel widget widget_sow-editor panel-first-child" data-index="0"><div class="fila_ficha panel-widget-style panel-widget-style-for-gb4326-69a033732152e-0-0-0"><div class="so-widget-sow-editor so-widget-sow-editor-base"><div id="panel-gb4326-69a033732152e-0-0-2" class="so-panel widget widget_sow-editor" data-index="2"><div class="fila_ficha panel-widget-style panel-widget-style-for-gb4326-69a033732152e-0-0-2"><div class="so-widget-sow-editor so-widget-sow-editor-base"><div id="panel-gb4581-69a0338952d0b-0-0-2" class="so-panel widget widget_sow-editor" data-index="2"><div class="so-widget-sow-editor so-widget-sow-editor-base"><div id="panel-gb4694-69a7f215cb311-0-0-3" class="so-panel widget widget_sow-editor" data-index="3"><div class="so-widget-sow-editor so-widget-sow-editor-base"><h3 class="widget-title">Periodicity</h3><div class="siteorigin-widget-tinymce textwidget"><p>The survival of each sample was monitored twice yearly, once in spring and again in autumn.</p></div></div></div><div id="panel-gb4694-69a7f215cb311-0-0-4" class="so-panel widget widget_sow-editor panel-last-child" data-index="4"><div class="so-widget-sow-editor so-widget-sow-editor-base"><h3 class="widget-title">References</h3><div class="siteorigin-widget-tinymce textwidget"><p>García, D., Zamora, R., Hódar, J. A. y Gómez, J. M. 1999. Age structure of Juniperus communis L. in the Iberian Peninsula: Conservation of remnant populations in Mediterranean mountains. Biol. Conserv., 87: 215-220.<br />García, D. y Zamora, R. 2003. Persistence, multiple demographic strategies and conservation in long-lived Mediterranean plants. J. Veg. Sci., 14: 921-926.<br />Harris, J. A., Hobbs, R. J., Higgs, E. y Aronson, J. 2006.Ecological restoration and Global Climate Change. Restor. Ecol., 14(2): 170-176.</p></div></div></div></div></div></div></div></div></div></div></div>								</div>
				</div>
					</div>
				</div>
				</div>
