{"id":1012154,"date":"2026-03-04T09:54:44","date_gmt":"2026-03-04T08:54:44","guid":{"rendered":"https:\/\/new.obsnev.es\/?post_type=protocolos&#038;p=1012154"},"modified":"2026-03-04T10:43:40","modified_gmt":"2026-03-04T09:43:40","slug":"estado-sanitario-de-las-poblaciones-de-cabra-montes-y-de-jabali","status":"publish","type":"protocolos","link":"https:\/\/obsnev.es\/en\/protocolos\/estado-sanitario-de-las-poblaciones-de-cabra-montes-y-de-jabali\/","title":{"rendered":"Health state of Spanish ibex and wild boar populations"},"content":{"rendered":"<div data-elementor-type=\"wp-post\" data-elementor-id=\"1012154\" class=\"elementor elementor-1012154\" data-elementor-post-type=\"protocolos\">\n\t\t\t\t<div class=\"elementor-element elementor-element-63787e3 e-flex e-con-boxed e-con e-parent\" data-id=\"63787e3\" data-element_type=\"container\" data-e-type=\"container\">\n\t\t\t\t\t<div class=\"e-con-inner\">\n\t\t\t\t<div class=\"elementor-element elementor-element-e2fa565 elementor-widget elementor-widget-image\" data-id=\"e2fa565\" data-element_type=\"widget\" data-e-type=\"widget\" data-widget_type=\"image.default\">\n\t\t\t\t<div class=\"elementor-widget-container\">\n\t\t\t\t\t\t\t\t\t\t\t\t\t\t\t<img fetchpriority=\"high\" decoding=\"async\" width=\"992\" height=\"574\" src=\"https:\/\/obsnev.es\/wp-content\/uploads\/2019\/10\/Figura_7_1-1_ES.png\" class=\"attachment-2048x2048 size-2048x2048 wp-image-4738\" alt=\"\" srcset=\"https:\/\/obsnev.es\/wp-content\/uploads\/2019\/10\/Figura_7_1-1_ES.png 992w, https:\/\/obsnev.es\/wp-content\/uploads\/2019\/10\/Figura_7_1-1_ES-300x174.png 300w, https:\/\/obsnev.es\/wp-content\/uploads\/2019\/10\/Figura_7_1-1_ES-768x444.png 768w, https:\/\/obsnev.es\/wp-content\/uploads\/2019\/10\/Figura_7_1-1_ES-18x10.png 18w\" sizes=\"(max-width: 992px) 100vw, 992px\" \/>\t\t\t\t\t\t\t\t\t\t\t\t\t\t\t<\/div>\n\t\t\t\t<\/div>\n\t\t\t\t<div class=\"elementor-element elementor-element-4db42ea elementor-widget elementor-widget-text-editor\" data-id=\"4db42ea\" data-element_type=\"widget\" data-e-type=\"widget\" data-widget_type=\"text-editor.default\">\n\t\t\t\t<div class=\"elementor-widget-container\">\n\t\t\t\t\t\t\t\t\t<div id=\"panel-gb4326-69a033732152e-0-0-0\" class=\"so-panel widget widget_sow-editor panel-first-child\" data-index=\"0\"><div class=\"fila_ficha panel-widget-style panel-widget-style-for-gb4326-69a033732152e-0-0-0\"><div class=\"so-widget-sow-editor so-widget-sow-editor-base\"><h3 class=\"widget-title\">Aims<\/h3><div class=\"siteorigin-widget-tinymce textwidget\"><ol><li>To monitor and control scabies as well as other infectious\/contagious diseases in Spanish ibex (Capra pyrenaica) populations.<\/li><li>To supervise the state of health of the wild boar (Sus scrofa) population as a reservoir of epizootics and emerging diseases.<\/li><\/ol><\/div><\/div><\/div><\/div>\t\t\t\t\t\t\t\t<\/div>\n\t\t\t\t<\/div>\n\t\t\t\t<div class=\"elementor-element elementor-element-c94198e elementor-widget elementor-widget-image\" data-id=\"c94198e\" data-element_type=\"widget\" data-e-type=\"widget\" data-widget_type=\"image.default\">\n\t\t\t\t<div class=\"elementor-widget-container\">\n\t\t\t\t\t\t\t\t\t\t\t\t\t\t\t<img decoding=\"async\" width=\"992\" height=\"511\" src=\"https:\/\/obsnev.es\/wp-content\/uploads\/2019\/10\/Figura_7_1-2_ES.png\" class=\"attachment-2048x2048 size-2048x2048 wp-image-4737\" alt=\"\" srcset=\"https:\/\/obsnev.es\/wp-content\/uploads\/2019\/10\/Figura_7_1-2_ES.png 992w, https:\/\/obsnev.es\/wp-content\/uploads\/2019\/10\/Figura_7_1-2_ES-300x155.png 300w, https:\/\/obsnev.es\/wp-content\/uploads\/2019\/10\/Figura_7_1-2_ES-768x396.png 768w, https:\/\/obsnev.es\/wp-content\/uploads\/2019\/10\/Figura_7_1-2_ES-18x9.png 18w\" sizes=\"(max-width: 992px) 100vw, 992px\" \/>\t\t\t\t\t\t\t\t\t\t\t\t\t\t\t<\/div>\n\t\t\t\t<\/div>\n\t\t\t\t<div class=\"elementor-element elementor-element-95f591f elementor-widget elementor-widget-text-editor\" data-id=\"95f591f\" data-element_type=\"widget\" data-e-type=\"widget\" data-widget_type=\"text-editor.default\">\n\t\t\t\t<div class=\"elementor-widget-container\">\n\t\t\t\t\t\t\t\t\t<div id=\"panel-gb4326-69a033732152e-0-0-0\" class=\"so-panel widget widget_sow-editor panel-first-child\" data-index=\"0\"><div class=\"fila_ficha panel-widget-style panel-widget-style-for-gb4326-69a033732152e-0-0-0\"><div class=\"so-widget-sow-editor so-widget-sow-editor-base\"><div id=\"panel-gb4326-69a033732152e-0-0-2\" class=\"so-panel widget widget_sow-editor\" data-index=\"2\"><div class=\"fila_ficha panel-widget-style panel-widget-style-for-gb4326-69a033732152e-0-0-2\"><div class=\"so-widget-sow-editor so-widget-sow-editor-base\"><h3 class=\"widget-title\">Method and effort<\/h3><div class=\"siteorigin-widget-tinymce textwidget\"><p><strong>Spanish ibex<\/strong><\/p><p>Since 1992, the Spanish ibex population has suffered an epizootic of scabies with 4% prevalence. The prevention of scabies includes measures to avoid or prevent the disease in uninfected groups. The main tool for the management of scabies consists of reducing the density of the hosts.  This would diminish the probability of contact and therefore the transmission of the disease.<\/p><ol><li>Capture of live specimens, by physical methods (box-trap captures) as well as chemical ones (anesthesia).<\/li><li>Sampling of biometric and biological data.<\/li><li>Biological studies of the population (reproduction, indices of fat deposits on organs, etc.).<\/li><li>Studies of parasites and other infectious\/contagious diseases.<\/li><li>Collaring and monitoring animals.<\/li><li>Epidemiological analysis of scabies in the Spanish ibex population in Sierra Nevada. Resistant individuals are characterized and transmission of the parasitosis among individuals of the same group or between groups is studied.<\/li><li>Thermography calibration as a diagnostic tool for scabies and as a gauge for characterizing the intensity of the parasitism.<\/li><li>Estimation of the density of mites in the hides of animals affected by scabies, by real-time PCR.<\/li><li>Characterization of oxidative stress of the hosts affected by scabies.<\/li><li>Pathologies associated with different levels of infestation of Sarcoptes scabiei.<\/li><\/ol><p><strong>Wild boar<\/strong><\/p><p>For the wild boar population on Sierra Nevada, the methodology has been designed to ascertain the presence and frequency of the vectors capable of provoking mass deaths or states of debility.<\/p><ol><li>Taking samples from animals killed in thinning the local population.<\/li><li>Calculation of epidemiological values of different infectious agents that can provoke mass death or states of debility.  Several infectious agents (parasites, bacteria, and viruses) are being monitored, given their epizootic and zoonotic nature.<\/li><li>Diagnosis of tuberculosis in the specimens handled.<\/li><\/ol><\/div><\/div><\/div><\/div><\/div><\/div><\/div>\t\t\t\t\t\t\t\t<\/div>\n\t\t\t\t<\/div>\n\t\t\t\t<div class=\"elementor-element elementor-element-07a90e4 elementor-widget elementor-widget-image\" data-id=\"07a90e4\" data-element_type=\"widget\" data-e-type=\"widget\" data-widget_type=\"image.default\">\n\t\t\t\t<div class=\"elementor-widget-container\">\n\t\t\t\t\t\t\t\t\t\t\t\t\t\t\t<img decoding=\"async\" width=\"992\" height=\"385\" src=\"https:\/\/obsnev.es\/wp-content\/uploads\/2019\/10\/Figura_7_1-3_ES.png\" class=\"attachment-2048x2048 size-2048x2048 wp-image-4739\" alt=\"\" srcset=\"https:\/\/obsnev.es\/wp-content\/uploads\/2019\/10\/Figura_7_1-3_ES.png 992w, https:\/\/obsnev.es\/wp-content\/uploads\/2019\/10\/Figura_7_1-3_ES-300x116.png 300w, https:\/\/obsnev.es\/wp-content\/uploads\/2019\/10\/Figura_7_1-3_ES-768x298.png 768w, https:\/\/obsnev.es\/wp-content\/uploads\/2019\/10\/Figura_7_1-3_ES-18x7.png 18w\" sizes=\"(max-width: 992px) 100vw, 992px\" \/>\t\t\t\t\t\t\t\t\t\t\t\t\t\t\t<\/div>\n\t\t\t\t<\/div>\n\t\t\t\t<div class=\"elementor-element elementor-element-0f416af elementor-widget elementor-widget-text-editor\" data-id=\"0f416af\" data-element_type=\"widget\" data-e-type=\"widget\" data-widget_type=\"text-editor.default\">\n\t\t\t\t<div class=\"elementor-widget-container\">\n\t\t\t\t\t\t\t\t\t<div id=\"panel-gb4326-69a033732152e-0-0-0\" class=\"so-panel widget widget_sow-editor panel-first-child\" data-index=\"0\"><div class=\"fila_ficha panel-widget-style panel-widget-style-for-gb4326-69a033732152e-0-0-0\"><div class=\"so-widget-sow-editor so-widget-sow-editor-base\"><div id=\"panel-gb4326-69a033732152e-0-0-2\" class=\"so-panel widget widget_sow-editor\" data-index=\"2\"><div class=\"fila_ficha panel-widget-style panel-widget-style-for-gb4326-69a033732152e-0-0-2\"><div class=\"so-widget-sow-editor so-widget-sow-editor-base\"><div id=\"panel-gb4581-69a0338952d0b-0-0-2\" class=\"so-panel widget widget_sow-editor\" data-index=\"2\"><div class=\"so-widget-sow-editor so-widget-sow-editor-base\"><div id=\"panel-gb4736-69a7f21887a74-0-0-3\" class=\"so-panel widget widget_sow-editor\" data-index=\"3\"><div class=\"so-widget-sow-editor so-widget-sow-editor-base\"><h3 class=\"widget-title\">Periodicity<\/h3><div class=\"siteorigin-widget-tinymce textwidget\"><p>The works are undertaken daily, except for the hunting season (October-February).<\/p><\/div><\/div><\/div><div id=\"panel-gb4736-69a7f21887a74-0-0-4\" class=\"so-panel widget widget_sow-editor\" data-index=\"4\"><div class=\"so-widget-sow-editor so-widget-sow-editor-base\"><h3 class=\"widget-title\">Results<\/h3><div class=\"siteorigin-widget-tinymce textwidget\"><p>Download PDF:\u00a0<a href=\"https:\/\/obsnev.es\/wp-content\/uploads\/2019\/12\/71_Cabra_Jabali_RESULTADOS.pdf\" target=\"_blank\" rel=\"noopener\">Espa\u00f1ol<\/a>\u00a0\/\u00a0<a href=\"https:\/\/obsnev.es\/wp-content\/uploads\/2019\/12\/71_Cabra_Jabali_RESULTS.pdf\" target=\"_blank\" rel=\"noopener\">English<\/a><\/p><\/div><\/div><\/div><div id=\"panel-gb4736-69a7f21887a74-0-0-5\" class=\"so-panel widget widget_sow-editor panel-last-child\" data-index=\"5\"><div class=\"so-widget-sow-editor so-widget-sow-editor-base\"><h3 class=\"widget-title\">References<\/h3><div class=\"siteorigin-widget-tinymce textwidget\"><p>Granados, J.E., Soriguer, R.C., P\u00e9rez, J.M., Fandos, P. y Serrano, E. 2007. La cabra mont\u00e9s. Bases para la implementaci\u00f3n de un Plan de gesti\u00f3n de la cabra mont\u00e9s en Andaluc\u00eda. Pp.: 677-698. En: Barea, J.M., Ballesteros, E., Luz\u00f3n, J.M., Mole\u00f3n, M., Tierno, J.M. y Traves\u00ed, R. (eds.). Biodiversidad y Conservaci\u00f3n de fauna y flora en ambientes mediterr\u00e1neos. Granada.<br \/>Granados, J.E., Castillo, A., Cano-Manuel, J., Serrano, E., P\u00e9rez, J.M., Soriguer, R.C. y Fandos, P. 2009. Gesti\u00f3n de la cabra mont\u00e9s. Manejo de sus poblaciones. Pp.: 452-485. En: Saez de Buruaga, M. y Carranza, J. (eds.) Gesti\u00f3n cineg\u00e9tica en los ecosistemas mediterr\u00e1neos. Consejer\u00eda de Medio Ambiente. Junta de Andaluc\u00eda. Sevilla.<br \/>Ruiz-Fons, F., Segal\u00e9s, J., Gort\u00e1zar, G. 2008. A review of viral diseases of the European wild boar: effects of population dynamics and reservoir role. Vet. J., 176: 158-169.<\/p><\/div><\/div><\/div><\/div><\/div><\/div><\/div><\/div><\/div><\/div><\/div>\t\t\t\t\t\t\t\t<\/div>\n\t\t\t\t<\/div>\n\t\t\t\t\t<\/div>\n\t\t\t\t<\/div>\n\t\t\t\t<\/div>","protected":false},"featured_media":4738,"template":"","meta":{"_acf_changed":false},"ambito-tematico":[351],"class_list":["post-1012154","protocolos","type-protocolos","status-publish","has-post-thumbnail","hentry","ambito-tematico-enfermedades-emergentes"],"acf":[],"aioseo_notices":[],"_links":{"self":[{"href":"https:\/\/obsnev.es\/en\/wp-json\/wp\/v2\/protocolos\/1012154","targetHints":{"allow":["GET"]}}],"collection":[{"href":"https:\/\/obsnev.es\/en\/wp-json\/wp\/v2\/protocolos"}],"about":[{"href":"https:\/\/obsnev.es\/en\/wp-json\/wp\/v2\/types\/protocolos"}],"version-history":[{"count":5,"href":"https:\/\/obsnev.es\/en\/wp-json\/wp\/v2\/protocolos\/1012154\/revisions"}],"predecessor-version":[{"id":1012191,"href":"https:\/\/obsnev.es\/en\/wp-json\/wp\/v2\/protocolos\/1012154\/revisions\/1012191"}],"wp:featuredmedia":[{"embeddable":true,"href":"https:\/\/obsnev.es\/en\/wp-json\/wp\/v2\/media\/4738"}],"wp:attachment":[{"href":"https:\/\/obsnev.es\/en\/wp-json\/wp\/v2\/media?parent=1012154"}],"wp:term":[{"taxonomy":"ambito-tematico","embeddable":true,"href":"https:\/\/obsnev.es\/en\/wp-json\/wp\/v2\/ambito-tematico?post=1012154"}],"curies":[{"name":"wp","href":"https:\/\/api.w.org\/{rel}","templated":true}]}}

<div data-elementor-type="wp-post" data-elementor-id="1012154" class="elementor elementor-1012154" data-elementor-post-type="protocolos">
				<div class="elementor-element elementor-element-63787e3 e-flex e-con-boxed e-con e-parent" data-id="63787e3" data-element_type="container" data-e-type="container">
					<div class="e-con-inner">
				<div class="elementor-element elementor-element-e2fa565 elementor-widget elementor-widget-image" data-id="e2fa565" data-element_type="widget" data-e-type="widget" data-widget_type="image.default">
				<div class="elementor-widget-container">
															<img fetchpriority="high" decoding="async" width="992" height="574" src="https://obsnev.es/wp-content/uploads/2019/10/Figura_7_1-1_ES.png" class="attachment-2048x2048 size-2048x2048 wp-image-4738" alt="" srcset="https://obsnev.es/wp-content/uploads/2019/10/Figura_7_1-1_ES.png 992w, https://obsnev.es/wp-content/uploads/2019/10/Figura_7_1-1_ES-300x174.png 300w, https://obsnev.es/wp-content/uploads/2019/10/Figura_7_1-1_ES-768x444.png 768w, https://obsnev.es/wp-content/uploads/2019/10/Figura_7_1-1_ES-18x10.png 18w" sizes="(max-width: 992px) 100vw, 992px" />															</div>
				</div>
				<div class="elementor-element elementor-element-4db42ea elementor-widget elementor-widget-text-editor" data-id="4db42ea" data-element_type="widget" data-e-type="widget" data-widget_type="text-editor.default">
				<div class="elementor-widget-container">
									<div id="panel-gb4326-69a033732152e-0-0-0" class="so-panel widget widget_sow-editor panel-first-child" data-index="0"><div class="fila_ficha panel-widget-style panel-widget-style-for-gb4326-69a033732152e-0-0-0"><div class="so-widget-sow-editor so-widget-sow-editor-base"><h3 class="widget-title">Aims</h3><div class="siteorigin-widget-tinymce textwidget"><ol><li>To monitor and control scabies as well as other infectious/contagious diseases in Spanish ibex (Capra pyrenaica) populations.</li><li>To supervise the state of health of the wild boar (Sus scrofa) population as a reservoir of epizootics and emerging diseases.</li></ol></div></div></div></div>								</div>
				</div>
				<div class="elementor-element elementor-element-c94198e elementor-widget elementor-widget-image" data-id="c94198e" data-element_type="widget" data-e-type="widget" data-widget_type="image.default">
				<div class="elementor-widget-container">
															<img decoding="async" width="992" height="511" src="https://obsnev.es/wp-content/uploads/2019/10/Figura_7_1-2_ES.png" class="attachment-2048x2048 size-2048x2048 wp-image-4737" alt="" srcset="https://obsnev.es/wp-content/uploads/2019/10/Figura_7_1-2_ES.png 992w, https://obsnev.es/wp-content/uploads/2019/10/Figura_7_1-2_ES-300x155.png 300w, https://obsnev.es/wp-content/uploads/2019/10/Figura_7_1-2_ES-768x396.png 768w, https://obsnev.es/wp-content/uploads/2019/10/Figura_7_1-2_ES-18x9.png 18w" sizes="(max-width: 992px) 100vw, 992px" />															</div>
				</div>
				<div class="elementor-element elementor-element-95f591f elementor-widget elementor-widget-text-editor" data-id="95f591f" data-element_type="widget" data-e-type="widget" data-widget_type="text-editor.default">
				<div class="elementor-widget-container">
									<div id="panel-gb4326-69a033732152e-0-0-0" class="so-panel widget widget_sow-editor panel-first-child" data-index="0"><div class="fila_ficha panel-widget-style panel-widget-style-for-gb4326-69a033732152e-0-0-0"><div class="so-widget-sow-editor so-widget-sow-editor-base"><div id="panel-gb4326-69a033732152e-0-0-2" class="so-panel widget widget_sow-editor" data-index="2"><div class="fila_ficha panel-widget-style panel-widget-style-for-gb4326-69a033732152e-0-0-2"><div class="so-widget-sow-editor so-widget-sow-editor-base"><h3 class="widget-title">Method and effort</h3><div class="siteorigin-widget-tinymce textwidget"><p><strong>Spanish ibex</strong></p><p>Since 1992, the Spanish ibex population has suffered an epizootic of scabies with 4% prevalence. The prevention of scabies includes measures to avoid or prevent the disease in uninfected groups. The main tool for the management of scabies consists of reducing the density of the hosts.  This would diminish the probability of contact and therefore the transmission of the disease.</p><ol><li>Capture of live specimens, by physical methods (box-trap captures) as well as chemical ones (anesthesia).</li><li>Sampling of biometric and biological data.</li><li>Biological studies of the population (reproduction, indices of fat deposits on organs, etc.).</li><li>Studies of parasites and other infectious/contagious diseases.</li><li>Collaring and monitoring animals.</li><li>Epidemiological analysis of scabies in the Spanish ibex population in Sierra Nevada. Resistant individuals are characterized and transmission of the parasitosis among individuals of the same group or between groups is studied.</li><li>Thermography calibration as a diagnostic tool for scabies and as a gauge for characterizing the intensity of the parasitism.</li><li>Estimation of the density of mites in the hides of animals affected by scabies, by real-time PCR.</li><li>Characterization of oxidative stress of the hosts affected by scabies.</li><li>Pathologies associated with different levels of infestation of Sarcoptes scabiei.</li></ol><p><strong>Wild boar</strong></p><p>For the wild boar population on Sierra Nevada, the methodology has been designed to ascertain the presence and frequency of the vectors capable of provoking mass deaths or states of debility.</p><ol><li>Taking samples from animals killed in thinning the local population.</li><li>Calculation of epidemiological values of different infectious agents that can provoke mass death or states of debility.  Several infectious agents (parasites, bacteria, and viruses) are being monitored, given their epizootic and zoonotic nature.</li><li>Diagnosis of tuberculosis in the specimens handled.</li></ol></div></div></div></div></div></div></div>								</div>
				</div>
				<div class="elementor-element elementor-element-07a90e4 elementor-widget elementor-widget-image" data-id="07a90e4" data-element_type="widget" data-e-type="widget" data-widget_type="image.default">
				<div class="elementor-widget-container">
															<img decoding="async" width="992" height="385" src="https://obsnev.es/wp-content/uploads/2019/10/Figura_7_1-3_ES.png" class="attachment-2048x2048 size-2048x2048 wp-image-4739" alt="" srcset="https://obsnev.es/wp-content/uploads/2019/10/Figura_7_1-3_ES.png 992w, https://obsnev.es/wp-content/uploads/2019/10/Figura_7_1-3_ES-300x116.png 300w, https://obsnev.es/wp-content/uploads/2019/10/Figura_7_1-3_ES-768x298.png 768w, https://obsnev.es/wp-content/uploads/2019/10/Figura_7_1-3_ES-18x7.png 18w" sizes="(max-width: 992px) 100vw, 992px" />															</div>
				</div>
				<div class="elementor-element elementor-element-0f416af elementor-widget elementor-widget-text-editor" data-id="0f416af" data-element_type="widget" data-e-type="widget" data-widget_type="text-editor.default">
				<div class="elementor-widget-container">
									<div id="panel-gb4326-69a033732152e-0-0-0" class="so-panel widget widget_sow-editor panel-first-child" data-index="0"><div class="fila_ficha panel-widget-style panel-widget-style-for-gb4326-69a033732152e-0-0-0"><div class="so-widget-sow-editor so-widget-sow-editor-base"><div id="panel-gb4326-69a033732152e-0-0-2" class="so-panel widget widget_sow-editor" data-index="2"><div class="fila_ficha panel-widget-style panel-widget-style-for-gb4326-69a033732152e-0-0-2"><div class="so-widget-sow-editor so-widget-sow-editor-base"><div id="panel-gb4581-69a0338952d0b-0-0-2" class="so-panel widget widget_sow-editor" data-index="2"><div class="so-widget-sow-editor so-widget-sow-editor-base"><div id="panel-gb4736-69a7f21887a74-0-0-3" class="so-panel widget widget_sow-editor" data-index="3"><div class="so-widget-sow-editor so-widget-sow-editor-base"><h3 class="widget-title">Periodicity</h3><div class="siteorigin-widget-tinymce textwidget"><p>The works are undertaken daily, except for the hunting season (October-February).</p></div></div></div><div id="panel-gb4736-69a7f21887a74-0-0-4" class="so-panel widget widget_sow-editor" data-index="4"><div class="so-widget-sow-editor so-widget-sow-editor-base"><h3 class="widget-title">Results</h3><div class="siteorigin-widget-tinymce textwidget"><p>Download PDF: <a href="https://obsnev.es/wp-content/uploads/2019/12/71_Cabra_Jabali_RESULTADOS.pdf" target="_blank" rel="noopener">Español</a> / <a href="https://obsnev.es/wp-content/uploads/2019/12/71_Cabra_Jabali_RESULTS.pdf" target="_blank" rel="noopener">English</a></p></div></div></div><div id="panel-gb4736-69a7f21887a74-0-0-5" class="so-panel widget widget_sow-editor panel-last-child" data-index="5"><div class="so-widget-sow-editor so-widget-sow-editor-base"><h3 class="widget-title">References</h3><div class="siteorigin-widget-tinymce textwidget"><p>Granados, J.E., Soriguer, R.C., Pérez, J.M., Fandos, P. y Serrano, E. 2007. La cabra montés. Bases para la implementación de un Plan de gestión de la cabra montés en Andalucía. Pp.: 677-698. En: Barea, J.M., Ballesteros, E., Luzón, J.M., Moleón, M., Tierno, J.M. y Travesí, R. (eds.). Biodiversidad y Conservación de fauna y flora en ambientes mediterráneos. Granada.<br />Granados, J.E., Castillo, A., Cano-Manuel, J., Serrano, E., Pérez, J.M., Soriguer, R.C. y Fandos, P. 2009. Gestión de la cabra montés. Manejo de sus poblaciones. Pp.: 452-485. En: Saez de Buruaga, M. y Carranza, J. (eds.) Gestión cinegética en los ecosistemas mediterráneos. Consejería de Medio Ambiente. Junta de Andalucía. Sevilla.<br />Ruiz-Fons, F., Segalés, J., Gortázar, G. 2008. A review of viral diseases of the European wild boar: effects of population dynamics and reservoir role. Vet. J., 176: 158-169.</p></div></div></div></div></div></div></div></div></div></div></div>								</div>
				</div>
					</div>
				</div>
				</div>
