{"id":1012155,"date":"2026-03-04T09:54:22","date_gmt":"2026-03-04T08:54:22","guid":{"rendered":"https:\/\/new.obsnev.es\/?post_type=protocolos&#038;p=1012155"},"modified":"2026-03-04T10:42:22","modified_gmt":"2026-03-04T09:42:22","slug":"seguimiento-de-la-restauracion-post-incendio","status":"publish","type":"protocolos","link":"https:\/\/obsnev.es\/en\/protocolos\/seguimiento-de-la-restauracion-post-incendio\/","title":{"rendered":"Seguimiento de la restauraci\u00f3n post-incendio"},"content":{"rendered":"<div data-elementor-type=\"wp-post\" data-elementor-id=\"1012155\" class=\"elementor elementor-1012155\" data-elementor-post-type=\"protocolos\">\n\t\t\t\t<div class=\"elementor-element elementor-element-63787e3 e-flex e-con-boxed e-con e-parent\" data-id=\"63787e3\" data-element_type=\"container\" data-e-type=\"container\">\n\t\t\t\t\t<div class=\"e-con-inner\">\n\t\t\t\t<div class=\"elementor-element elementor-element-e2fa565 elementor-widget elementor-widget-image\" data-id=\"e2fa565\" data-element_type=\"widget\" data-e-type=\"widget\" data-widget_type=\"image.default\">\n\t\t\t\t<div class=\"elementor-widget-container\">\n\t\t\t\t\t\t\t\t\t\t\t\t\t\t\t<img fetchpriority=\"high\" decoding=\"async\" width=\"992\" height=\"543\" src=\"https:\/\/obsnev.es\/wp-content\/uploads\/2019\/10\/Figura_6_4-1_ES.png\" class=\"attachment-2048x2048 size-2048x2048 wp-image-4732\" alt=\"\" srcset=\"https:\/\/obsnev.es\/wp-content\/uploads\/2019\/10\/Figura_6_4-1_ES.png 992w, https:\/\/obsnev.es\/wp-content\/uploads\/2019\/10\/Figura_6_4-1_ES-300x164.png 300w, https:\/\/obsnev.es\/wp-content\/uploads\/2019\/10\/Figura_6_4-1_ES-768x420.png 768w, https:\/\/obsnev.es\/wp-content\/uploads\/2019\/10\/Figura_6_4-1_ES-18x10.png 18w\" sizes=\"(max-width: 992px) 100vw, 992px\" \/>\t\t\t\t\t\t\t\t\t\t\t\t\t\t\t<\/div>\n\t\t\t\t<\/div>\n\t\t\t\t<div class=\"elementor-element elementor-element-4db42ea elementor-widget elementor-widget-text-editor\" data-id=\"4db42ea\" data-element_type=\"widget\" data-e-type=\"widget\" data-widget_type=\"text-editor.default\">\n\t\t\t\t<div class=\"elementor-widget-container\">\n\t\t\t\t\t\t\t\t\t<div id=\"panel-gb4326-69a033732152e-0-0-0\" class=\"so-panel widget widget_sow-editor panel-first-child\" data-index=\"0\"><div class=\"fila_ficha panel-widget-style panel-widget-style-for-gb4326-69a033732152e-0-0-0\"><div class=\"so-widget-sow-editor so-widget-sow-editor-base\"><h3 class=\"widget-title\">Aims<\/h3><div class=\"siteorigin-widget-tinymce textwidget\"><p>The general goal is to evaluate the effectiveness of a forest-restoration plan after a fire that burned some 3000 ha in the year 2005 and that affected mainly reforested pines.<\/p><p>The specific objectives are:<\/p><ul><li>To evaluate the effects of different techniques of restoring the forest area.<\/li><li>To analyse the survival and differential growth of a diverse number of tree and shrub species used in restoration.<\/li><li>To analyse the influence of pioneer shrublands and the height over the seedlings in the dispersion cores, taking into account survival, growth, and herbivory.<\/li><li>To analyse the effect of elevation and exposure on the survival and growth of the young plants in the traditional reforested stands.<\/li><\/ul><\/div><\/div><\/div><\/div>\t\t\t\t\t\t\t\t<\/div>\n\t\t\t\t<\/div>\n\t\t\t\t<div class=\"elementor-element elementor-element-89e5df3 elementor-widget elementor-widget-image\" data-id=\"89e5df3\" data-element_type=\"widget\" data-e-type=\"widget\" data-widget_type=\"image.default\">\n\t\t\t\t<div class=\"elementor-widget-container\">\n\t\t\t\t\t\t\t\t\t\t\t\t\t\t\t<img decoding=\"async\" width=\"992\" height=\"485\" src=\"https:\/\/obsnev.es\/wp-content\/uploads\/2019\/10\/Figura_6_4-2_ES.png\" class=\"attachment-2048x2048 size-2048x2048 wp-image-4733\" alt=\"\" srcset=\"https:\/\/obsnev.es\/wp-content\/uploads\/2019\/10\/Figura_6_4-2_ES.png 992w, https:\/\/obsnev.es\/wp-content\/uploads\/2019\/10\/Figura_6_4-2_ES-300x147.png 300w, https:\/\/obsnev.es\/wp-content\/uploads\/2019\/10\/Figura_6_4-2_ES-768x375.png 768w, https:\/\/obsnev.es\/wp-content\/uploads\/2019\/10\/Figura_6_4-2_ES-18x9.png 18w\" sizes=\"(max-width: 992px) 100vw, 992px\" \/>\t\t\t\t\t\t\t\t\t\t\t\t\t\t\t<\/div>\n\t\t\t\t<\/div>\n\t\t\t\t<div class=\"elementor-element elementor-element-95f591f elementor-widget elementor-widget-text-editor\" data-id=\"95f591f\" data-element_type=\"widget\" data-e-type=\"widget\" data-widget_type=\"text-editor.default\">\n\t\t\t\t<div class=\"elementor-widget-container\">\n\t\t\t\t\t\t\t\t\t<div id=\"panel-gb4326-69a033732152e-0-0-0\" class=\"so-panel widget widget_sow-editor panel-first-child\" data-index=\"0\"><div class=\"fila_ficha panel-widget-style panel-widget-style-for-gb4326-69a033732152e-0-0-0\"><div class=\"so-widget-sow-editor so-widget-sow-editor-base\"><div id=\"panel-gb4326-69a033732152e-0-0-2\" class=\"so-panel widget widget_sow-editor\" data-index=\"2\"><div class=\"fila_ficha panel-widget-style panel-widget-style-for-gb4326-69a033732152e-0-0-2\"><div class=\"so-widget-sow-editor so-widget-sow-editor-base\"><h3 class=\"widget-title\">Method and effort<\/h3><div class=\"siteorigin-widget-tinymce textwidget\"><p>The experimental approach consists of monitoring the restoration through the dispersion cores and traditional reforested stands.<\/p><p><strong>Dispersion cores:<\/strong>\u00a0presentan unas dimensiones de 30\u00d730 m y de 10\u00d710 m. En ellos se ha introducido Crataegus monogyna, Rosa canina, Berberis hispanica, Prunus ramburii y Quercus ilex subsp. ballota, con una separaci\u00f3n de 25, 50 y 100 m entre ellos. Cada uno de estos n\u00facleos est\u00e1 rodeado de pinos (Pinus sylvestris en las cotas m\u00e1s altas y P. pinaster en las m\u00e1s bajas). El control de las seis especies introducidas se lleva a cabo sobre dos escenarios en cotas bajas (con y sin presencia de Ulex spp.) y otros dos en cotas altas (con y sin Adenocarpus sp.). En total se han marcado entre 55-110 individuos de cada una de las 6 especies y entre 550-560 individuos por cada uno de los cuatro escenarios. Adem\u00e1s de la presencia o ausencia de matorral pionero (Adenocarpus sp. y Ulex spp.), tambi\u00e9n se ha evaluado la influencia de otros factores como la altitud y el tama\u00f1o del n\u00facleo.<\/p><p><strong>Traditional reforestation stands:<\/strong>\u00a0in these, the same species are grouped in wooded areas of variable dimensions.  The development of the population is evaluated in two areas:  one on the southern slope at 1,540 m and another on the western slope at 2,140 m.  In each area, 30 individual plants of the 6 species chosen were tagged individually for monitoring.<\/p><\/div><\/div><\/div><\/div><\/div><\/div><\/div>\t\t\t\t\t\t\t\t<\/div>\n\t\t\t\t<\/div>\n\t\t\t\t<div class=\"elementor-element elementor-element-07a90e4 elementor-widget elementor-widget-image\" data-id=\"07a90e4\" data-element_type=\"widget\" data-e-type=\"widget\" data-widget_type=\"image.default\">\n\t\t\t\t<div class=\"elementor-widget-container\">\n\t\t\t\t\t\t\t\t\t\t\t\t\t\t\t<img decoding=\"async\" width=\"992\" height=\"373\" src=\"https:\/\/obsnev.es\/wp-content\/uploads\/2019\/10\/Figura_6_4-3_ES.png\" class=\"attachment-2048x2048 size-2048x2048 wp-image-4734\" alt=\"\" srcset=\"https:\/\/obsnev.es\/wp-content\/uploads\/2019\/10\/Figura_6_4-3_ES.png 992w, https:\/\/obsnev.es\/wp-content\/uploads\/2019\/10\/Figura_6_4-3_ES-300x113.png 300w, https:\/\/obsnev.es\/wp-content\/uploads\/2019\/10\/Figura_6_4-3_ES-768x289.png 768w, https:\/\/obsnev.es\/wp-content\/uploads\/2019\/10\/Figura_6_4-3_ES-18x7.png 18w\" sizes=\"(max-width: 992px) 100vw, 992px\" \/>\t\t\t\t\t\t\t\t\t\t\t\t\t\t\t<\/div>\n\t\t\t\t<\/div>\n\t\t\t\t<div class=\"elementor-element elementor-element-0f416af elementor-widget elementor-widget-text-editor\" data-id=\"0f416af\" data-element_type=\"widget\" data-e-type=\"widget\" data-widget_type=\"text-editor.default\">\n\t\t\t\t<div class=\"elementor-widget-container\">\n\t\t\t\t\t\t\t\t\t<div id=\"panel-gb4326-69a033732152e-0-0-0\" class=\"so-panel widget widget_sow-editor panel-first-child\" data-index=\"0\"><div class=\"fila_ficha panel-widget-style panel-widget-style-for-gb4326-69a033732152e-0-0-0\"><div class=\"so-widget-sow-editor so-widget-sow-editor-base\"><div id=\"panel-gb4326-69a033732152e-0-0-2\" class=\"so-panel widget widget_sow-editor\" data-index=\"2\"><div class=\"fila_ficha panel-widget-style panel-widget-style-for-gb4326-69a033732152e-0-0-2\"><div class=\"so-widget-sow-editor so-widget-sow-editor-base\"><div id=\"panel-gb4581-69a0338952d0b-0-0-2\" class=\"so-panel widget widget_sow-editor\" data-index=\"2\"><div class=\"so-widget-sow-editor so-widget-sow-editor-base\"><div id=\"panel-gb4698-69a7f21662897-0-0-3\" class=\"so-panel widget widget_sow-editor\" data-index=\"3\"><div class=\"so-widget-sow-editor so-widget-sow-editor-base\"><h3 class=\"widget-title\">Periodicity<\/h3><div class=\"siteorigin-widget-tinymce textwidget\"><p>Individualized monitoring is undertaken twice yearly, once in spring and once in autumn, to evaluate winter and summer mortality, respectively.<\/p><\/div><\/div><\/div><div id=\"panel-gb4698-69a7f21662897-0-0-4\" class=\"so-panel widget widget_sow-editor\" data-index=\"4\"><div class=\"so-widget-sow-editor so-widget-sow-editor-base\"><h3 class=\"widget-title\">Results<\/h3><div class=\"siteorigin-widget-tinymce textwidget\"><p>Download PDF:\u00a0<a href=\"https:\/\/obsnev.es\/wp-content\/uploads\/2019\/12\/64_Postincendio_RESULTADOS.pdf\" target=\"_blank\" rel=\"noopener\">Espa\u00f1ol<\/a>\u00a0\/\u00a0<a href=\"https:\/\/obsnev.es\/wp-content\/uploads\/2019\/12\/64_Postincendio_RESULTS.pdf\" target=\"_blank\" rel=\"noopener\">English<\/a><\/p><\/div><\/div><\/div><div id=\"panel-gb4698-69a7f21662897-0-0-5\" class=\"so-panel widget widget_sow-editor panel-last-child\" data-index=\"5\"><div class=\"so-widget-sow-editor so-widget-sow-editor-base\"><h3 class=\"widget-title\">References<\/h3><div class=\"siteorigin-widget-tinymce textwidget\"><p>Beschta, R. L., Rhodes, J. J., Kauffman, J. B., Griesswell, R. E., Minshall, G. W., Karr, J. R., Perry, D. A., Hauer, E. R. y Frissell, C. A. 2004. Postfire management on forested public lands of the western United States. Conserv. Biol., 18: 957-967.<br \/>Mara\u00f1\u00f3n-Jim\u00e9nez, S., Castro, J., Kowalski, A. S., Serrano-Ortiz, P., Reverter, B. R., S\u00e1nchez-Ca\u00f1ete, E. P. y Zamora, R. 2011. Post-fire soil respiration in relation to burnt wood management in a Mediterranean mountain ecosystem. Forest Ecol. Manag., 261: 1436-1447.<br \/>Castro, J., Allen, C. D., Molina-Morales, M., Mara\u00f1\u00f3n-Jim\u00e9nez, S., S\u00e1nchez-Miranda, A. y Zamora, R. 2011. Salvage logging versus the use of burnt wood as a nurse object to promote post-fire tree seedling establishment. Restor. Ecol., 19(4): 537-544.<\/p><\/div><\/div><\/div><\/div><\/div><\/div><\/div><\/div><\/div><\/div><\/div>\t\t\t\t\t\t\t\t<\/div>\n\t\t\t\t<\/div>\n\t\t\t\t\t<\/div>\n\t\t\t\t<\/div>\n\t\t\t\t<\/div>","protected":false},"featured_media":4732,"template":"","meta":{"_acf_changed":false},"ambito-tematico":[350],"class_list":["post-1012155","protocolos","type-protocolos","status-publish","has-post-thumbnail","hentry","ambito-tematico-evaluacion-de-la-gestion"],"acf":[],"aioseo_notices":[],"_links":{"self":[{"href":"https:\/\/obsnev.es\/en\/wp-json\/wp\/v2\/protocolos\/1012155","targetHints":{"allow":["GET"]}}],"collection":[{"href":"https:\/\/obsnev.es\/en\/wp-json\/wp\/v2\/protocolos"}],"about":[{"href":"https:\/\/obsnev.es\/en\/wp-json\/wp\/v2\/types\/protocolos"}],"version-history":[{"count":5,"href":"https:\/\/obsnev.es\/en\/wp-json\/wp\/v2\/protocolos\/1012155\/revisions"}],"predecessor-version":[{"id":1012188,"href":"https:\/\/obsnev.es\/en\/wp-json\/wp\/v2\/protocolos\/1012155\/revisions\/1012188"}],"wp:featuredmedia":[{"embeddable":true,"href":"https:\/\/obsnev.es\/en\/wp-json\/wp\/v2\/media\/4732"}],"wp:attachment":[{"href":"https:\/\/obsnev.es\/en\/wp-json\/wp\/v2\/media?parent=1012155"}],"wp:term":[{"taxonomy":"ambito-tematico","embeddable":true,"href":"https:\/\/obsnev.es\/en\/wp-json\/wp\/v2\/ambito-tematico?post=1012155"}],"curies":[{"name":"wp","href":"https:\/\/api.w.org\/{rel}","templated":true}]}}

Seguimiento de la restauración post-incendio

<div data-elementor-type="wp-post" data-elementor-id="1012155" class="elementor elementor-1012155" data-elementor-post-type="protocolos">
				<div class="elementor-element elementor-element-63787e3 e-flex e-con-boxed e-con e-parent" data-id="63787e3" data-element_type="container" data-e-type="container">
					<div class="e-con-inner">
				<div class="elementor-element elementor-element-e2fa565 elementor-widget elementor-widget-image" data-id="e2fa565" data-element_type="widget" data-e-type="widget" data-widget_type="image.default">
				<div class="elementor-widget-container">
															<img fetchpriority="high" decoding="async" width="992" height="543" src="https://obsnev.es/wp-content/uploads/2019/10/Figura_6_4-1_ES.png" class="attachment-2048x2048 size-2048x2048 wp-image-4732" alt="" srcset="https://obsnev.es/wp-content/uploads/2019/10/Figura_6_4-1_ES.png 992w, https://obsnev.es/wp-content/uploads/2019/10/Figura_6_4-1_ES-300x164.png 300w, https://obsnev.es/wp-content/uploads/2019/10/Figura_6_4-1_ES-768x420.png 768w, https://obsnev.es/wp-content/uploads/2019/10/Figura_6_4-1_ES-18x10.png 18w" sizes="(max-width: 992px) 100vw, 992px" />															</div>
				</div>
				<div class="elementor-element elementor-element-4db42ea elementor-widget elementor-widget-text-editor" data-id="4db42ea" data-element_type="widget" data-e-type="widget" data-widget_type="text-editor.default">
				<div class="elementor-widget-container">
									<div id="panel-gb4326-69a033732152e-0-0-0" class="so-panel widget widget_sow-editor panel-first-child" data-index="0"><div class="fila_ficha panel-widget-style panel-widget-style-for-gb4326-69a033732152e-0-0-0"><div class="so-widget-sow-editor so-widget-sow-editor-base"><h3 class="widget-title">Aims</h3><div class="siteorigin-widget-tinymce textwidget"><p>The general goal is to evaluate the effectiveness of a forest-restoration plan after a fire that burned some 3000 ha in the year 2005 and that affected mainly reforested pines.</p><p>The specific objectives are:</p><ul><li>To evaluate the effects of different techniques of restoring the forest area.</li><li>To analyse the survival and differential growth of a diverse number of tree and shrub species used in restoration.</li><li>To analyse the influence of pioneer shrublands and the height over the seedlings in the dispersion cores, taking into account survival, growth, and herbivory.</li><li>To analyse the effect of elevation and exposure on the survival and growth of the young plants in the traditional reforested stands.</li></ul></div></div></div></div>								</div>
				</div>
				<div class="elementor-element elementor-element-89e5df3 elementor-widget elementor-widget-image" data-id="89e5df3" data-element_type="widget" data-e-type="widget" data-widget_type="image.default">
				<div class="elementor-widget-container">
															<img decoding="async" width="992" height="485" src="https://obsnev.es/wp-content/uploads/2019/10/Figura_6_4-2_ES.png" class="attachment-2048x2048 size-2048x2048 wp-image-4733" alt="" srcset="https://obsnev.es/wp-content/uploads/2019/10/Figura_6_4-2_ES.png 992w, https://obsnev.es/wp-content/uploads/2019/10/Figura_6_4-2_ES-300x147.png 300w, https://obsnev.es/wp-content/uploads/2019/10/Figura_6_4-2_ES-768x375.png 768w, https://obsnev.es/wp-content/uploads/2019/10/Figura_6_4-2_ES-18x9.png 18w" sizes="(max-width: 992px) 100vw, 992px" />															</div>
				</div>
				<div class="elementor-element elementor-element-95f591f elementor-widget elementor-widget-text-editor" data-id="95f591f" data-element_type="widget" data-e-type="widget" data-widget_type="text-editor.default">
				<div class="elementor-widget-container">
									<div id="panel-gb4326-69a033732152e-0-0-0" class="so-panel widget widget_sow-editor panel-first-child" data-index="0"><div class="fila_ficha panel-widget-style panel-widget-style-for-gb4326-69a033732152e-0-0-0"><div class="so-widget-sow-editor so-widget-sow-editor-base"><div id="panel-gb4326-69a033732152e-0-0-2" class="so-panel widget widget_sow-editor" data-index="2"><div class="fila_ficha panel-widget-style panel-widget-style-for-gb4326-69a033732152e-0-0-2"><div class="so-widget-sow-editor so-widget-sow-editor-base"><h3 class="widget-title">Method and effort</h3><div class="siteorigin-widget-tinymce textwidget"><p>The experimental approach consists of monitoring the restoration through the dispersion cores and traditional reforested stands.</p><p><strong>Dispersion cores:</strong> presentan unas dimensiones de 30×30 m y de 10×10 m. En ellos se ha introducido Crataegus monogyna, Rosa canina, Berberis hispanica, Prunus ramburii y Quercus ilex subsp. ballota, con una separación de 25, 50 y 100 m entre ellos. Cada uno de estos núcleos está rodeado de pinos (Pinus sylvestris en las cotas más altas y P. pinaster en las más bajas). El control de las seis especies introducidas se lleva a cabo sobre dos escenarios en cotas bajas (con y sin presencia de Ulex spp.) y otros dos en cotas altas (con y sin Adenocarpus sp.). En total se han marcado entre 55-110 individuos de cada una de las 6 especies y entre 550-560 individuos por cada uno de los cuatro escenarios. Además de la presencia o ausencia de matorral pionero (Adenocarpus sp. y Ulex spp.), también se ha evaluado la influencia de otros factores como la altitud y el tamaño del núcleo.</p><p><strong>Traditional reforestation stands:</strong> in these, the same species are grouped in wooded areas of variable dimensions.  The development of the population is evaluated in two areas:  one on the southern slope at 1,540 m and another on the western slope at 2,140 m.  In each area, 30 individual plants of the 6 species chosen were tagged individually for monitoring.</p></div></div></div></div></div></div></div>								</div>
				</div>
				<div class="elementor-element elementor-element-07a90e4 elementor-widget elementor-widget-image" data-id="07a90e4" data-element_type="widget" data-e-type="widget" data-widget_type="image.default">
				<div class="elementor-widget-container">
															<img decoding="async" width="992" height="373" src="https://obsnev.es/wp-content/uploads/2019/10/Figura_6_4-3_ES.png" class="attachment-2048x2048 size-2048x2048 wp-image-4734" alt="" srcset="https://obsnev.es/wp-content/uploads/2019/10/Figura_6_4-3_ES.png 992w, https://obsnev.es/wp-content/uploads/2019/10/Figura_6_4-3_ES-300x113.png 300w, https://obsnev.es/wp-content/uploads/2019/10/Figura_6_4-3_ES-768x289.png 768w, https://obsnev.es/wp-content/uploads/2019/10/Figura_6_4-3_ES-18x7.png 18w" sizes="(max-width: 992px) 100vw, 992px" />															</div>
				</div>
				<div class="elementor-element elementor-element-0f416af elementor-widget elementor-widget-text-editor" data-id="0f416af" data-element_type="widget" data-e-type="widget" data-widget_type="text-editor.default">
				<div class="elementor-widget-container">
									<div id="panel-gb4326-69a033732152e-0-0-0" class="so-panel widget widget_sow-editor panel-first-child" data-index="0"><div class="fila_ficha panel-widget-style panel-widget-style-for-gb4326-69a033732152e-0-0-0"><div class="so-widget-sow-editor so-widget-sow-editor-base"><div id="panel-gb4326-69a033732152e-0-0-2" class="so-panel widget widget_sow-editor" data-index="2"><div class="fila_ficha panel-widget-style panel-widget-style-for-gb4326-69a033732152e-0-0-2"><div class="so-widget-sow-editor so-widget-sow-editor-base"><div id="panel-gb4581-69a0338952d0b-0-0-2" class="so-panel widget widget_sow-editor" data-index="2"><div class="so-widget-sow-editor so-widget-sow-editor-base"><div id="panel-gb4698-69a7f21662897-0-0-3" class="so-panel widget widget_sow-editor" data-index="3"><div class="so-widget-sow-editor so-widget-sow-editor-base"><h3 class="widget-title">Periodicity</h3><div class="siteorigin-widget-tinymce textwidget"><p>Individualized monitoring is undertaken twice yearly, once in spring and once in autumn, to evaluate winter and summer mortality, respectively.</p></div></div></div><div id="panel-gb4698-69a7f21662897-0-0-4" class="so-panel widget widget_sow-editor" data-index="4"><div class="so-widget-sow-editor so-widget-sow-editor-base"><h3 class="widget-title">Results</h3><div class="siteorigin-widget-tinymce textwidget"><p>Download PDF: <a href="https://obsnev.es/wp-content/uploads/2019/12/64_Postincendio_RESULTADOS.pdf" target="_blank" rel="noopener">Español</a> / <a href="https://obsnev.es/wp-content/uploads/2019/12/64_Postincendio_RESULTS.pdf" target="_blank" rel="noopener">English</a></p></div></div></div><div id="panel-gb4698-69a7f21662897-0-0-5" class="so-panel widget widget_sow-editor panel-last-child" data-index="5"><div class="so-widget-sow-editor so-widget-sow-editor-base"><h3 class="widget-title">References</h3><div class="siteorigin-widget-tinymce textwidget"><p>Beschta, R. L., Rhodes, J. J., Kauffman, J. B., Griesswell, R. E., Minshall, G. W., Karr, J. R., Perry, D. A., Hauer, E. R. y Frissell, C. A. 2004. Postfire management on forested public lands of the western United States. Conserv. Biol., 18: 957-967.<br />Marañón-Jiménez, S., Castro, J., Kowalski, A. S., Serrano-Ortiz, P., Reverter, B. R., Sánchez-Cañete, E. P. y Zamora, R. 2011. Post-fire soil respiration in relation to burnt wood management in a Mediterranean mountain ecosystem. Forest Ecol. Manag., 261: 1436-1447.<br />Castro, J., Allen, C. D., Molina-Morales, M., Marañón-Jiménez, S., Sánchez-Miranda, A. y Zamora, R. 2011. Salvage logging versus the use of burnt wood as a nurse object to promote post-fire tree seedling establishment. Restor. Ecol., 19(4): 537-544.</p></div></div></div></div></div></div></div></div></div></div></div>								</div>
				</div>
					</div>
				</div>
				</div>
