{"id":1012192,"date":"2026-03-04T10:54:06","date_gmt":"2026-03-04T09:54:06","guid":{"rendered":"https:\/\/new.obsnev.es\/?post_type=protocolos&#038;p=1012192"},"modified":"2026-03-04T12:17:51","modified_gmt":"2026-03-04T11:17:51","slug":"tendencias-poblacionales-de-flora","status":"publish","type":"protocolos","link":"https:\/\/obsnev.es\/en\/protocolos\/tendencias-poblacionales-de-flora\/","title":{"rendered":"Plant-population trends"},"content":{"rendered":"<div data-elementor-type=\"wp-post\" data-elementor-id=\"1012192\" class=\"elementor elementor-1012192\" data-elementor-post-type=\"protocolos\">\n\t\t\t\t<div class=\"elementor-element elementor-element-63787e3 e-flex e-con-boxed e-con e-parent\" data-id=\"63787e3\" data-element_type=\"container\" data-e-type=\"container\">\n\t\t\t\t\t<div class=\"e-con-inner\">\n\t\t\t\t<div class=\"elementor-element elementor-element-4db42ea elementor-widget elementor-widget-text-editor\" data-id=\"4db42ea\" data-element_type=\"widget\" data-e-type=\"widget\" data-widget_type=\"text-editor.default\">\n\t\t\t\t<div class=\"elementor-widget-container\">\n\t\t\t\t\t\t\t\t\t<div id=\"panel-gb4326-69a033732152e-0-0-0\" class=\"so-panel widget widget_sow-editor panel-first-child\" data-index=\"0\"><div class=\"fila_ficha panel-widget-style panel-widget-style-for-gb4326-69a033732152e-0-0-0\"><div class=\"so-widget-sow-editor so-widget-sow-editor-base\"><h3 class=\"widget-title\">Aims<\/h3><div class=\"siteorigin-widget-tinymce textwidget\"><p>The goal of this monitoring protocol is to detect variations in the vital parameters and demographic structure of certain plant populations sensitive to environmental changes. Also, the possible contractions or expansions of the area occupied by the core populations were evaluated.<\/p><\/div><\/div><\/div><\/div>\t\t\t\t\t\t\t\t<\/div>\n\t\t\t\t<\/div>\n\t\t\t\t<div class=\"elementor-element elementor-element-e2fa565 elementor-widget elementor-widget-image\" data-id=\"e2fa565\" data-element_type=\"widget\" data-e-type=\"widget\" data-widget_type=\"image.default\">\n\t\t\t\t<div class=\"elementor-widget-container\">\n\t\t\t\t\t\t\t\t\t\t\t\t\t\t\t<img fetchpriority=\"high\" decoding=\"async\" width=\"992\" height=\"566\" src=\"https:\/\/obsnev.es\/wp-content\/uploads\/2019\/09\/Figura_8_2-1_ES.png\" class=\"attachment-2048x2048 size-2048x2048 wp-image-4567\" alt=\"\" srcset=\"https:\/\/obsnev.es\/wp-content\/uploads\/2019\/09\/Figura_8_2-1_ES.png 992w, https:\/\/obsnev.es\/wp-content\/uploads\/2019\/09\/Figura_8_2-1_ES-300x171.png 300w, https:\/\/obsnev.es\/wp-content\/uploads\/2019\/09\/Figura_8_2-1_ES-768x438.png 768w, https:\/\/obsnev.es\/wp-content\/uploads\/2019\/09\/Figura_8_2-1_ES-18x10.png 18w\" sizes=\"(max-width: 992px) 100vw, 992px\" \/>\t\t\t\t\t\t\t\t\t\t\t\t\t\t\t<\/div>\n\t\t\t\t<\/div>\n\t\t\t\t<div class=\"elementor-element elementor-element-95f591f elementor-widget elementor-widget-text-editor\" data-id=\"95f591f\" data-element_type=\"widget\" data-e-type=\"widget\" data-widget_type=\"text-editor.default\">\n\t\t\t\t<div class=\"elementor-widget-container\">\n\t\t\t\t\t\t\t\t\t<div id=\"panel-gb4326-69a033732152e-0-0-0\" class=\"so-panel widget widget_sow-editor panel-first-child\" data-index=\"0\"><div class=\"fila_ficha panel-widget-style panel-widget-style-for-gb4326-69a033732152e-0-0-0\"><div class=\"so-widget-sow-editor so-widget-sow-editor-base\"><div id=\"panel-gb4326-69a033732152e-0-0-2\" class=\"so-panel widget widget_sow-editor\" data-index=\"2\"><div class=\"fila_ficha panel-widget-style panel-widget-style-for-gb4326-69a033732152e-0-0-2\"><div class=\"so-widget-sow-editor so-widget-sow-editor-base\"><h3 class=\"widget-title\">Method and effort<\/h3><div class=\"siteorigin-widget-tinymce textwidget\"><p>The species under study with this methodology are: Arenaria nevadensis, Laserpitium longiradium, Gentiana lutea subsp. Lutea, and Senecio nevadensis. Two study levels were distinguished with two different methodologies: For Senecio nevadensis, a simple presence\/absence model was used to compare changes in the distribution of the taxon in space and time. The monitoring was made in a series of plots selected according to the altitudinal range of the taxon. Thus, three types of plots were established: outside the altitudinal range, within the range, and at the altitudinal. On the other hand, Arenaria nevadensis, Laserpitium longiradium, and Gentiana lutea subsp. Lutea require a more in-depth sampling, as the aim was to evaluate population trends. For this, fixed plots were laid out; for the hemicryptophytes Gentiana lutea and Laserpitium longiradium, approximately 750 individuals were included.<\/p><p>In the case of the therophyte Arenaria nevadensis, fixed sampling lines were established throughout each core population. In each sampling, demographic parameters were determined, such as the rates of germination, recruitment, growth, survival, mortality, and fecundity. For this, variables were measured in reference to the structure into age classes and the transition of individuals among them, the percentage and cause of damage, the number of flowers and how many of them produced fruit, the number seed per fruit, the number of seeds that germinated, and the morphometric data.<\/p><\/div><\/div><\/div><\/div><\/div><\/div><\/div>\t\t\t\t\t\t\t\t<\/div>\n\t\t\t\t<\/div>\n\t\t\t\t<div class=\"elementor-element elementor-element-07a90e4 elementor-widget elementor-widget-image\" data-id=\"07a90e4\" data-element_type=\"widget\" data-e-type=\"widget\" data-widget_type=\"image.default\">\n\t\t\t\t<div class=\"elementor-widget-container\">\n\t\t\t\t\t\t\t\t\t\t\t\t\t\t\t<img decoding=\"async\" width=\"992\" height=\"536\" src=\"https:\/\/obsnev.es\/wp-content\/uploads\/2019\/09\/Figura_8_2-2_ES.png\" class=\"attachment-2048x2048 size-2048x2048 wp-image-4569\" alt=\"\" srcset=\"https:\/\/obsnev.es\/wp-content\/uploads\/2019\/09\/Figura_8_2-2_ES.png 992w, https:\/\/obsnev.es\/wp-content\/uploads\/2019\/09\/Figura_8_2-2_ES-300x162.png 300w, https:\/\/obsnev.es\/wp-content\/uploads\/2019\/09\/Figura_8_2-2_ES-768x415.png 768w, https:\/\/obsnev.es\/wp-content\/uploads\/2019\/09\/Figura_8_2-2_ES-18x10.png 18w\" sizes=\"(max-width: 992px) 100vw, 992px\" \/>\t\t\t\t\t\t\t\t\t\t\t\t\t\t\t<\/div>\n\t\t\t\t<\/div>\n\t\t\t\t<div class=\"elementor-element elementor-element-0f416af elementor-widget elementor-widget-text-editor\" data-id=\"0f416af\" data-element_type=\"widget\" data-e-type=\"widget\" data-widget_type=\"text-editor.default\">\n\t\t\t\t<div class=\"elementor-widget-container\">\n\t\t\t\t\t\t\t\t\t<div id=\"panel-gb4326-69a033732152e-0-0-0\" class=\"so-panel widget widget_sow-editor panel-first-child\" data-index=\"0\"><div class=\"fila_ficha panel-widget-style panel-widget-style-for-gb4326-69a033732152e-0-0-0\"><div class=\"so-widget-sow-editor so-widget-sow-editor-base\"><div id=\"panel-gb4326-69a033732152e-0-0-2\" class=\"so-panel widget widget_sow-editor\" data-index=\"2\"><div class=\"fila_ficha panel-widget-style panel-widget-style-for-gb4326-69a033732152e-0-0-2\"><div class=\"so-widget-sow-editor so-widget-sow-editor-base\"><div id=\"panel-gb4581-69a0338952d0b-0-0-2\" class=\"so-panel widget widget_sow-editor\" data-index=\"2\"><div class=\"so-widget-sow-editor so-widget-sow-editor-base\"><div id=\"panel-gb4563-69a7ff2c790d8-0-0-2\" class=\"so-panel widget widget_sow-editor\" data-index=\"2\"><div class=\"so-widget-sow-editor so-widget-sow-editor-base\"><h3 class=\"widget-title\">Periodicity<\/h3><div class=\"siteorigin-widget-tinymce textwidget\"><p>This monitoring method is undertaken annualy.<\/p><\/div><\/div><\/div><div id=\"panel-gb4563-69a7ff2c790d8-0-0-3\" class=\"so-panel widget widget_sow-editor\" data-index=\"3\"><div class=\"so-widget-sow-editor so-widget-sow-editor-base\"><h3 class=\"widget-title\">Results<\/h3><div class=\"siteorigin-widget-tinymce textwidget\"><p>Download PDF:\u00a0<a href=\"https:\/\/obsnev.es\/wp-content\/uploads\/2019\/12\/5_2_tendencias_flora.pdf\" target=\"_blank\" rel=\"noopener\">Espa\u00f1ol<\/a>\u00a0\/\u00a0<a href=\"https:\/\/obsnev.es\/wp-content\/uploads\/2019\/12\/5_2_tendencias_flora_EN.pdf\" target=\"_blank\" rel=\"noopener\">English<\/a><\/p><\/div><\/div><\/div><div id=\"panel-gb4563-69a7ff2c790d8-0-0-4\" class=\"so-panel widget widget_sow-editor panel-last-child\" data-index=\"4\"><div class=\"so-widget-sow-editor so-widget-sow-editor-base\"><h3 class=\"widget-title\">References<\/h3><div class=\"siteorigin-widget-tinymce textwidget\"><p>Iriondo, J.M., Albert, M.J., Gim\u00e9nez Benavides, L., Dom\u00ednguez Lozano, F. y Escudero, A. (eds.) 2009. Poblaciones en Peligro: Viabilidad Demogr\u00e1fica de la Flora Vascular Amenazada de Espa\u00f1a. Direcci\u00f3n General de Medio Natural y Pol\u00edtica Forestal (Ministerio de Medio Ambiente, y Medio Rural y Marino). Madrid, 242 pp.<br \/>Morris, W.F., Doak, D.F., Groom, M., Kareiva, P., Fieberg, J., Gerber, L., Murphy, P. y Thomson, D. 1999. A Practical Handbook for Population Viability Analysis. The Nature Conservancy. New York. 80 pp.<\/p><\/div><\/div><\/div><\/div><\/div><\/div><\/div><\/div><\/div><\/div><\/div>\t\t\t\t\t\t\t\t<\/div>\n\t\t\t\t<\/div>\n\t\t\t\t\t<\/div>\n\t\t\t\t<\/div>\n\t\t\t\t<\/div>","protected":false},"featured_media":4567,"template":"","meta":{"_acf_changed":false},"ambito-tematico":[352],"class_list":["post-1012192","protocolos","type-protocolos","status-publish","has-post-thumbnail","hentry","ambito-tematico-repercusiones-sobre-la-biodiversidad-modelos-de-distribucion-potencial"],"acf":[],"aioseo_notices":[],"_links":{"self":[{"href":"https:\/\/obsnev.es\/en\/wp-json\/wp\/v2\/protocolos\/1012192","targetHints":{"allow":["GET"]}}],"collection":[{"href":"https:\/\/obsnev.es\/en\/wp-json\/wp\/v2\/protocolos"}],"about":[{"href":"https:\/\/obsnev.es\/en\/wp-json\/wp\/v2\/types\/protocolos"}],"version-history":[{"count":5,"href":"https:\/\/obsnev.es\/en\/wp-json\/wp\/v2\/protocolos\/1012192\/revisions"}],"predecessor-version":[{"id":1012218,"href":"https:\/\/obsnev.es\/en\/wp-json\/wp\/v2\/protocolos\/1012192\/revisions\/1012218"}],"wp:featuredmedia":[{"embeddable":true,"href":"https:\/\/obsnev.es\/en\/wp-json\/wp\/v2\/media\/4567"}],"wp:attachment":[{"href":"https:\/\/obsnev.es\/en\/wp-json\/wp\/v2\/media?parent=1012192"}],"wp:term":[{"taxonomy":"ambito-tematico","embeddable":true,"href":"https:\/\/obsnev.es\/en\/wp-json\/wp\/v2\/ambito-tematico?post=1012192"}],"curies":[{"name":"wp","href":"https:\/\/api.w.org\/{rel}","templated":true}]}}

<div data-elementor-type="wp-post" data-elementor-id="1012192" class="elementor elementor-1012192" data-elementor-post-type="protocolos">
				<div class="elementor-element elementor-element-63787e3 e-flex e-con-boxed e-con e-parent" data-id="63787e3" data-element_type="container" data-e-type="container">
					<div class="e-con-inner">
				<div class="elementor-element elementor-element-4db42ea elementor-widget elementor-widget-text-editor" data-id="4db42ea" data-element_type="widget" data-e-type="widget" data-widget_type="text-editor.default">
				<div class="elementor-widget-container">
									<div id="panel-gb4326-69a033732152e-0-0-0" class="so-panel widget widget_sow-editor panel-first-child" data-index="0"><div class="fila_ficha panel-widget-style panel-widget-style-for-gb4326-69a033732152e-0-0-0"><div class="so-widget-sow-editor so-widget-sow-editor-base"><h3 class="widget-title">Aims</h3><div class="siteorigin-widget-tinymce textwidget"><p>The goal of this monitoring protocol is to detect variations in the vital parameters and demographic structure of certain plant populations sensitive to environmental changes. Also, the possible contractions or expansions of the area occupied by the core populations were evaluated.</p></div></div></div></div>								</div>
				</div>
				<div class="elementor-element elementor-element-e2fa565 elementor-widget elementor-widget-image" data-id="e2fa565" data-element_type="widget" data-e-type="widget" data-widget_type="image.default">
				<div class="elementor-widget-container">
															<img fetchpriority="high" decoding="async" width="992" height="566" src="https://obsnev.es/wp-content/uploads/2019/09/Figura_8_2-1_ES.png" class="attachment-2048x2048 size-2048x2048 wp-image-4567" alt="" srcset="https://obsnev.es/wp-content/uploads/2019/09/Figura_8_2-1_ES.png 992w, https://obsnev.es/wp-content/uploads/2019/09/Figura_8_2-1_ES-300x171.png 300w, https://obsnev.es/wp-content/uploads/2019/09/Figura_8_2-1_ES-768x438.png 768w, https://obsnev.es/wp-content/uploads/2019/09/Figura_8_2-1_ES-18x10.png 18w" sizes="(max-width: 992px) 100vw, 992px" />															</div>
				</div>
				<div class="elementor-element elementor-element-95f591f elementor-widget elementor-widget-text-editor" data-id="95f591f" data-element_type="widget" data-e-type="widget" data-widget_type="text-editor.default">
				<div class="elementor-widget-container">
									<div id="panel-gb4326-69a033732152e-0-0-0" class="so-panel widget widget_sow-editor panel-first-child" data-index="0"><div class="fila_ficha panel-widget-style panel-widget-style-for-gb4326-69a033732152e-0-0-0"><div class="so-widget-sow-editor so-widget-sow-editor-base"><div id="panel-gb4326-69a033732152e-0-0-2" class="so-panel widget widget_sow-editor" data-index="2"><div class="fila_ficha panel-widget-style panel-widget-style-for-gb4326-69a033732152e-0-0-2"><div class="so-widget-sow-editor so-widget-sow-editor-base"><h3 class="widget-title">Method and effort</h3><div class="siteorigin-widget-tinymce textwidget"><p>The species under study with this methodology are: Arenaria nevadensis, Laserpitium longiradium, Gentiana lutea subsp. Lutea, and Senecio nevadensis. Two study levels were distinguished with two different methodologies: For Senecio nevadensis, a simple presence/absence model was used to compare changes in the distribution of the taxon in space and time. The monitoring was made in a series of plots selected according to the altitudinal range of the taxon. Thus, three types of plots were established: outside the altitudinal range, within the range, and at the altitudinal. On the other hand, Arenaria nevadensis, Laserpitium longiradium, and Gentiana lutea subsp. Lutea require a more in-depth sampling, as the aim was to evaluate population trends. For this, fixed plots were laid out; for the hemicryptophytes Gentiana lutea and Laserpitium longiradium, approximately 750 individuals were included.</p><p>In the case of the therophyte Arenaria nevadensis, fixed sampling lines were established throughout each core population. In each sampling, demographic parameters were determined, such as the rates of germination, recruitment, growth, survival, mortality, and fecundity. For this, variables were measured in reference to the structure into age classes and the transition of individuals among them, the percentage and cause of damage, the number of flowers and how many of them produced fruit, the number seed per fruit, the number of seeds that germinated, and the morphometric data.</p></div></div></div></div></div></div></div>								</div>
				</div>
				<div class="elementor-element elementor-element-07a90e4 elementor-widget elementor-widget-image" data-id="07a90e4" data-element_type="widget" data-e-type="widget" data-widget_type="image.default">
				<div class="elementor-widget-container">
															<img decoding="async" width="992" height="536" src="https://obsnev.es/wp-content/uploads/2019/09/Figura_8_2-2_ES.png" class="attachment-2048x2048 size-2048x2048 wp-image-4569" alt="" srcset="https://obsnev.es/wp-content/uploads/2019/09/Figura_8_2-2_ES.png 992w, https://obsnev.es/wp-content/uploads/2019/09/Figura_8_2-2_ES-300x162.png 300w, https://obsnev.es/wp-content/uploads/2019/09/Figura_8_2-2_ES-768x415.png 768w, https://obsnev.es/wp-content/uploads/2019/09/Figura_8_2-2_ES-18x10.png 18w" sizes="(max-width: 992px) 100vw, 992px" />															</div>
				</div>
				<div class="elementor-element elementor-element-0f416af elementor-widget elementor-widget-text-editor" data-id="0f416af" data-element_type="widget" data-e-type="widget" data-widget_type="text-editor.default">
				<div class="elementor-widget-container">
									<div id="panel-gb4326-69a033732152e-0-0-0" class="so-panel widget widget_sow-editor panel-first-child" data-index="0"><div class="fila_ficha panel-widget-style panel-widget-style-for-gb4326-69a033732152e-0-0-0"><div class="so-widget-sow-editor so-widget-sow-editor-base"><div id="panel-gb4326-69a033732152e-0-0-2" class="so-panel widget widget_sow-editor" data-index="2"><div class="fila_ficha panel-widget-style panel-widget-style-for-gb4326-69a033732152e-0-0-2"><div class="so-widget-sow-editor so-widget-sow-editor-base"><div id="panel-gb4581-69a0338952d0b-0-0-2" class="so-panel widget widget_sow-editor" data-index="2"><div class="so-widget-sow-editor so-widget-sow-editor-base"><div id="panel-gb4563-69a7ff2c790d8-0-0-2" class="so-panel widget widget_sow-editor" data-index="2"><div class="so-widget-sow-editor so-widget-sow-editor-base"><h3 class="widget-title">Periodicity</h3><div class="siteorigin-widget-tinymce textwidget"><p>This monitoring method is undertaken annualy.</p></div></div></div><div id="panel-gb4563-69a7ff2c790d8-0-0-3" class="so-panel widget widget_sow-editor" data-index="3"><div class="so-widget-sow-editor so-widget-sow-editor-base"><h3 class="widget-title">Results</h3><div class="siteorigin-widget-tinymce textwidget"><p>Download PDF: <a href="https://obsnev.es/wp-content/uploads/2019/12/5_2_tendencias_flora.pdf" target="_blank" rel="noopener">Español</a> / <a href="https://obsnev.es/wp-content/uploads/2019/12/5_2_tendencias_flora_EN.pdf" target="_blank" rel="noopener">English</a></p></div></div></div><div id="panel-gb4563-69a7ff2c790d8-0-0-4" class="so-panel widget widget_sow-editor panel-last-child" data-index="4"><div class="so-widget-sow-editor so-widget-sow-editor-base"><h3 class="widget-title">References</h3><div class="siteorigin-widget-tinymce textwidget"><p>Iriondo, J.M., Albert, M.J., Giménez Benavides, L., Domínguez Lozano, F. y Escudero, A. (eds.) 2009. Poblaciones en Peligro: Viabilidad Demográfica de la Flora Vascular Amenazada de España. Dirección General de Medio Natural y Política Forestal (Ministerio de Medio Ambiente, y Medio Rural y Marino). Madrid, 242 pp.<br />Morris, W.F., Doak, D.F., Groom, M., Kareiva, P., Fieberg, J., Gerber, L., Murphy, P. y Thomson, D. 1999. A Practical Handbook for Population Viability Analysis. The Nature Conservancy. New York. 80 pp.</p></div></div></div></div></div></div></div></div></div></div></div>								</div>
				</div>
					</div>
				</div>
				</div>
