{"id":1012193,"date":"2026-03-04T10:54:08","date_gmt":"2026-03-04T09:54:08","guid":{"rendered":"https:\/\/new.obsnev.es\/?post_type=protocolos&#038;p=1012193"},"modified":"2026-03-04T12:16:41","modified_gmt":"2026-03-04T11:16:41","slug":"fenologia-de-la-floracion","status":"publish","type":"protocolos","link":"https:\/\/obsnev.es\/en\/protocolos\/fenologia-de-la-floracion\/","title":{"rendered":"Flowering phenology"},"content":{"rendered":"<div data-elementor-type=\"wp-post\" data-elementor-id=\"1012193\" class=\"elementor elementor-1012193\" data-elementor-post-type=\"protocolos\">\n\t\t\t\t<div class=\"elementor-element elementor-element-63787e3 e-flex e-con-boxed e-con e-parent\" data-id=\"63787e3\" data-element_type=\"container\" data-e-type=\"container\">\n\t\t\t\t\t<div class=\"e-con-inner\">\n\t\t\t\t<div class=\"elementor-element elementor-element-4db42ea elementor-widget elementor-widget-text-editor\" data-id=\"4db42ea\" data-element_type=\"widget\" data-e-type=\"widget\" data-widget_type=\"text-editor.default\">\n\t\t\t\t<div class=\"elementor-widget-container\">\n\t\t\t\t\t\t\t\t\t<div id=\"panel-gb4326-69a033732152e-0-0-0\" class=\"so-panel widget widget_sow-editor panel-first-child\" data-index=\"0\"><div class=\"fila_ficha panel-widget-style panel-widget-style-for-gb4326-69a033732152e-0-0-0\"><div class=\"so-widget-sow-editor so-widget-sow-editor-base\"><h3 class=\"widget-title\">Aims<\/h3><div class=\"siteorigin-widget-tinymce textwidget\"><p>The objective is to monitor phenological changes in a group of plant species along an altitudinal gradient.<\/p><\/div><\/div><\/div><\/div>\t\t\t\t\t\t\t\t<\/div>\n\t\t\t\t<\/div>\n\t\t\t\t<div class=\"elementor-element elementor-element-e2fa565 elementor-widget elementor-widget-image\" data-id=\"e2fa565\" data-element_type=\"widget\" data-e-type=\"widget\" data-widget_type=\"image.default\">\n\t\t\t\t<div class=\"elementor-widget-container\">\n\t\t\t\t\t\t\t\t\t\t\t\t\t\t\t<img fetchpriority=\"high\" decoding=\"async\" width=\"992\" height=\"583\" src=\"https:\/\/obsnev.es\/wp-content\/uploads\/2019\/09\/Figura_8_1-1_ES.png\" class=\"attachment-2048x2048 size-2048x2048 wp-image-4559\" alt=\"\" srcset=\"https:\/\/obsnev.es\/wp-content\/uploads\/2019\/09\/Figura_8_1-1_ES.png 992w, https:\/\/obsnev.es\/wp-content\/uploads\/2019\/09\/Figura_8_1-1_ES-300x176.png 300w, https:\/\/obsnev.es\/wp-content\/uploads\/2019\/09\/Figura_8_1-1_ES-768x451.png 768w, https:\/\/obsnev.es\/wp-content\/uploads\/2019\/09\/Figura_8_1-1_ES-18x12.png 18w\" sizes=\"(max-width: 992px) 100vw, 992px\" \/>\t\t\t\t\t\t\t\t\t\t\t\t\t\t\t<\/div>\n\t\t\t\t<\/div>\n\t\t\t\t<div class=\"elementor-element elementor-element-95f591f elementor-widget elementor-widget-text-editor\" data-id=\"95f591f\" data-element_type=\"widget\" data-e-type=\"widget\" data-widget_type=\"text-editor.default\">\n\t\t\t\t<div class=\"elementor-widget-container\">\n\t\t\t\t\t\t\t\t\t<div id=\"panel-gb4326-69a033732152e-0-0-0\" class=\"so-panel widget widget_sow-editor panel-first-child\" data-index=\"0\"><div class=\"fila_ficha panel-widget-style panel-widget-style-for-gb4326-69a033732152e-0-0-0\"><div class=\"so-widget-sow-editor so-widget-sow-editor-base\"><div id=\"panel-gb4326-69a033732152e-0-0-2\" class=\"so-panel widget widget_sow-editor\" data-index=\"2\"><div class=\"fila_ficha panel-widget-style panel-widget-style-for-gb4326-69a033732152e-0-0-2\"><div class=\"so-widget-sow-editor so-widget-sow-editor-base\"><h3 class=\"widget-title\">Method and effort<\/h3><div class=\"siteorigin-widget-tinymce textwidget\"><p>The time course of flowering is being monitored in Anthyllis cytisoides, Retama sphaerocarpa, Prunus dulcis, P. avium, Crataegus monogyna, Adenocarpus decorticans, Genista versicolor, and Cytisus galianoi. A site is selected where each species is frequent in the landscape and is present over an altitudinal gradient enough (more than 100 m is recommended) to permit detectable differences with the methodology applied. Two different points per elevation are identified and, at each point, 20 reproductive specimens are selected. In each monitoring event, the phenological phase of the plant is registered according to the following scale:<\/p><ul><li>Phase 0: flower structures are developing but anthesis has not yet begun.<\/li><li>Phase 1: between 1 and 5 flowers are open in the specimen.<\/li><li>Phase 2: more than 5 flowers are open but without having reached peak flowering.<\/li><li>Phase 3: peak flowering is reached.<\/li><li>Phase 4: fruits appear.<\/li><li>Phase 5: only fruit and dry flowers appear.<\/li><\/ul><p>For the specific case of the Pyrenean oak (Quercus pyrenaica), three different locations were selected on the three main slopes of Sierra Nevada (south, north-east, and north). At each site, two pairs of plots were laid out at two different elevations. In each plot, 10 specimens were identified. In each, the development of the male and female reproductive structures were monitored. Special attention was placed on the development of the female flowers and fruits.<\/p><\/div><\/div><\/div><\/div><\/div><\/div><\/div>\t\t\t\t\t\t\t\t<\/div>\n\t\t\t\t<\/div>\n\t\t\t\t<div class=\"elementor-element elementor-element-07a90e4 elementor-widget elementor-widget-image\" data-id=\"07a90e4\" data-element_type=\"widget\" data-e-type=\"widget\" data-widget_type=\"image.default\">\n\t\t\t\t<div class=\"elementor-widget-container\">\n\t\t\t\t\t\t\t\t\t\t\t\t\t\t\t<img decoding=\"async\" width=\"868\" height=\"375\" src=\"https:\/\/obsnev.es\/wp-content\/uploads\/2019\/09\/Figura_2_8_1.png\" class=\"attachment-2048x2048 size-2048x2048 wp-image-4561\" alt=\"\" srcset=\"https:\/\/obsnev.es\/wp-content\/uploads\/2019\/09\/Figura_2_8_1.png 868w, https:\/\/obsnev.es\/wp-content\/uploads\/2019\/09\/Figura_2_8_1-300x130.png 300w, https:\/\/obsnev.es\/wp-content\/uploads\/2019\/09\/Figura_2_8_1-768x332.png 768w, https:\/\/obsnev.es\/wp-content\/uploads\/2019\/09\/Figura_2_8_1-18x8.png 18w\" sizes=\"(max-width: 868px) 100vw, 868px\" \/>\t\t\t\t\t\t\t\t\t\t\t\t\t\t\t<\/div>\n\t\t\t\t<\/div>\n\t\t\t\t<div class=\"elementor-element elementor-element-0f416af elementor-widget elementor-widget-text-editor\" data-id=\"0f416af\" data-element_type=\"widget\" data-e-type=\"widget\" data-widget_type=\"text-editor.default\">\n\t\t\t\t<div class=\"elementor-widget-container\">\n\t\t\t\t\t\t\t\t\t<div id=\"panel-gb4326-69a033732152e-0-0-0\" class=\"so-panel widget widget_sow-editor panel-first-child\" data-index=\"0\"><div class=\"fila_ficha panel-widget-style panel-widget-style-for-gb4326-69a033732152e-0-0-0\"><div class=\"so-widget-sow-editor so-widget-sow-editor-base\"><div id=\"panel-gb4326-69a033732152e-0-0-2\" class=\"so-panel widget widget_sow-editor\" data-index=\"2\"><div class=\"fila_ficha panel-widget-style panel-widget-style-for-gb4326-69a033732152e-0-0-2\"><div class=\"so-widget-sow-editor so-widget-sow-editor-base\"><div id=\"panel-gb4581-69a0338952d0b-0-0-2\" class=\"so-panel widget widget_sow-editor\" data-index=\"2\"><div class=\"so-widget-sow-editor so-widget-sow-editor-base\"><div id=\"panel-gb4557-69a7ff2be226a-0-0-2\" class=\"so-panel widget widget_sow-editor\" data-index=\"2\"><div class=\"so-widget-sow-editor so-widget-sow-editor-base\"><h3 class=\"widget-title\">Periodicity<\/h3><div class=\"siteorigin-widget-tinymce textwidget\"><p>This monitoring was undertaken annually during the flowering period of each species.<\/p><\/div><\/div><\/div><div id=\"panel-gb4557-69a7ff2be226a-0-0-3\" class=\"so-panel widget widget_sow-editor\" data-index=\"3\"><div class=\"so-widget-sow-editor so-widget-sow-editor-base\"><h3 class=\"widget-title\">Results<\/h3><div class=\"siteorigin-widget-tinymce textwidget\"><p>Download PDF:\u00a0<a href=\"https:\/\/obsnev.es\/wp-content\/uploads\/2019\/12\/6_1_6_2_Fenologia.pdf\" target=\"_blank\" rel=\"noopener\">Espa\u00f1ol<\/a>\u00a0\/\u00a0<a href=\"https:\/\/obsnev.es\/wp-content\/uploads\/2019\/12\/6_1_6_2_Fenologia_EN.pdf\" target=\"_blank\" rel=\"noopener\">English<\/a><\/p><\/div><\/div><\/div><div id=\"panel-gb4557-69a7ff2be226a-0-0-4\" class=\"so-panel widget widget_sow-editor panel-last-child\" data-index=\"4\"><div class=\"so-widget-sow-editor so-widget-sow-editor-base\"><h3 class=\"widget-title\">References<\/h3><div class=\"siteorigin-widget-tinymce textwidget\"><p>Menzel, A., Sparks, T.H., Estrella, N., Koch, E., Aasa, A., Ahas, R., Alm-K\u00fcbler, K., Bissolli, P., Braslavsk\u00e1, O., Briede, A., Chmielewski, F.M., Crepinsek, Z., Curnel, Y., \u00c5sl\u00f6g, D., Defila, C., Donnelly, A., Filella, Y., Jatczak, K., M\u00e5ge., F., Mestre, A., Nordli, \u00d8., Pe\u00f1uelas, J., Pirinen, P., Remi\u0161ov\u00e1, V., Scheifinger, H., Striz, M., Susnik, A., Van Vliet, A.J.H., Wielgolaski, F.E., Zach, S. y Zust, A. 2006. European phenological response to climate change matches the warming pattern. Glob. Change Biol., 12: 1969-1976.<br \/>Springer, C.J. y Ward, J.K. 2007. Flowering time and elevated atmospheric CO2. New Phytol., 12: 1969-1976.<br \/>Meier, U. (ed.). 2001. Estadios de las plantas mono y dicotiledoneas. BBCH Monograf\u00eda. 2\u00aa Edicion. Centro Federal de Investigaciones Biol\u00f3gicas para Agricultura y Silvicultura. Alemania. 149 pp.<\/p><\/div><\/div><\/div><\/div><\/div><\/div><\/div><\/div><\/div><\/div><\/div>\t\t\t\t\t\t\t\t<\/div>\n\t\t\t\t<\/div>\n\t\t\t\t\t<\/div>\n\t\t\t\t<\/div>\n\t\t\t\t<\/div>","protected":false},"featured_media":4559,"template":"","meta":{"_acf_changed":false},"ambito-tematico":[352],"class_list":["post-1012193","protocolos","type-protocolos","status-publish","has-post-thumbnail","hentry","ambito-tematico-repercusiones-sobre-la-biodiversidad-modelos-de-distribucion-potencial"],"acf":[],"aioseo_notices":[],"_links":{"self":[{"href":"https:\/\/obsnev.es\/en\/wp-json\/wp\/v2\/protocolos\/1012193","targetHints":{"allow":["GET"]}}],"collection":[{"href":"https:\/\/obsnev.es\/en\/wp-json\/wp\/v2\/protocolos"}],"about":[{"href":"https:\/\/obsnev.es\/en\/wp-json\/wp\/v2\/types\/protocolos"}],"version-history":[{"count":5,"href":"https:\/\/obsnev.es\/en\/wp-json\/wp\/v2\/protocolos\/1012193\/revisions"}],"predecessor-version":[{"id":1012215,"href":"https:\/\/obsnev.es\/en\/wp-json\/wp\/v2\/protocolos\/1012193\/revisions\/1012215"}],"wp:featuredmedia":[{"embeddable":true,"href":"https:\/\/obsnev.es\/en\/wp-json\/wp\/v2\/media\/4559"}],"wp:attachment":[{"href":"https:\/\/obsnev.es\/en\/wp-json\/wp\/v2\/media?parent=1012193"}],"wp:term":[{"taxonomy":"ambito-tematico","embeddable":true,"href":"https:\/\/obsnev.es\/en\/wp-json\/wp\/v2\/ambito-tematico?post=1012193"}],"curies":[{"name":"wp","href":"https:\/\/api.w.org\/{rel}","templated":true}]}}

<div data-elementor-type="wp-post" data-elementor-id="1012193" class="elementor elementor-1012193" data-elementor-post-type="protocolos">
				<div class="elementor-element elementor-element-63787e3 e-flex e-con-boxed e-con e-parent" data-id="63787e3" data-element_type="container" data-e-type="container">
					<div class="e-con-inner">
				<div class="elementor-element elementor-element-4db42ea elementor-widget elementor-widget-text-editor" data-id="4db42ea" data-element_type="widget" data-e-type="widget" data-widget_type="text-editor.default">
				<div class="elementor-widget-container">
									<div id="panel-gb4326-69a033732152e-0-0-0" class="so-panel widget widget_sow-editor panel-first-child" data-index="0"><div class="fila_ficha panel-widget-style panel-widget-style-for-gb4326-69a033732152e-0-0-0"><div class="so-widget-sow-editor so-widget-sow-editor-base"><h3 class="widget-title">Aims</h3><div class="siteorigin-widget-tinymce textwidget"><p>The objective is to monitor phenological changes in a group of plant species along an altitudinal gradient.</p></div></div></div></div>								</div>
				</div>
				<div class="elementor-element elementor-element-e2fa565 elementor-widget elementor-widget-image" data-id="e2fa565" data-element_type="widget" data-e-type="widget" data-widget_type="image.default">
				<div class="elementor-widget-container">
															<img fetchpriority="high" decoding="async" width="992" height="583" src="https://obsnev.es/wp-content/uploads/2019/09/Figura_8_1-1_ES.png" class="attachment-2048x2048 size-2048x2048 wp-image-4559" alt="" srcset="https://obsnev.es/wp-content/uploads/2019/09/Figura_8_1-1_ES.png 992w, https://obsnev.es/wp-content/uploads/2019/09/Figura_8_1-1_ES-300x176.png 300w, https://obsnev.es/wp-content/uploads/2019/09/Figura_8_1-1_ES-768x451.png 768w, https://obsnev.es/wp-content/uploads/2019/09/Figura_8_1-1_ES-18x12.png 18w" sizes="(max-width: 992px) 100vw, 992px" />															</div>
				</div>
				<div class="elementor-element elementor-element-95f591f elementor-widget elementor-widget-text-editor" data-id="95f591f" data-element_type="widget" data-e-type="widget" data-widget_type="text-editor.default">
				<div class="elementor-widget-container">
									<div id="panel-gb4326-69a033732152e-0-0-0" class="so-panel widget widget_sow-editor panel-first-child" data-index="0"><div class="fila_ficha panel-widget-style panel-widget-style-for-gb4326-69a033732152e-0-0-0"><div class="so-widget-sow-editor so-widget-sow-editor-base"><div id="panel-gb4326-69a033732152e-0-0-2" class="so-panel widget widget_sow-editor" data-index="2"><div class="fila_ficha panel-widget-style panel-widget-style-for-gb4326-69a033732152e-0-0-2"><div class="so-widget-sow-editor so-widget-sow-editor-base"><h3 class="widget-title">Method and effort</h3><div class="siteorigin-widget-tinymce textwidget"><p>The time course of flowering is being monitored in Anthyllis cytisoides, Retama sphaerocarpa, Prunus dulcis, P. avium, Crataegus monogyna, Adenocarpus decorticans, Genista versicolor, and Cytisus galianoi. A site is selected where each species is frequent in the landscape and is present over an altitudinal gradient enough (more than 100 m is recommended) to permit detectable differences with the methodology applied. Two different points per elevation are identified and, at each point, 20 reproductive specimens are selected. In each monitoring event, the phenological phase of the plant is registered according to the following scale:</p><ul><li>Phase 0: flower structures are developing but anthesis has not yet begun.</li><li>Phase 1: between 1 and 5 flowers are open in the specimen.</li><li>Phase 2: more than 5 flowers are open but without having reached peak flowering.</li><li>Phase 3: peak flowering is reached.</li><li>Phase 4: fruits appear.</li><li>Phase 5: only fruit and dry flowers appear.</li></ul><p>For the specific case of the Pyrenean oak (Quercus pyrenaica), three different locations were selected on the three main slopes of Sierra Nevada (south, north-east, and north). At each site, two pairs of plots were laid out at two different elevations. In each plot, 10 specimens were identified. In each, the development of the male and female reproductive structures were monitored. Special attention was placed on the development of the female flowers and fruits.</p></div></div></div></div></div></div></div>								</div>
				</div>
				<div class="elementor-element elementor-element-07a90e4 elementor-widget elementor-widget-image" data-id="07a90e4" data-element_type="widget" data-e-type="widget" data-widget_type="image.default">
				<div class="elementor-widget-container">
															<img decoding="async" width="868" height="375" src="https://obsnev.es/wp-content/uploads/2019/09/Figura_2_8_1.png" class="attachment-2048x2048 size-2048x2048 wp-image-4561" alt="" srcset="https://obsnev.es/wp-content/uploads/2019/09/Figura_2_8_1.png 868w, https://obsnev.es/wp-content/uploads/2019/09/Figura_2_8_1-300x130.png 300w, https://obsnev.es/wp-content/uploads/2019/09/Figura_2_8_1-768x332.png 768w, https://obsnev.es/wp-content/uploads/2019/09/Figura_2_8_1-18x8.png 18w" sizes="(max-width: 868px) 100vw, 868px" />															</div>
				</div>
				<div class="elementor-element elementor-element-0f416af elementor-widget elementor-widget-text-editor" data-id="0f416af" data-element_type="widget" data-e-type="widget" data-widget_type="text-editor.default">
				<div class="elementor-widget-container">
									<div id="panel-gb4326-69a033732152e-0-0-0" class="so-panel widget widget_sow-editor panel-first-child" data-index="0"><div class="fila_ficha panel-widget-style panel-widget-style-for-gb4326-69a033732152e-0-0-0"><div class="so-widget-sow-editor so-widget-sow-editor-base"><div id="panel-gb4326-69a033732152e-0-0-2" class="so-panel widget widget_sow-editor" data-index="2"><div class="fila_ficha panel-widget-style panel-widget-style-for-gb4326-69a033732152e-0-0-2"><div class="so-widget-sow-editor so-widget-sow-editor-base"><div id="panel-gb4581-69a0338952d0b-0-0-2" class="so-panel widget widget_sow-editor" data-index="2"><div class="so-widget-sow-editor so-widget-sow-editor-base"><div id="panel-gb4557-69a7ff2be226a-0-0-2" class="so-panel widget widget_sow-editor" data-index="2"><div class="so-widget-sow-editor so-widget-sow-editor-base"><h3 class="widget-title">Periodicity</h3><div class="siteorigin-widget-tinymce textwidget"><p>This monitoring was undertaken annually during the flowering period of each species.</p></div></div></div><div id="panel-gb4557-69a7ff2be226a-0-0-3" class="so-panel widget widget_sow-editor" data-index="3"><div class="so-widget-sow-editor so-widget-sow-editor-base"><h3 class="widget-title">Results</h3><div class="siteorigin-widget-tinymce textwidget"><p>Download PDF: <a href="https://obsnev.es/wp-content/uploads/2019/12/6_1_6_2_Fenologia.pdf" target="_blank" rel="noopener">Español</a> / <a href="https://obsnev.es/wp-content/uploads/2019/12/6_1_6_2_Fenologia_EN.pdf" target="_blank" rel="noopener">English</a></p></div></div></div><div id="panel-gb4557-69a7ff2be226a-0-0-4" class="so-panel widget widget_sow-editor panel-last-child" data-index="4"><div class="so-widget-sow-editor so-widget-sow-editor-base"><h3 class="widget-title">References</h3><div class="siteorigin-widget-tinymce textwidget"><p>Menzel, A., Sparks, T.H., Estrella, N., Koch, E., Aasa, A., Ahas, R., Alm-Kübler, K., Bissolli, P., Braslavská, O., Briede, A., Chmielewski, F.M., Crepinsek, Z., Curnel, Y., Åslög, D., Defila, C., Donnelly, A., Filella, Y., Jatczak, K., Måge., F., Mestre, A., Nordli, Ø., Peñuelas, J., Pirinen, P., Remišová, V., Scheifinger, H., Striz, M., Susnik, A., Van Vliet, A.J.H., Wielgolaski, F.E., Zach, S. y Zust, A. 2006. European phenological response to climate change matches the warming pattern. Glob. Change Biol., 12: 1969-1976.<br />Springer, C.J. y Ward, J.K. 2007. Flowering time and elevated atmospheric CO2. New Phytol., 12: 1969-1976.<br />Meier, U. (ed.). 2001. Estadios de las plantas mono y dicotiledoneas. BBCH Monografía. 2ª Edicion. Centro Federal de Investigaciones Biológicas para Agricultura y Silvicultura. Alemania. 149 pp.</p></div></div></div></div></div></div></div></div></div></div></div>								</div>
				</div>
					</div>
				</div>
				</div>
