{"id":1012194,"date":"2026-03-04T10:54:01","date_gmt":"2026-03-04T09:54:01","guid":{"rendered":"https:\/\/new.obsnev.es\/?post_type=protocolos&#038;p=1012194"},"modified":"2026-03-04T12:20:21","modified_gmt":"2026-03-04T11:20:21","slug":"enebral-piornal-a-lo-largo-de-gradientes-de-estres","status":"publish","type":"protocolos","link":"https:\/\/obsnev.es\/en\/protocolos\/enebral-piornal-a-lo-largo-de-gradientes-de-estres\/","title":{"rendered":"Common juniper and Spanish broom thickets along stress gradients"},"content":{"rendered":"<div data-elementor-type=\"wp-post\" data-elementor-id=\"1012194\" class=\"elementor elementor-1012194\" data-elementor-post-type=\"protocolos\">\n\t\t\t\t<div class=\"elementor-element elementor-element-63787e3 e-flex e-con-boxed e-con e-parent\" data-id=\"63787e3\" data-element_type=\"container\" data-e-type=\"container\">\n\t\t\t\t\t<div class=\"e-con-inner\">\n\t\t\t\t<div class=\"elementor-element elementor-element-4db42ea elementor-widget elementor-widget-text-editor\" data-id=\"4db42ea\" data-element_type=\"widget\" data-e-type=\"widget\" data-widget_type=\"text-editor.default\">\n\t\t\t\t<div class=\"elementor-widget-container\">\n\t\t\t\t\t\t\t\t\t<div id=\"panel-gb4326-69a033732152e-0-0-0\" class=\"so-panel widget widget_sow-editor panel-first-child\" data-index=\"0\"><div class=\"fila_ficha panel-widget-style panel-widget-style-for-gb4326-69a033732152e-0-0-0\"><div class=\"so-widget-sow-editor so-widget-sow-editor-base\"><h3 class=\"widget-title\">Aims<\/h3><div class=\"siteorigin-widget-tinymce textwidget\"><p>The basic objective of this monitoring protocol is to assess the changes in incidence and abundance of the taxa as well as their role in the positive interactions between plants in maintaining biodiversity and ecosystem functioning in extreme environments and within a framework of global change. The methodology proposed pursues three specific aims: to advance in our knowledge of the structure and the functioning of these ecosystems over stress gradients; to evaluate the role of the positive interactions between vascular plants in this structure and functioning, and finally to apply the knowledge acquired to the management and conservation of the biodiversity in mountain habitats.<\/p><\/div><\/div><\/div><\/div>\t\t\t\t\t\t\t\t<\/div>\n\t\t\t\t<\/div>\n\t\t\t\t<div class=\"elementor-element elementor-element-e2fa565 elementor-widget elementor-widget-image\" data-id=\"e2fa565\" data-element_type=\"widget\" data-e-type=\"widget\" data-widget_type=\"image.default\">\n\t\t\t\t<div class=\"elementor-widget-container\">\n\t\t\t\t\t\t\t\t\t\t\t\t\t\t\t<img fetchpriority=\"high\" decoding=\"async\" width=\"992\" height=\"576\" src=\"https:\/\/obsnev.es\/wp-content\/uploads\/2019\/10\/Figura_8_4-1_ES.png\" class=\"attachment-2048x2048 size-2048x2048 wp-image-4750\" alt=\"\" srcset=\"https:\/\/obsnev.es\/wp-content\/uploads\/2019\/10\/Figura_8_4-1_ES.png 992w, https:\/\/obsnev.es\/wp-content\/uploads\/2019\/10\/Figura_8_4-1_ES-300x174.png 300w, https:\/\/obsnev.es\/wp-content\/uploads\/2019\/10\/Figura_8_4-1_ES-768x446.png 768w, https:\/\/obsnev.es\/wp-content\/uploads\/2019\/10\/Figura_8_4-1_ES-18x10.png 18w\" sizes=\"(max-width: 992px) 100vw, 992px\" \/>\t\t\t\t\t\t\t\t\t\t\t\t\t\t\t<\/div>\n\t\t\t\t<\/div>\n\t\t\t\t<div class=\"elementor-element elementor-element-95f591f elementor-widget elementor-widget-text-editor\" data-id=\"95f591f\" data-element_type=\"widget\" data-e-type=\"widget\" data-widget_type=\"text-editor.default\">\n\t\t\t\t<div class=\"elementor-widget-container\">\n\t\t\t\t\t\t\t\t\t<div id=\"panel-gb4326-69a033732152e-0-0-0\" class=\"so-panel widget widget_sow-editor panel-first-child\" data-index=\"0\"><div class=\"fila_ficha panel-widget-style panel-widget-style-for-gb4326-69a033732152e-0-0-0\"><div class=\"so-widget-sow-editor so-widget-sow-editor-base\"><div id=\"panel-gb4326-69a033732152e-0-0-2\" class=\"so-panel widget widget_sow-editor\" data-index=\"2\"><div class=\"fila_ficha panel-widget-style panel-widget-style-for-gb4326-69a033732152e-0-0-2\"><div class=\"so-widget-sow-editor so-widget-sow-editor-base\"><h3 class=\"widget-title\">Method and effort<\/h3><div class=\"siteorigin-widget-tinymce textwidget\"><p>The monitoring is planned over an altitudinal gradient, combining two different situations or physiognomies that coexist at this elevation: the psicroxerophilous grasslands and juniper-broom shrublands to their altitudinal distribution limit. The structural difference is based on the different density of dominant shrubland species, particularly of brooms and junipers. All this is undertaken with three interrelated monitoring methods designed as: sampling by line intercepts, sampling of cover diversity, and the study of facilitation.<\/p><p>Con estas premisas se han instalado, desde los 2.300 a 2.700 m, parcelas pareadas con dimensiones de 30\u00d730 m, con 2 o 3 r\u00e9plicas por cota. Dichas parcelas pareadas se sit\u00faan adyacentes y representan situaciones con distinta densidad de matorral, con un m\u00ednimo de 45 % para las del tipo \u201cmatorralizado\u201d y 25 % para las m\u00e1s desprovistas de matorral. Cada una se subdivide en transectos cada 8 metros, sobre los se efect\u00faan dos m\u00e9todos de seguimiento. Por un lado, el de interceptaci\u00f3n de l\u00ednea que examina los distintos tipos de parcheado que de forma imbricada interceptan la l\u00ednea marcada por la cinta m\u00e9trica, as\u00ed como sus dimensiones (ancho y puntos de corte con la cinta m\u00e9trica) y las especies asociadas (entendiendo como \u201cparche\u201d los agregados de matorral o pastizal o bien de roca, u otros tipos de superficie). Por otra parte, para conocer en detalle la cobertura y diversidad, se registran mediante cuadrats de 1.5 m. de lado, la abundancia porcentual de los taxones presentes, as\u00ed como de los distintos tipos de superficie (rocas o piedras fijas, piedra suelta, suelo desnudo, restos de materia vegetal o excrementos). Se consideran solo las especies perennes.<\/p><p>With the aim of determining the function of the ecosystem in relation to the nutrients and soil microorganisms, soil samples were extracted in the surroundings of the dominant species for each type of aggregate (Juniperus communis subsp. nana, Genista versicolor, Festuca indigesta) as well as bare soil.<\/p><p>The specific monitoring to study the phenomenon of facilitation included 20 isolated individuals of Juniperus communis and in turn Genista versicolor within a well-defined outline. This enabled comparisons of incidence and relative abundance of the species, according to the Braun-Blanquet scale, both for the specimen chosen as well as for the adjacent grassland.<\/p><\/div><\/div><\/div><\/div><\/div><\/div><\/div>\t\t\t\t\t\t\t\t<\/div>\n\t\t\t\t<\/div>\n\t\t\t\t<div class=\"elementor-element elementor-element-07a90e4 elementor-widget elementor-widget-image\" data-id=\"07a90e4\" data-element_type=\"widget\" data-e-type=\"widget\" data-widget_type=\"image.default\">\n\t\t\t\t<div class=\"elementor-widget-container\">\n\t\t\t\t\t\t\t\t\t\t\t\t\t\t\t<img decoding=\"async\" width=\"992\" height=\"455\" src=\"https:\/\/obsnev.es\/wp-content\/uploads\/2019\/10\/Figura_8_4-2_EN.png\" class=\"attachment-2048x2048 size-2048x2048 wp-image-4751\" alt=\"\" srcset=\"https:\/\/obsnev.es\/wp-content\/uploads\/2019\/10\/Figura_8_4-2_EN.png 992w, https:\/\/obsnev.es\/wp-content\/uploads\/2019\/10\/Figura_8_4-2_EN-300x138.png 300w, https:\/\/obsnev.es\/wp-content\/uploads\/2019\/10\/Figura_8_4-2_EN-768x352.png 768w, https:\/\/obsnev.es\/wp-content\/uploads\/2019\/10\/Figura_8_4-2_EN-18x8.png 18w\" sizes=\"(max-width: 992px) 100vw, 992px\" \/>\t\t\t\t\t\t\t\t\t\t\t\t\t\t\t<\/div>\n\t\t\t\t<\/div>\n\t\t\t\t<div class=\"elementor-element elementor-element-0f416af elementor-widget elementor-widget-text-editor\" data-id=\"0f416af\" data-element_type=\"widget\" data-e-type=\"widget\" data-widget_type=\"text-editor.default\">\n\t\t\t\t<div class=\"elementor-widget-container\">\n\t\t\t\t\t\t\t\t\t<div id=\"panel-gb4326-69a033732152e-0-0-0\" class=\"so-panel widget widget_sow-editor panel-first-child\" data-index=\"0\"><div class=\"fila_ficha panel-widget-style panel-widget-style-for-gb4326-69a033732152e-0-0-0\"><div class=\"so-widget-sow-editor so-widget-sow-editor-base\"><div id=\"panel-gb4326-69a033732152e-0-0-2\" class=\"so-panel widget widget_sow-editor\" data-index=\"2\"><div class=\"fila_ficha panel-widget-style panel-widget-style-for-gb4326-69a033732152e-0-0-2\"><div class=\"so-widget-sow-editor so-widget-sow-editor-base\"><div id=\"panel-gb4581-69a0338952d0b-0-0-2\" class=\"so-panel widget widget_sow-editor\" data-index=\"2\"><div class=\"so-widget-sow-editor so-widget-sow-editor-base\"><div id=\"panel-gb4741-69a7ff2e37c83-0-0-2\" class=\"so-panel widget widget_sow-editor\" data-index=\"2\"><div class=\"so-widget-sow-editor so-widget-sow-editor-base\"><h3 class=\"widget-title\">Periodicity<\/h3><div class=\"siteorigin-widget-tinymce textwidget\"><p>Initially a triennial periodicity was established, to be modified depending on the results in successive replicates.<\/p><\/div><\/div><\/div><div id=\"panel-gb4741-69a7ff2e37c83-0-0-3\" class=\"so-panel widget widget_sow-editor panel-last-child\" data-index=\"3\"><div class=\"so-widget-sow-editor so-widget-sow-editor-base\"><h3 class=\"widget-title\">References<\/h3><div class=\"siteorigin-widget-tinymce textwidget\"><p>B.L.M. (Eds.) 1996. Sampling vegetation attributes. BLM Technical reference 1734-4. Bureau of Land Management\u00b4s National Applied Resource Sciences Center. Denver, USA.<br \/>Maestre, F. T., Callaway, R. M., Valladares, F. y Lortie, C. 2009. Refining the stress-gradient hypothesis for competition and facilitation in plant communities. J. Ecol., 97: 199-205.<br \/>Maestre, F. T. y Escudero, A. 2009. Is the patch-size distribution of vegetation a suitable indicator of desertification processes? Ecology, 90: 1729-1735.<\/p><\/div><\/div><\/div><\/div><\/div><\/div><\/div><\/div><\/div><\/div><\/div>\t\t\t\t\t\t\t\t<\/div>\n\t\t\t\t<\/div>\n\t\t\t\t\t<\/div>\n\t\t\t\t<\/div>\n\t\t\t\t<\/div>","protected":false},"featured_media":4750,"template":"","meta":{"_acf_changed":false},"ambito-tematico":[352],"class_list":["post-1012194","protocolos","type-protocolos","status-publish","has-post-thumbnail","hentry","ambito-tematico-repercusiones-sobre-la-biodiversidad-modelos-de-distribucion-potencial"],"acf":[],"aioseo_notices":[],"_links":{"self":[{"href":"https:\/\/obsnev.es\/en\/wp-json\/wp\/v2\/protocolos\/1012194","targetHints":{"allow":["GET"]}}],"collection":[{"href":"https:\/\/obsnev.es\/en\/wp-json\/wp\/v2\/protocolos"}],"about":[{"href":"https:\/\/obsnev.es\/en\/wp-json\/wp\/v2\/types\/protocolos"}],"version-history":[{"count":5,"href":"https:\/\/obsnev.es\/en\/wp-json\/wp\/v2\/protocolos\/1012194\/revisions"}],"predecessor-version":[{"id":1012230,"href":"https:\/\/obsnev.es\/en\/wp-json\/wp\/v2\/protocolos\/1012194\/revisions\/1012230"}],"wp:featuredmedia":[{"embeddable":true,"href":"https:\/\/obsnev.es\/en\/wp-json\/wp\/v2\/media\/4750"}],"wp:attachment":[{"href":"https:\/\/obsnev.es\/en\/wp-json\/wp\/v2\/media?parent=1012194"}],"wp:term":[{"taxonomy":"ambito-tematico","embeddable":true,"href":"https:\/\/obsnev.es\/en\/wp-json\/wp\/v2\/ambito-tematico?post=1012194"}],"curies":[{"name":"wp","href":"https:\/\/api.w.org\/{rel}","templated":true}]}}

<div data-elementor-type="wp-post" data-elementor-id="1012194" class="elementor elementor-1012194" data-elementor-post-type="protocolos">
				<div class="elementor-element elementor-element-63787e3 e-flex e-con-boxed e-con e-parent" data-id="63787e3" data-element_type="container" data-e-type="container">
					<div class="e-con-inner">
				<div class="elementor-element elementor-element-4db42ea elementor-widget elementor-widget-text-editor" data-id="4db42ea" data-element_type="widget" data-e-type="widget" data-widget_type="text-editor.default">
				<div class="elementor-widget-container">
									<div id="panel-gb4326-69a033732152e-0-0-0" class="so-panel widget widget_sow-editor panel-first-child" data-index="0"><div class="fila_ficha panel-widget-style panel-widget-style-for-gb4326-69a033732152e-0-0-0"><div class="so-widget-sow-editor so-widget-sow-editor-base"><h3 class="widget-title">Aims</h3><div class="siteorigin-widget-tinymce textwidget"><p>The basic objective of this monitoring protocol is to assess the changes in incidence and abundance of the taxa as well as their role in the positive interactions between plants in maintaining biodiversity and ecosystem functioning in extreme environments and within a framework of global change. The methodology proposed pursues three specific aims: to advance in our knowledge of the structure and the functioning of these ecosystems over stress gradients; to evaluate the role of the positive interactions between vascular plants in this structure and functioning, and finally to apply the knowledge acquired to the management and conservation of the biodiversity in mountain habitats.</p></div></div></div></div>								</div>
				</div>
				<div class="elementor-element elementor-element-e2fa565 elementor-widget elementor-widget-image" data-id="e2fa565" data-element_type="widget" data-e-type="widget" data-widget_type="image.default">
				<div class="elementor-widget-container">
															<img fetchpriority="high" decoding="async" width="992" height="576" src="https://obsnev.es/wp-content/uploads/2019/10/Figura_8_4-1_ES.png" class="attachment-2048x2048 size-2048x2048 wp-image-4750" alt="" srcset="https://obsnev.es/wp-content/uploads/2019/10/Figura_8_4-1_ES.png 992w, https://obsnev.es/wp-content/uploads/2019/10/Figura_8_4-1_ES-300x174.png 300w, https://obsnev.es/wp-content/uploads/2019/10/Figura_8_4-1_ES-768x446.png 768w, https://obsnev.es/wp-content/uploads/2019/10/Figura_8_4-1_ES-18x10.png 18w" sizes="(max-width: 992px) 100vw, 992px" />															</div>
				</div>
				<div class="elementor-element elementor-element-95f591f elementor-widget elementor-widget-text-editor" data-id="95f591f" data-element_type="widget" data-e-type="widget" data-widget_type="text-editor.default">
				<div class="elementor-widget-container">
									<div id="panel-gb4326-69a033732152e-0-0-0" class="so-panel widget widget_sow-editor panel-first-child" data-index="0"><div class="fila_ficha panel-widget-style panel-widget-style-for-gb4326-69a033732152e-0-0-0"><div class="so-widget-sow-editor so-widget-sow-editor-base"><div id="panel-gb4326-69a033732152e-0-0-2" class="so-panel widget widget_sow-editor" data-index="2"><div class="fila_ficha panel-widget-style panel-widget-style-for-gb4326-69a033732152e-0-0-2"><div class="so-widget-sow-editor so-widget-sow-editor-base"><h3 class="widget-title">Method and effort</h3><div class="siteorigin-widget-tinymce textwidget"><p>The monitoring is planned over an altitudinal gradient, combining two different situations or physiognomies that coexist at this elevation: the psicroxerophilous grasslands and juniper-broom shrublands to their altitudinal distribution limit. The structural difference is based on the different density of dominant shrubland species, particularly of brooms and junipers. All this is undertaken with three interrelated monitoring methods designed as: sampling by line intercepts, sampling of cover diversity, and the study of facilitation.</p><p>Con estas premisas se han instalado, desde los 2.300 a 2.700 m, parcelas pareadas con dimensiones de 30×30 m, con 2 o 3 réplicas por cota. Dichas parcelas pareadas se sitúan adyacentes y representan situaciones con distinta densidad de matorral, con un mínimo de 45 % para las del tipo “matorralizado” y 25 % para las más desprovistas de matorral. Cada una se subdivide en transectos cada 8 metros, sobre los se efectúan dos métodos de seguimiento. Por un lado, el de interceptación de línea que examina los distintos tipos de parcheado que de forma imbricada interceptan la línea marcada por la cinta métrica, así como sus dimensiones (ancho y puntos de corte con la cinta métrica) y las especies asociadas (entendiendo como “parche” los agregados de matorral o pastizal o bien de roca, u otros tipos de superficie). Por otra parte, para conocer en detalle la cobertura y diversidad, se registran mediante cuadrats de 1.5 m. de lado, la abundancia porcentual de los taxones presentes, así como de los distintos tipos de superficie (rocas o piedras fijas, piedra suelta, suelo desnudo, restos de materia vegetal o excrementos). Se consideran solo las especies perennes.</p><p>With the aim of determining the function of the ecosystem in relation to the nutrients and soil microorganisms, soil samples were extracted in the surroundings of the dominant species for each type of aggregate (Juniperus communis subsp. nana, Genista versicolor, Festuca indigesta) as well as bare soil.</p><p>The specific monitoring to study the phenomenon of facilitation included 20 isolated individuals of Juniperus communis and in turn Genista versicolor within a well-defined outline. This enabled comparisons of incidence and relative abundance of the species, according to the Braun-Blanquet scale, both for the specimen chosen as well as for the adjacent grassland.</p></div></div></div></div></div></div></div>								</div>
				</div>
				<div class="elementor-element elementor-element-07a90e4 elementor-widget elementor-widget-image" data-id="07a90e4" data-element_type="widget" data-e-type="widget" data-widget_type="image.default">
				<div class="elementor-widget-container">
															<img decoding="async" width="992" height="455" src="https://obsnev.es/wp-content/uploads/2019/10/Figura_8_4-2_EN.png" class="attachment-2048x2048 size-2048x2048 wp-image-4751" alt="" srcset="https://obsnev.es/wp-content/uploads/2019/10/Figura_8_4-2_EN.png 992w, https://obsnev.es/wp-content/uploads/2019/10/Figura_8_4-2_EN-300x138.png 300w, https://obsnev.es/wp-content/uploads/2019/10/Figura_8_4-2_EN-768x352.png 768w, https://obsnev.es/wp-content/uploads/2019/10/Figura_8_4-2_EN-18x8.png 18w" sizes="(max-width: 992px) 100vw, 992px" />															</div>
				</div>
				<div class="elementor-element elementor-element-0f416af elementor-widget elementor-widget-text-editor" data-id="0f416af" data-element_type="widget" data-e-type="widget" data-widget_type="text-editor.default">
				<div class="elementor-widget-container">
									<div id="panel-gb4326-69a033732152e-0-0-0" class="so-panel widget widget_sow-editor panel-first-child" data-index="0"><div class="fila_ficha panel-widget-style panel-widget-style-for-gb4326-69a033732152e-0-0-0"><div class="so-widget-sow-editor so-widget-sow-editor-base"><div id="panel-gb4326-69a033732152e-0-0-2" class="so-panel widget widget_sow-editor" data-index="2"><div class="fila_ficha panel-widget-style panel-widget-style-for-gb4326-69a033732152e-0-0-2"><div class="so-widget-sow-editor so-widget-sow-editor-base"><div id="panel-gb4581-69a0338952d0b-0-0-2" class="so-panel widget widget_sow-editor" data-index="2"><div class="so-widget-sow-editor so-widget-sow-editor-base"><div id="panel-gb4741-69a7ff2e37c83-0-0-2" class="so-panel widget widget_sow-editor" data-index="2"><div class="so-widget-sow-editor so-widget-sow-editor-base"><h3 class="widget-title">Periodicity</h3><div class="siteorigin-widget-tinymce textwidget"><p>Initially a triennial periodicity was established, to be modified depending on the results in successive replicates.</p></div></div></div><div id="panel-gb4741-69a7ff2e37c83-0-0-3" class="so-panel widget widget_sow-editor panel-last-child" data-index="3"><div class="so-widget-sow-editor so-widget-sow-editor-base"><h3 class="widget-title">References</h3><div class="siteorigin-widget-tinymce textwidget"><p>B.L.M. (Eds.) 1996. Sampling vegetation attributes. BLM Technical reference 1734-4. Bureau of Land Management´s National Applied Resource Sciences Center. Denver, USA.<br />Maestre, F. T., Callaway, R. M., Valladares, F. y Lortie, C. 2009. Refining the stress-gradient hypothesis for competition and facilitation in plant communities. J. Ecol., 97: 199-205.<br />Maestre, F. T. y Escudero, A. 2009. Is the patch-size distribution of vegetation a suitable indicator of desertification processes? Ecology, 90: 1729-1735.</p></div></div></div></div></div></div></div></div></div></div></div>								</div>
				</div>
					</div>
				</div>
				</div>
