{"id":1012195,"date":"2026-03-04T10:54:03","date_gmt":"2026-03-04T09:54:03","guid":{"rendered":"https:\/\/new.obsnev.es\/?post_type=protocolos&#038;p=1012195"},"modified":"2026-03-04T12:19:08","modified_gmt":"2026-03-04T11:19:08","slug":"comunidades-vegetales-de-alta-montana-proyecto-gloria","status":"publish","type":"protocolos","link":"https:\/\/obsnev.es\/en\/protocolos\/comunidades-vegetales-de-alta-montana-proyecto-gloria\/","title":{"rendered":"High-mountain plant communities: Project GLORIA"},"content":{"rendered":"<div data-elementor-type=\"wp-post\" data-elementor-id=\"1012195\" class=\"elementor elementor-1012195\" data-elementor-post-type=\"protocolos\">\n\t\t\t\t<div class=\"elementor-element elementor-element-63787e3 e-flex e-con-boxed e-con e-parent\" data-id=\"63787e3\" data-element_type=\"container\" data-e-type=\"container\">\n\t\t\t\t\t<div class=\"e-con-inner\">\n\t\t\t\t<div class=\"elementor-element elementor-element-4db42ea elementor-widget elementor-widget-text-editor\" data-id=\"4db42ea\" data-element_type=\"widget\" data-e-type=\"widget\" data-widget_type=\"text-editor.default\">\n\t\t\t\t<div class=\"elementor-widget-container\">\n\t\t\t\t\t\t\t\t\t<div id=\"panel-gb4326-69a033732152e-0-0-0\" class=\"so-panel widget widget_sow-editor panel-first-child\" data-index=\"0\"><div class=\"fila_ficha panel-widget-style panel-widget-style-for-gb4326-69a033732152e-0-0-0\"><div class=\"so-widget-sow-editor so-widget-sow-editor-base\"><h3 class=\"widget-title\">Aims<\/h3><div class=\"siteorigin-widget-tinymce textwidget\"><p>The basic goal of this protocol is to evaluate the possible losses in biodiversity as well as the vulnerability of high-mountain ecosystems under climatic change. This approach is based on the project GLORIA-EUROPE (Global Observation Research Initiative in Alpine Environments), begun in 2001. This is the first European monitoring network for the effects of climatic change on biodiversity.<\/p><\/div><\/div><\/div><\/div>\t\t\t\t\t\t\t\t<\/div>\n\t\t\t\t<\/div>\n\t\t\t\t<div class=\"elementor-element elementor-element-e2fa565 elementor-widget elementor-widget-image\" data-id=\"e2fa565\" data-element_type=\"widget\" data-e-type=\"widget\" data-widget_type=\"image.default\">\n\t\t\t\t<div class=\"elementor-widget-container\">\n\t\t\t\t\t\t\t\t\t\t\t\t\t\t\t<img fetchpriority=\"high\" decoding=\"async\" width=\"992\" height=\"573\" src=\"https:\/\/obsnev.es\/wp-content\/uploads\/2019\/09\/Figura_8_3-1_ES.png\" class=\"attachment-2048x2048 size-2048x2048 wp-image-4577\" alt=\"\" srcset=\"https:\/\/obsnev.es\/wp-content\/uploads\/2019\/09\/Figura_8_3-1_ES.png 992w, https:\/\/obsnev.es\/wp-content\/uploads\/2019\/09\/Figura_8_3-1_ES-300x173.png 300w, https:\/\/obsnev.es\/wp-content\/uploads\/2019\/09\/Figura_8_3-1_ES-768x444.png 768w, https:\/\/obsnev.es\/wp-content\/uploads\/2019\/09\/Figura_8_3-1_ES-18x10.png 18w\" sizes=\"(max-width: 992px) 100vw, 992px\" \/>\t\t\t\t\t\t\t\t\t\t\t\t\t\t\t<\/div>\n\t\t\t\t<\/div>\n\t\t\t\t<div class=\"elementor-element elementor-element-95f591f elementor-widget elementor-widget-text-editor\" data-id=\"95f591f\" data-element_type=\"widget\" data-e-type=\"widget\" data-widget_type=\"text-editor.default\">\n\t\t\t\t<div class=\"elementor-widget-container\">\n\t\t\t\t\t\t\t\t\t<div id=\"panel-gb4326-69a033732152e-0-0-0\" class=\"so-panel widget widget_sow-editor panel-first-child\" data-index=\"0\"><div class=\"fila_ficha panel-widget-style panel-widget-style-for-gb4326-69a033732152e-0-0-0\"><div class=\"so-widget-sow-editor so-widget-sow-editor-base\"><div id=\"panel-gb4326-69a033732152e-0-0-2\" class=\"so-panel widget widget_sow-editor\" data-index=\"2\"><div class=\"fila_ficha panel-widget-style panel-widget-style-for-gb4326-69a033732152e-0-0-2\"><div class=\"so-widget-sow-editor so-widget-sow-editor-base\"><h3 class=\"widget-title\">Method and effort<\/h3><div class=\"siteorigin-widget-tinymce textwidget\"><p>Se han seleccionado 4 cimas que responden a un gradiente altitudinal comprendido entre los 2.700 y 3.300 metros de altitud. En cada cima el muestreo de la vegetaci\u00f3n se ha estructurado en dos partes: 1. Muestreo detallado en 16 cuadrados permanentes de 1\u00d71 m, delimitados \u00e9stos por parcelas de 3\u00d73 m emplazadas en las direcciones de los cuatro puntos cardinales. En ellos se registran por un lado la composici\u00f3n espec\u00edfica y la cobertura de cada componente (planta, suelo desnudo, roca, etc.) expresada en porcentaje, y por otro la frecuencia de aparici\u00f3n, de cada componente bi\u00f3tico o abi\u00f3tico considerado. 2. Muestreo en ocho secciones del \u00e1rea cimera. Las secciones quedan delimitadas por las direcciones principales y sendas l\u00edneas a 5 y 10 metros de desnivel desde el punto central de la cima, situado en su zona m\u00e1s alta. Para cada secci\u00f3n se estima la composici\u00f3n de taxones y su cobertura correspondiente seg\u00fan una escala de abundancia cualitativa en funci\u00f3n de la representatividad (dominante, com\u00fan, extendido, raro, muy raro o de presencia puntual). Se estima asimismo la representatividad, expresada en porcentajes de los diferentes tipos de superficie.<\/p><\/div><\/div><\/div><\/div><\/div><\/div><\/div>\t\t\t\t\t\t\t\t<\/div>\n\t\t\t\t<\/div>\n\t\t\t\t<div class=\"elementor-element elementor-element-07a90e4 elementor-widget elementor-widget-image\" data-id=\"07a90e4\" data-element_type=\"widget\" data-e-type=\"widget\" data-widget_type=\"image.default\">\n\t\t\t\t<div class=\"elementor-widget-container\">\n\t\t\t\t\t\t\t\t\t\t\t\t\t\t\t<img decoding=\"async\" width=\"992\" height=\"446\" src=\"https:\/\/obsnev.es\/wp-content\/uploads\/2019\/09\/Figura_8_3-2_ES.png\" class=\"attachment-2048x2048 size-2048x2048 wp-image-4576\" alt=\"\" srcset=\"https:\/\/obsnev.es\/wp-content\/uploads\/2019\/09\/Figura_8_3-2_ES.png 992w, https:\/\/obsnev.es\/wp-content\/uploads\/2019\/09\/Figura_8_3-2_ES-300x135.png 300w, https:\/\/obsnev.es\/wp-content\/uploads\/2019\/09\/Figura_8_3-2_ES-768x345.png 768w, https:\/\/obsnev.es\/wp-content\/uploads\/2019\/09\/Figura_8_3-2_ES-18x8.png 18w\" sizes=\"(max-width: 992px) 100vw, 992px\" \/>\t\t\t\t\t\t\t\t\t\t\t\t\t\t\t<\/div>\n\t\t\t\t<\/div>\n\t\t\t\t<div class=\"elementor-element elementor-element-0f416af elementor-widget elementor-widget-text-editor\" data-id=\"0f416af\" data-element_type=\"widget\" data-e-type=\"widget\" data-widget_type=\"text-editor.default\">\n\t\t\t\t<div class=\"elementor-widget-container\">\n\t\t\t\t\t\t\t\t\t<div id=\"panel-gb4326-69a033732152e-0-0-0\" class=\"so-panel widget widget_sow-editor panel-first-child\" data-index=\"0\"><div class=\"fila_ficha panel-widget-style panel-widget-style-for-gb4326-69a033732152e-0-0-0\"><div class=\"so-widget-sow-editor so-widget-sow-editor-base\"><div id=\"panel-gb4326-69a033732152e-0-0-2\" class=\"so-panel widget widget_sow-editor\" data-index=\"2\"><div class=\"fila_ficha panel-widget-style panel-widget-style-for-gb4326-69a033732152e-0-0-2\"><div class=\"so-widget-sow-editor so-widget-sow-editor-base\"><div id=\"panel-gb4581-69a0338952d0b-0-0-2\" class=\"so-panel widget widget_sow-editor\" data-index=\"2\"><div class=\"so-widget-sow-editor so-widget-sow-editor-base\"><div id=\"panel-gb4575-69a7ff2da30a3-0-0-2\" class=\"so-panel widget widget_sow-editor\" data-index=\"2\"><div class=\"so-widget-sow-editor so-widget-sow-editor-base\"><h3 class=\"widget-title\">Periodicity<\/h3><div class=\"siteorigin-widget-tinymce textwidget\"><p>The periodicity initially established was 7 years. The possibility is being considered of modifying the frequency for future monitoring.<\/p><\/div><\/div><\/div><div id=\"panel-gb4575-69a7ff2da30a3-0-0-3\" class=\"so-panel widget widget_sow-editor\" data-index=\"3\"><div class=\"so-widget-sow-editor so-widget-sow-editor-base\"><h3 class=\"widget-title\">Results<\/h3><div class=\"siteorigin-widget-tinymce textwidget\"><p>Download PDF:\u00a0<a href=\"https:\/\/obsnev.es\/wp-content\/uploads\/2019\/12\/5_1_GLORIA.pdf\" target=\"_blank\" rel=\"noopener\">Espa\u00f1ol<\/a>\u00a0\/\u00a0<a href=\"https:\/\/obsnev.es\/wp-content\/uploads\/2019\/12\/5_1_GLORIA_EN.pdf\" target=\"_blank\" rel=\"noopener\">English<\/a><\/p><\/div><\/div><\/div><div id=\"panel-gb4575-69a7ff2da30a3-0-0-4\" class=\"so-panel widget widget_sow-editor panel-last-child\" data-index=\"4\"><div class=\"so-widget-sow-editor so-widget-sow-editor-base\"><h3 class=\"widget-title\">References<\/h3><div class=\"siteorigin-widget-tinymce textwidget\"><p>Pauli, H., Gottfried, M., Hohenwallner, D., Reiter K. y Grabherr, G. 2003. Manual para el trabajo de campo del proyecto GLORIA. Aproximaci\u00f3n al estudio de las cimas. Iniciativa para la Investigaci\u00f3n y el Seguimiento Global de los Ambientes Alpinos, como contribuci\u00f3n al Sistema Terrestre de Observaci\u00f3n Global (GTOS). Versi\u00f3n traducida por Lu\u00eds Villar. 67 pp.<br \/>Gottfried, M., Pauli, H., Futschik, A., Akhalkatsi, M., Barancok, P., Benito Alonso, J.L., Coldea, G., Dick, J., Erschbamer, B., Fern\u00b7ndez Calzado, M.R., Kazakis, G., Krajci, J., Larsson, P., Mallaun, M., Michelsen, O., Moiseev, D., Moiseev, P., Molau, U., Merzouki, A., Nagy, L., Nakhutsrishvili, G., Pedersen, B., Pelino, G., Puscas, M., Rossi, G., Stanisci, A., Theurillat, J.P., Tomaselli, M., Villar, L., Vittoz, P., Vogiatzakis, I. y Grabherr, G. 2012. Continent-wide response of mountain vegetation to climate change. Nature Climate Change. doi: 10.1038\/ NCLIMATE1329<\/p><\/div><\/div><\/div><\/div><\/div><\/div><\/div><\/div><\/div><\/div><\/div>\t\t\t\t\t\t\t\t<\/div>\n\t\t\t\t<\/div>\n\t\t\t\t\t<\/div>\n\t\t\t\t<\/div>\n\t\t\t\t<\/div>","protected":false},"featured_media":4577,"template":"","meta":{"_acf_changed":false},"ambito-tematico":[352],"class_list":["post-1012195","protocolos","type-protocolos","status-publish","has-post-thumbnail","hentry","ambito-tematico-repercusiones-sobre-la-biodiversidad-modelos-de-distribucion-potencial"],"acf":[],"aioseo_notices":[],"_links":{"self":[{"href":"https:\/\/obsnev.es\/en\/wp-json\/wp\/v2\/protocolos\/1012195","targetHints":{"allow":["GET"]}}],"collection":[{"href":"https:\/\/obsnev.es\/en\/wp-json\/wp\/v2\/protocolos"}],"about":[{"href":"https:\/\/obsnev.es\/en\/wp-json\/wp\/v2\/types\/protocolos"}],"version-history":[{"count":11,"href":"https:\/\/obsnev.es\/en\/wp-json\/wp\/v2\/protocolos\/1012195\/revisions"}],"predecessor-version":[{"id":1012227,"href":"https:\/\/obsnev.es\/en\/wp-json\/wp\/v2\/protocolos\/1012195\/revisions\/1012227"}],"wp:featuredmedia":[{"embeddable":true,"href":"https:\/\/obsnev.es\/en\/wp-json\/wp\/v2\/media\/4577"}],"wp:attachment":[{"href":"https:\/\/obsnev.es\/en\/wp-json\/wp\/v2\/media?parent=1012195"}],"wp:term":[{"taxonomy":"ambito-tematico","embeddable":true,"href":"https:\/\/obsnev.es\/en\/wp-json\/wp\/v2\/ambito-tematico?post=1012195"}],"curies":[{"name":"wp","href":"https:\/\/api.w.org\/{rel}","templated":true}]}}

<div data-elementor-type="wp-post" data-elementor-id="1012195" class="elementor elementor-1012195" data-elementor-post-type="protocolos">
				<div class="elementor-element elementor-element-63787e3 e-flex e-con-boxed e-con e-parent" data-id="63787e3" data-element_type="container" data-e-type="container">
					<div class="e-con-inner">
				<div class="elementor-element elementor-element-4db42ea elementor-widget elementor-widget-text-editor" data-id="4db42ea" data-element_type="widget" data-e-type="widget" data-widget_type="text-editor.default">
				<div class="elementor-widget-container">
									<div id="panel-gb4326-69a033732152e-0-0-0" class="so-panel widget widget_sow-editor panel-first-child" data-index="0"><div class="fila_ficha panel-widget-style panel-widget-style-for-gb4326-69a033732152e-0-0-0"><div class="so-widget-sow-editor so-widget-sow-editor-base"><h3 class="widget-title">Aims</h3><div class="siteorigin-widget-tinymce textwidget"><p>The basic goal of this protocol is to evaluate the possible losses in biodiversity as well as the vulnerability of high-mountain ecosystems under climatic change. This approach is based on the project GLORIA-EUROPE (Global Observation Research Initiative in Alpine Environments), begun in 2001. This is the first European monitoring network for the effects of climatic change on biodiversity.</p></div></div></div></div>								</div>
				</div>
				<div class="elementor-element elementor-element-e2fa565 elementor-widget elementor-widget-image" data-id="e2fa565" data-element_type="widget" data-e-type="widget" data-widget_type="image.default">
				<div class="elementor-widget-container">
															<img fetchpriority="high" decoding="async" width="992" height="573" src="https://obsnev.es/wp-content/uploads/2019/09/Figura_8_3-1_ES.png" class="attachment-2048x2048 size-2048x2048 wp-image-4577" alt="" srcset="https://obsnev.es/wp-content/uploads/2019/09/Figura_8_3-1_ES.png 992w, https://obsnev.es/wp-content/uploads/2019/09/Figura_8_3-1_ES-300x173.png 300w, https://obsnev.es/wp-content/uploads/2019/09/Figura_8_3-1_ES-768x444.png 768w, https://obsnev.es/wp-content/uploads/2019/09/Figura_8_3-1_ES-18x10.png 18w" sizes="(max-width: 992px) 100vw, 992px" />															</div>
				</div>
				<div class="elementor-element elementor-element-95f591f elementor-widget elementor-widget-text-editor" data-id="95f591f" data-element_type="widget" data-e-type="widget" data-widget_type="text-editor.default">
				<div class="elementor-widget-container">
									<div id="panel-gb4326-69a033732152e-0-0-0" class="so-panel widget widget_sow-editor panel-first-child" data-index="0"><div class="fila_ficha panel-widget-style panel-widget-style-for-gb4326-69a033732152e-0-0-0"><div class="so-widget-sow-editor so-widget-sow-editor-base"><div id="panel-gb4326-69a033732152e-0-0-2" class="so-panel widget widget_sow-editor" data-index="2"><div class="fila_ficha panel-widget-style panel-widget-style-for-gb4326-69a033732152e-0-0-2"><div class="so-widget-sow-editor so-widget-sow-editor-base"><h3 class="widget-title">Method and effort</h3><div class="siteorigin-widget-tinymce textwidget"><p>Se han seleccionado 4 cimas que responden a un gradiente altitudinal comprendido entre los 2.700 y 3.300 metros de altitud. En cada cima el muestreo de la vegetación se ha estructurado en dos partes: 1. Muestreo detallado en 16 cuadrados permanentes de 1×1 m, delimitados éstos por parcelas de 3×3 m emplazadas en las direcciones de los cuatro puntos cardinales. En ellos se registran por un lado la composición específica y la cobertura de cada componente (planta, suelo desnudo, roca, etc.) expresada en porcentaje, y por otro la frecuencia de aparición, de cada componente biótico o abiótico considerado. 2. Muestreo en ocho secciones del área cimera. Las secciones quedan delimitadas por las direcciones principales y sendas líneas a 5 y 10 metros de desnivel desde el punto central de la cima, situado en su zona más alta. Para cada sección se estima la composición de taxones y su cobertura correspondiente según una escala de abundancia cualitativa en función de la representatividad (dominante, común, extendido, raro, muy raro o de presencia puntual). Se estima asimismo la representatividad, expresada en porcentajes de los diferentes tipos de superficie.</p></div></div></div></div></div></div></div>								</div>
				</div>
				<div class="elementor-element elementor-element-07a90e4 elementor-widget elementor-widget-image" data-id="07a90e4" data-element_type="widget" data-e-type="widget" data-widget_type="image.default">
				<div class="elementor-widget-container">
															<img decoding="async" width="992" height="446" src="https://obsnev.es/wp-content/uploads/2019/09/Figura_8_3-2_ES.png" class="attachment-2048x2048 size-2048x2048 wp-image-4576" alt="" srcset="https://obsnev.es/wp-content/uploads/2019/09/Figura_8_3-2_ES.png 992w, https://obsnev.es/wp-content/uploads/2019/09/Figura_8_3-2_ES-300x135.png 300w, https://obsnev.es/wp-content/uploads/2019/09/Figura_8_3-2_ES-768x345.png 768w, https://obsnev.es/wp-content/uploads/2019/09/Figura_8_3-2_ES-18x8.png 18w" sizes="(max-width: 992px) 100vw, 992px" />															</div>
				</div>
				<div class="elementor-element elementor-element-0f416af elementor-widget elementor-widget-text-editor" data-id="0f416af" data-element_type="widget" data-e-type="widget" data-widget_type="text-editor.default">
				<div class="elementor-widget-container">
									<div id="panel-gb4326-69a033732152e-0-0-0" class="so-panel widget widget_sow-editor panel-first-child" data-index="0"><div class="fila_ficha panel-widget-style panel-widget-style-for-gb4326-69a033732152e-0-0-0"><div class="so-widget-sow-editor so-widget-sow-editor-base"><div id="panel-gb4326-69a033732152e-0-0-2" class="so-panel widget widget_sow-editor" data-index="2"><div class="fila_ficha panel-widget-style panel-widget-style-for-gb4326-69a033732152e-0-0-2"><div class="so-widget-sow-editor so-widget-sow-editor-base"><div id="panel-gb4581-69a0338952d0b-0-0-2" class="so-panel widget widget_sow-editor" data-index="2"><div class="so-widget-sow-editor so-widget-sow-editor-base"><div id="panel-gb4575-69a7ff2da30a3-0-0-2" class="so-panel widget widget_sow-editor" data-index="2"><div class="so-widget-sow-editor so-widget-sow-editor-base"><h3 class="widget-title">Periodicity</h3><div class="siteorigin-widget-tinymce textwidget"><p>The periodicity initially established was 7 years. The possibility is being considered of modifying the frequency for future monitoring.</p></div></div></div><div id="panel-gb4575-69a7ff2da30a3-0-0-3" class="so-panel widget widget_sow-editor" data-index="3"><div class="so-widget-sow-editor so-widget-sow-editor-base"><h3 class="widget-title">Results</h3><div class="siteorigin-widget-tinymce textwidget"><p>Download PDF: <a href="https://obsnev.es/wp-content/uploads/2019/12/5_1_GLORIA.pdf" target="_blank" rel="noopener">Español</a> / <a href="https://obsnev.es/wp-content/uploads/2019/12/5_1_GLORIA_EN.pdf" target="_blank" rel="noopener">English</a></p></div></div></div><div id="panel-gb4575-69a7ff2da30a3-0-0-4" class="so-panel widget widget_sow-editor panel-last-child" data-index="4"><div class="so-widget-sow-editor so-widget-sow-editor-base"><h3 class="widget-title">References</h3><div class="siteorigin-widget-tinymce textwidget"><p>Pauli, H., Gottfried, M., Hohenwallner, D., Reiter K. y Grabherr, G. 2003. Manual para el trabajo de campo del proyecto GLORIA. Aproximación al estudio de las cimas. Iniciativa para la Investigación y el Seguimiento Global de los Ambientes Alpinos, como contribución al Sistema Terrestre de Observación Global (GTOS). Versión traducida por Luís Villar. 67 pp.<br />Gottfried, M., Pauli, H., Futschik, A., Akhalkatsi, M., Barancok, P., Benito Alonso, J.L., Coldea, G., Dick, J., Erschbamer, B., Fern·ndez Calzado, M.R., Kazakis, G., Krajci, J., Larsson, P., Mallaun, M., Michelsen, O., Moiseev, D., Moiseev, P., Molau, U., Merzouki, A., Nagy, L., Nakhutsrishvili, G., Pedersen, B., Pelino, G., Puscas, M., Rossi, G., Stanisci, A., Theurillat, J.P., Tomaselli, M., Villar, L., Vittoz, P., Vogiatzakis, I. y Grabherr, G. 2012. Continent-wide response of mountain vegetation to climate change. Nature Climate Change. doi: 10.1038/ NCLIMATE1329</p></div></div></div></div></div></div></div></div></div></div></div>								</div>
				</div>
					</div>
				</div>
				</div>
