{"id":1012254,"date":"2026-03-04T12:41:37","date_gmt":"2026-03-04T11:41:37","guid":{"rendered":"https:\/\/new.obsnev.es\/?post_type=protocolos&#038;p=1012254"},"modified":"2026-03-04T12:49:55","modified_gmt":"2026-03-04T11:49:55","slug":"seguimiento-de-la-poblacion-de-cabra-montes","status":"publish","type":"protocolos","link":"https:\/\/obsnev.es\/en\/protocolos\/seguimiento-de-la-poblacion-de-cabra-montes\/","title":{"rendered":"Monitoring of the Spanish Ibex population"},"content":{"rendered":"<div data-elementor-type=\"wp-post\" data-elementor-id=\"1012254\" class=\"elementor elementor-1012254\" data-elementor-post-type=\"protocolos\">\n\t\t\t\t<div class=\"elementor-element elementor-element-63787e3 e-flex e-con-boxed e-con e-parent\" data-id=\"63787e3\" data-element_type=\"container\" data-e-type=\"container\">\n\t\t\t\t\t<div class=\"e-con-inner\">\n\t\t\t\t<div class=\"elementor-element elementor-element-4db42ea elementor-widget elementor-widget-text-editor\" data-id=\"4db42ea\" data-element_type=\"widget\" data-e-type=\"widget\" data-widget_type=\"text-editor.default\">\n\t\t\t\t<div class=\"elementor-widget-container\">\n\t\t\t\t\t\t\t\t\t<div id=\"panel-gb4326-69a033732152e-0-0-0\" class=\"so-panel widget widget_sow-editor panel-first-child\" data-index=\"0\"><div class=\"fila_ficha panel-widget-style panel-widget-style-for-gb4326-69a033732152e-0-0-0\"><div class=\"so-widget-sow-editor so-widget-sow-editor-base\"><h3 class=\"widget-title\">Aims<\/h3><div class=\"siteorigin-widget-tinymce textwidget\"><p>The aim is to monitor the population parameters of the Spanish ibex. In Sierra Nevada the population of this species reaches densities of some 9 individuals\/km2, although in certain areas and specific periods the optimal density is estimated at some 4 to 5 individuals\/km2. This triggers adverse effects on endemic plants and ecosystems of Sierra Nevada that should be appropriately managed. Therefore, the aim of this monitoring is to assess the population trends of the Spanish ibex in Sierra Nevada and to implement management measures intended to conserve the species and maintain its populations within sustainable ranges.<\/p><\/div><\/div><\/div><\/div>\t\t\t\t\t\t\t\t<\/div>\n\t\t\t\t<\/div>\n\t\t\t\t<div class=\"elementor-element elementor-element-07a90e4 elementor-widget elementor-widget-image\" data-id=\"07a90e4\" data-element_type=\"widget\" data-e-type=\"widget\" data-widget_type=\"image.default\">\n\t\t\t\t<div class=\"elementor-widget-container\">\n\t\t\t\t\t\t\t\t\t\t\t\t\t\t\t<img fetchpriority=\"high\" decoding=\"async\" width=\"992\" height=\"466\" src=\"https:\/\/obsnev.es\/wp-content\/uploads\/2019\/10\/Figura_8_9-1_ES.png\" class=\"attachment-2048x2048 size-2048x2048 wp-image-4769\" alt=\"\" srcset=\"https:\/\/obsnev.es\/wp-content\/uploads\/2019\/10\/Figura_8_9-1_ES.png 992w, https:\/\/obsnev.es\/wp-content\/uploads\/2019\/10\/Figura_8_9-1_ES-300x141.png 300w, https:\/\/obsnev.es\/wp-content\/uploads\/2019\/10\/Figura_8_9-1_ES-768x361.png 768w, https:\/\/obsnev.es\/wp-content\/uploads\/2019\/10\/Figura_8_9-1_ES-18x8.png 18w\" sizes=\"(max-width: 992px) 100vw, 992px\" \/>\t\t\t\t\t\t\t\t\t\t\t\t\t\t\t<\/div>\n\t\t\t\t<\/div>\n\t\t\t\t<div class=\"elementor-element elementor-element-95f591f elementor-widget elementor-widget-text-editor\" data-id=\"95f591f\" data-element_type=\"widget\" data-e-type=\"widget\" data-widget_type=\"text-editor.default\">\n\t\t\t\t<div class=\"elementor-widget-container\">\n\t\t\t\t\t\t\t\t\t<div id=\"panel-gb4326-69a033732152e-0-0-0\" class=\"so-panel widget widget_sow-editor panel-first-child\" data-index=\"0\"><div class=\"fila_ficha panel-widget-style panel-widget-style-for-gb4326-69a033732152e-0-0-0\"><div class=\"so-widget-sow-editor so-widget-sow-editor-base\"><div id=\"panel-gb4326-69a033732152e-0-0-2\" class=\"so-panel widget widget_sow-editor\" data-index=\"2\"><div class=\"fila_ficha panel-widget-style panel-widget-style-for-gb4326-69a033732152e-0-0-2\"><div class=\"so-widget-sow-editor so-widget-sow-editor-base\"><h3 class=\"widget-title\">Method and effort<\/h3><div class=\"siteorigin-widget-tinymce textwidget\"><p>For the objectives set, the following methodologies have been put into practice:<\/p><ol><li>Annual population estimates, both in Sierra Nevada as well as in peripheral mountain systems.<\/li><li>Matching the population to theoretic parameters (sex ratio, populational pyramid, reproductive index, reproductive potential, etc.).<\/li><li>Capture of live specimens, both by physical methods (capture devices) as well as chemical (anaesthesia) and the taking of biometric and biological samples.<\/li><li>Hunting of animals, from which a series of biometric and biological data are taken.<\/li><li>Studies of the state of health of the population: studies of parasites and other infectious\/ contagious diseases as well as the genetic characterization of the hosts.<\/li><li>Investigaci\u00f3n sobre la biolog\u00eda de reproducci\u00f3n y la fisiolog\u00eda.<\/li><\/ol><\/div><\/div><\/div><\/div><\/div><\/div><\/div>\t\t\t\t\t\t\t\t<\/div>\n\t\t\t\t<\/div>\n\t\t\t\t<div class=\"elementor-element elementor-element-e2fa565 elementor-widget elementor-widget-image\" data-id=\"e2fa565\" data-element_type=\"widget\" data-e-type=\"widget\" data-widget_type=\"image.default\">\n\t\t\t\t<div class=\"elementor-widget-container\">\n\t\t\t\t\t\t\t\t\t\t\t\t\t\t\t<img decoding=\"async\" width=\"992\" height=\"439\" src=\"https:\/\/obsnev.es\/wp-content\/uploads\/2019\/10\/Figura_8_9-2_ES.png\" class=\"attachment-2048x2048 size-2048x2048 wp-image-4770\" alt=\"\" srcset=\"https:\/\/obsnev.es\/wp-content\/uploads\/2019\/10\/Figura_8_9-2_ES.png 992w, https:\/\/obsnev.es\/wp-content\/uploads\/2019\/10\/Figura_8_9-2_ES-300x133.png 300w, https:\/\/obsnev.es\/wp-content\/uploads\/2019\/10\/Figura_8_9-2_ES-768x340.png 768w, https:\/\/obsnev.es\/wp-content\/uploads\/2019\/10\/Figura_8_9-2_ES-18x8.png 18w\" sizes=\"(max-width: 992px) 100vw, 992px\" \/>\t\t\t\t\t\t\t\t\t\t\t\t\t\t\t<\/div>\n\t\t\t\t<\/div>\n\t\t\t\t<div class=\"elementor-element elementor-element-0f416af elementor-widget elementor-widget-text-editor\" data-id=\"0f416af\" data-element_type=\"widget\" data-e-type=\"widget\" data-widget_type=\"text-editor.default\">\n\t\t\t\t<div class=\"elementor-widget-container\">\n\t\t\t\t\t\t\t\t\t<div id=\"panel-gb4326-69a033732152e-0-0-0\" class=\"so-panel widget widget_sow-editor panel-first-child\" data-index=\"0\"><div class=\"fila_ficha panel-widget-style panel-widget-style-for-gb4326-69a033732152e-0-0-0\"><div class=\"so-widget-sow-editor so-widget-sow-editor-base\"><div id=\"panel-gb4326-69a033732152e-0-0-2\" class=\"so-panel widget widget_sow-editor\" data-index=\"2\"><div class=\"fila_ficha panel-widget-style panel-widget-style-for-gb4326-69a033732152e-0-0-2\"><div class=\"so-widget-sow-editor so-widget-sow-editor-base\"><div id=\"panel-gb4581-69a0338952d0b-0-0-2\" class=\"so-panel widget widget_sow-editor\" data-index=\"2\"><div class=\"so-widget-sow-editor so-widget-sow-editor-base\"><div id=\"panel-gb4768-69a817ffa7b5e-0-0-2\" class=\"so-panel widget widget_sow-editor\" data-index=\"2\"><div class=\"so-widget-sow-editor so-widget-sow-editor-base\"><h3 class=\"widget-title\">Periodicity<\/h3><div class=\"siteorigin-widget-tinymce textwidget\"><p>The population estimates are made annually during the month of October. The rest of the works are executed daily.<\/p><\/div><\/div><\/div><div id=\"panel-gb4768-69a817ffa7b5e-0-0-3\" class=\"so-panel widget widget_sow-editor\" data-index=\"3\"><div class=\"so-widget-sow-editor so-widget-sow-editor-base\"><h3 class=\"widget-title\">Results<\/h3><div class=\"siteorigin-widget-tinymce textwidget\"><p>Download PDF:\u00a0<a href=\"https:\/\/obsnev.es\/wp-content\/uploads\/2019\/12\/5_6_Ungulados.pdf\" target=\"_blank\" rel=\"noopener\">Espa\u00f1ol<\/a>\u00a0\/\u00a0<a href=\"https:\/\/obsnev.es\/wp-content\/uploads\/2019\/12\/5_6_Ungulados_EN.pdf\" target=\"_blank\" rel=\"noopener\">English<\/a><\/p><\/div><\/div><\/div><div id=\"panel-gb4768-69a817ffa7b5e-0-0-4\" class=\"so-panel widget widget_sow-editor panel-last-child\" data-index=\"4\"><div class=\"so-widget-sow-editor so-widget-sow-editor-base\"><h3 class=\"widget-title\">References<\/h3><div class=\"siteorigin-widget-tinymce textwidget\"><p>Granados, J.E., P\u00e9rez, J.M., M\u00e1rquez, F.J., Serrano, E., Soriguer, R.C. y Fandos, P. 2001. La cabra mont\u00e9s (Capra pyrenaica, Schinz 1838). Galemys, 13(1): 3-37.<br \/>Perez, J.M., Granados, J.E., Soriguer, R.C., Fandos, P., M\u00e1rquez, F.J. y Crampe, J.P. 2002. Distribution, status and conservation problems of the Spanish ibex, Capra pyrenaica (Mammalia: Artiodactyla). Mam. Rev., 32(1): 26-39. P\u00e9rez, J.M. (coord.). 2002. Distribuci\u00f3n, gen\u00e9tica y estatus sanitario de las poblaciones andaluzas de cabra mont\u00e9s. Servicio de Publicaciones, Universidad de Ja\u00e9n, Ja\u00e9n, 267 pp.<\/p><\/div><\/div><\/div><\/div><\/div><\/div><\/div><\/div><\/div><\/div><\/div>\t\t\t\t\t\t\t\t<\/div>\n\t\t\t\t<\/div>\n\t\t\t\t\t<\/div>\n\t\t\t\t<\/div>\n\t\t\t\t<\/div>","protected":false},"featured_media":4769,"template":"","meta":{"_acf_changed":false},"ambito-tematico":[352],"class_list":["post-1012254","protocolos","type-protocolos","status-publish","has-post-thumbnail","hentry","ambito-tematico-repercusiones-sobre-la-biodiversidad-modelos-de-distribucion-potencial"],"acf":[],"aioseo_notices":[],"_links":{"self":[{"href":"https:\/\/obsnev.es\/en\/wp-json\/wp\/v2\/protocolos\/1012254","targetHints":{"allow":["GET"]}}],"collection":[{"href":"https:\/\/obsnev.es\/en\/wp-json\/wp\/v2\/protocolos"}],"about":[{"href":"https:\/\/obsnev.es\/en\/wp-json\/wp\/v2\/types\/protocolos"}],"version-history":[{"count":5,"href":"https:\/\/obsnev.es\/en\/wp-json\/wp\/v2\/protocolos\/1012254\/revisions"}],"predecessor-version":[{"id":1012295,"href":"https:\/\/obsnev.es\/en\/wp-json\/wp\/v2\/protocolos\/1012254\/revisions\/1012295"}],"wp:featuredmedia":[{"embeddable":true,"href":"https:\/\/obsnev.es\/en\/wp-json\/wp\/v2\/media\/4769"}],"wp:attachment":[{"href":"https:\/\/obsnev.es\/en\/wp-json\/wp\/v2\/media?parent=1012254"}],"wp:term":[{"taxonomy":"ambito-tematico","embeddable":true,"href":"https:\/\/obsnev.es\/en\/wp-json\/wp\/v2\/ambito-tematico?post=1012254"}],"curies":[{"name":"wp","href":"https:\/\/api.w.org\/{rel}","templated":true}]}}

<div data-elementor-type="wp-post" data-elementor-id="1012254" class="elementor elementor-1012254" data-elementor-post-type="protocolos">
				<div class="elementor-element elementor-element-63787e3 e-flex e-con-boxed e-con e-parent" data-id="63787e3" data-element_type="container" data-e-type="container">
					<div class="e-con-inner">
				<div class="elementor-element elementor-element-4db42ea elementor-widget elementor-widget-text-editor" data-id="4db42ea" data-element_type="widget" data-e-type="widget" data-widget_type="text-editor.default">
				<div class="elementor-widget-container">
									<div id="panel-gb4326-69a033732152e-0-0-0" class="so-panel widget widget_sow-editor panel-first-child" data-index="0"><div class="fila_ficha panel-widget-style panel-widget-style-for-gb4326-69a033732152e-0-0-0"><div class="so-widget-sow-editor so-widget-sow-editor-base"><h3 class="widget-title">Aims</h3><div class="siteorigin-widget-tinymce textwidget"><p>The aim is to monitor the population parameters of the Spanish ibex. In Sierra Nevada the population of this species reaches densities of some 9 individuals/km2, although in certain areas and specific periods the optimal density is estimated at some 4 to 5 individuals/km2. This triggers adverse effects on endemic plants and ecosystems of Sierra Nevada that should be appropriately managed. Therefore, the aim of this monitoring is to assess the population trends of the Spanish ibex in Sierra Nevada and to implement management measures intended to conserve the species and maintain its populations within sustainable ranges.</p></div></div></div></div>								</div>
				</div>
				<div class="elementor-element elementor-element-07a90e4 elementor-widget elementor-widget-image" data-id="07a90e4" data-element_type="widget" data-e-type="widget" data-widget_type="image.default">
				<div class="elementor-widget-container">
															<img fetchpriority="high" decoding="async" width="992" height="466" src="https://obsnev.es/wp-content/uploads/2019/10/Figura_8_9-1_ES.png" class="attachment-2048x2048 size-2048x2048 wp-image-4769" alt="" srcset="https://obsnev.es/wp-content/uploads/2019/10/Figura_8_9-1_ES.png 992w, https://obsnev.es/wp-content/uploads/2019/10/Figura_8_9-1_ES-300x141.png 300w, https://obsnev.es/wp-content/uploads/2019/10/Figura_8_9-1_ES-768x361.png 768w, https://obsnev.es/wp-content/uploads/2019/10/Figura_8_9-1_ES-18x8.png 18w" sizes="(max-width: 992px) 100vw, 992px" />															</div>
				</div>
				<div class="elementor-element elementor-element-95f591f elementor-widget elementor-widget-text-editor" data-id="95f591f" data-element_type="widget" data-e-type="widget" data-widget_type="text-editor.default">
				<div class="elementor-widget-container">
									<div id="panel-gb4326-69a033732152e-0-0-0" class="so-panel widget widget_sow-editor panel-first-child" data-index="0"><div class="fila_ficha panel-widget-style panel-widget-style-for-gb4326-69a033732152e-0-0-0"><div class="so-widget-sow-editor so-widget-sow-editor-base"><div id="panel-gb4326-69a033732152e-0-0-2" class="so-panel widget widget_sow-editor" data-index="2"><div class="fila_ficha panel-widget-style panel-widget-style-for-gb4326-69a033732152e-0-0-2"><div class="so-widget-sow-editor so-widget-sow-editor-base"><h3 class="widget-title">Method and effort</h3><div class="siteorigin-widget-tinymce textwidget"><p>For the objectives set, the following methodologies have been put into practice:</p><ol><li>Annual population estimates, both in Sierra Nevada as well as in peripheral mountain systems.</li><li>Matching the population to theoretic parameters (sex ratio, populational pyramid, reproductive index, reproductive potential, etc.).</li><li>Capture of live specimens, both by physical methods (capture devices) as well as chemical (anaesthesia) and the taking of biometric and biological samples.</li><li>Hunting of animals, from which a series of biometric and biological data are taken.</li><li>Studies of the state of health of the population: studies of parasites and other infectious/ contagious diseases as well as the genetic characterization of the hosts.</li><li>Investigación sobre la biología de reproducción y la fisiología.</li></ol></div></div></div></div></div></div></div>								</div>
				</div>
				<div class="elementor-element elementor-element-e2fa565 elementor-widget elementor-widget-image" data-id="e2fa565" data-element_type="widget" data-e-type="widget" data-widget_type="image.default">
				<div class="elementor-widget-container">
															<img decoding="async" width="992" height="439" src="https://obsnev.es/wp-content/uploads/2019/10/Figura_8_9-2_ES.png" class="attachment-2048x2048 size-2048x2048 wp-image-4770" alt="" srcset="https://obsnev.es/wp-content/uploads/2019/10/Figura_8_9-2_ES.png 992w, https://obsnev.es/wp-content/uploads/2019/10/Figura_8_9-2_ES-300x133.png 300w, https://obsnev.es/wp-content/uploads/2019/10/Figura_8_9-2_ES-768x340.png 768w, https://obsnev.es/wp-content/uploads/2019/10/Figura_8_9-2_ES-18x8.png 18w" sizes="(max-width: 992px) 100vw, 992px" />															</div>
				</div>
				<div class="elementor-element elementor-element-0f416af elementor-widget elementor-widget-text-editor" data-id="0f416af" data-element_type="widget" data-e-type="widget" data-widget_type="text-editor.default">
				<div class="elementor-widget-container">
									<div id="panel-gb4326-69a033732152e-0-0-0" class="so-panel widget widget_sow-editor panel-first-child" data-index="0"><div class="fila_ficha panel-widget-style panel-widget-style-for-gb4326-69a033732152e-0-0-0"><div class="so-widget-sow-editor so-widget-sow-editor-base"><div id="panel-gb4326-69a033732152e-0-0-2" class="so-panel widget widget_sow-editor" data-index="2"><div class="fila_ficha panel-widget-style panel-widget-style-for-gb4326-69a033732152e-0-0-2"><div class="so-widget-sow-editor so-widget-sow-editor-base"><div id="panel-gb4581-69a0338952d0b-0-0-2" class="so-panel widget widget_sow-editor" data-index="2"><div class="so-widget-sow-editor so-widget-sow-editor-base"><div id="panel-gb4768-69a817ffa7b5e-0-0-2" class="so-panel widget widget_sow-editor" data-index="2"><div class="so-widget-sow-editor so-widget-sow-editor-base"><h3 class="widget-title">Periodicity</h3><div class="siteorigin-widget-tinymce textwidget"><p>The population estimates are made annually during the month of October. The rest of the works are executed daily.</p></div></div></div><div id="panel-gb4768-69a817ffa7b5e-0-0-3" class="so-panel widget widget_sow-editor" data-index="3"><div class="so-widget-sow-editor so-widget-sow-editor-base"><h3 class="widget-title">Results</h3><div class="siteorigin-widget-tinymce textwidget"><p>Download PDF: <a href="https://obsnev.es/wp-content/uploads/2019/12/5_6_Ungulados.pdf" target="_blank" rel="noopener">Español</a> / <a href="https://obsnev.es/wp-content/uploads/2019/12/5_6_Ungulados_EN.pdf" target="_blank" rel="noopener">English</a></p></div></div></div><div id="panel-gb4768-69a817ffa7b5e-0-0-4" class="so-panel widget widget_sow-editor panel-last-child" data-index="4"><div class="so-widget-sow-editor so-widget-sow-editor-base"><h3 class="widget-title">References</h3><div class="siteorigin-widget-tinymce textwidget"><p>Granados, J.E., Pérez, J.M., Márquez, F.J., Serrano, E., Soriguer, R.C. y Fandos, P. 2001. La cabra montés (Capra pyrenaica, Schinz 1838). Galemys, 13(1): 3-37.<br />Perez, J.M., Granados, J.E., Soriguer, R.C., Fandos, P., Márquez, F.J. y Crampe, J.P. 2002. Distribution, status and conservation problems of the Spanish ibex, Capra pyrenaica (Mammalia: Artiodactyla). Mam. Rev., 32(1): 26-39. Pérez, J.M. (coord.). 2002. Distribución, genética y estatus sanitario de las poblaciones andaluzas de cabra montés. Servicio de Publicaciones, Universidad de Jaén, Jaén, 267 pp.</p></div></div></div></div></div></div></div></div></div></div></div>								</div>
				</div>
					</div>
				</div>
				</div>
