{"id":1012256,"date":"2026-03-04T12:41:40","date_gmt":"2026-03-04T11:41:40","guid":{"rendered":"https:\/\/new.obsnev.es\/?post_type=protocolos&#038;p=1012256"},"modified":"2026-03-04T12:52:41","modified_gmt":"2026-03-04T11:52:41","slug":"mamiferos-carnivoros","status":"publish","type":"protocolos","link":"https:\/\/obsnev.es\/en\/protocolos\/mamiferos-carnivoros\/","title":{"rendered":"Carnivorous mammals"},"content":{"rendered":"<div data-elementor-type=\"wp-post\" data-elementor-id=\"1012256\" class=\"elementor elementor-1012256\" data-elementor-post-type=\"protocolos\">\n\t\t\t\t<div class=\"elementor-element elementor-element-63787e3 e-flex e-con-boxed e-con e-parent\" data-id=\"63787e3\" data-element_type=\"container\" data-e-type=\"container\">\n\t\t\t\t\t<div class=\"e-con-inner\">\n\t\t\t\t<div class=\"elementor-element elementor-element-4db42ea elementor-widget elementor-widget-text-editor\" data-id=\"4db42ea\" data-element_type=\"widget\" data-e-type=\"widget\" data-widget_type=\"text-editor.default\">\n\t\t\t\t<div class=\"elementor-widget-container\">\n\t\t\t\t\t\t\t\t\t<div id=\"panel-gb4326-69a033732152e-0-0-0\" class=\"so-panel widget widget_sow-editor panel-first-child\" data-index=\"0\">\n<div class=\"fila_ficha panel-widget-style panel-widget-style-for-gb4326-69a033732152e-0-0-0\">\n<div class=\"so-widget-sow-editor so-widget-sow-editor-base\">\n<h3 class=\"widget-title\">Aims<\/h3>\n<div class=\"siteorigin-widget-tinymce textwidget\">\n<p>The objectives of the monitoring of certain carnivorous mammal species within the framework of this monitoring project are to identify the distribution patterns, abundance, and habitat selection of the species monitored.<\/p>\n<\/div>\n<\/div>\n<\/div>\n<\/div>\t\t\t\t\t\t\t\t<\/div>\n\t\t\t\t<\/div>\n\t\t\t\t<div class=\"elementor-element elementor-element-07a90e4 elementor-widget elementor-widget-image\" data-id=\"07a90e4\" data-element_type=\"widget\" data-e-type=\"widget\" data-widget_type=\"image.default\">\n\t\t\t\t<div class=\"elementor-widget-container\">\n\t\t\t\t\t\t\t\t\t\t\t\t\t\t\t<img fetchpriority=\"high\" decoding=\"async\" width=\"992\" height=\"578\" src=\"https:\/\/obsnev.es\/wp-content\/uploads\/2019\/10\/Figura_8_11-1_ES.png\" class=\"attachment-2048x2048 size-2048x2048 wp-image-4777\" alt=\"\" srcset=\"https:\/\/obsnev.es\/wp-content\/uploads\/2019\/10\/Figura_8_11-1_ES.png 992w, https:\/\/obsnev.es\/wp-content\/uploads\/2019\/10\/Figura_8_11-1_ES-300x175.png 300w, https:\/\/obsnev.es\/wp-content\/uploads\/2019\/10\/Figura_8_11-1_ES-768x447.png 768w, https:\/\/obsnev.es\/wp-content\/uploads\/2019\/10\/Figura_8_11-1_ES-18x10.png 18w\" sizes=\"(max-width: 992px) 100vw, 992px\" \/>\t\t\t\t\t\t\t\t\t\t\t\t\t\t\t<\/div>\n\t\t\t\t<\/div>\n\t\t\t\t<div class=\"elementor-element elementor-element-95f591f elementor-widget elementor-widget-text-editor\" data-id=\"95f591f\" data-element_type=\"widget\" data-e-type=\"widget\" data-widget_type=\"text-editor.default\">\n\t\t\t\t<div class=\"elementor-widget-container\">\n\t\t\t\t\t\t\t\t\t<div id=\"panel-gb4326-69a033732152e-0-0-0\" class=\"so-panel widget widget_sow-editor panel-first-child\" data-index=\"0\">\n<div class=\"fila_ficha panel-widget-style panel-widget-style-for-gb4326-69a033732152e-0-0-0\">\n<div class=\"so-widget-sow-editor so-widget-sow-editor-base\">\n<div id=\"panel-gb4326-69a033732152e-0-0-2\" class=\"so-panel widget widget_sow-editor\" data-index=\"2\">\n<div class=\"fila_ficha panel-widget-style panel-widget-style-for-gb4326-69a033732152e-0-0-2\">\n<div class=\"so-widget-sow-editor so-widget-sow-editor-base\">\n<h3 class=\"widget-title\">Method and effort<\/h3>\n<div class=\"siteorigin-widget-tinymce textwidget\">\n<p>These species are: fox (Vulpes vulpes), beech marten (Martes foina), European badger (Meles meles), European wildcat (Felis silvestris), and common genet (Genetta genetta). To map the distribution and abundance of the mesocarnivore community in Sierra Nevada, we used a UTM grid with squares 5 km x 5 km as the study unit. All the complete UTM squares that contained at least 50% of land included in the protected area were studied, except for 6 squares where elevations of higher than 2,500 m predominated. In each square, we walked a fixed segment of 3 km.<\/p>\n<p>In parallel, local studies are made of the carnivorous fauna by camera traps in order to detect species for which indices could be overlooked during the sampling of the transects (e.g. the common genet), species of low density but of high interest for our work (e.g. European wildcat)<\/p>\n<\/div>\n<\/div>\n<\/div>\n<\/div>\n<\/div>\n<\/div>\n<\/div>\t\t\t\t\t\t\t\t<\/div>\n\t\t\t\t<\/div>\n\t\t\t\t<div class=\"elementor-element elementor-element-e2fa565 elementor-widget elementor-widget-image\" data-id=\"e2fa565\" data-element_type=\"widget\" data-e-type=\"widget\" data-widget_type=\"image.default\">\n\t\t\t\t<div class=\"elementor-widget-container\">\n\t\t\t\t\t\t\t\t\t\t\t\t\t\t\t<img decoding=\"async\" width=\"992\" height=\"436\" src=\"https:\/\/obsnev.es\/wp-content\/uploads\/2019\/10\/Figura_8_11-2_ES.png\" class=\"attachment-2048x2048 size-2048x2048 wp-image-4778\" alt=\"\" srcset=\"https:\/\/obsnev.es\/wp-content\/uploads\/2019\/10\/Figura_8_11-2_ES.png 992w, https:\/\/obsnev.es\/wp-content\/uploads\/2019\/10\/Figura_8_11-2_ES-300x132.png 300w, https:\/\/obsnev.es\/wp-content\/uploads\/2019\/10\/Figura_8_11-2_ES-768x338.png 768w, https:\/\/obsnev.es\/wp-content\/uploads\/2019\/10\/Figura_8_11-2_ES-18x8.png 18w\" sizes=\"(max-width: 992px) 100vw, 992px\" \/>\t\t\t\t\t\t\t\t\t\t\t\t\t\t\t<\/div>\n\t\t\t\t<\/div>\n\t\t\t\t<div class=\"elementor-element elementor-element-0f416af elementor-widget elementor-widget-text-editor\" data-id=\"0f416af\" data-element_type=\"widget\" data-e-type=\"widget\" data-widget_type=\"text-editor.default\">\n\t\t\t\t<div class=\"elementor-widget-container\">\n\t\t\t\t\t\t\t\t\t<div id=\"panel-gb4326-69a033732152e-0-0-0\" class=\"so-panel widget widget_sow-editor panel-first-child\" data-index=\"0\">\n<div class=\"fila_ficha panel-widget-style panel-widget-style-for-gb4326-69a033732152e-0-0-0\">\n<div class=\"so-widget-sow-editor so-widget-sow-editor-base\">\n<div id=\"panel-gb4326-69a033732152e-0-0-2\" class=\"so-panel widget widget_sow-editor\" data-index=\"2\">\n<div class=\"fila_ficha panel-widget-style panel-widget-style-for-gb4326-69a033732152e-0-0-2\">\n<div class=\"so-widget-sow-editor so-widget-sow-editor-base\">\n<div id=\"panel-gb4581-69a0338952d0b-0-0-2\" class=\"so-panel widget widget_sow-editor\" data-index=\"2\">\n<div class=\"so-widget-sow-editor so-widget-sow-editor-base\">\n<div id=\"panel-gb4776-69a81800c40fd-0-0-2\" class=\"so-panel widget widget_sow-editor\" data-index=\"2\">\n<div class=\"so-widget-sow-editor so-widget-sow-editor-base\">\n<h3 class=\"widget-title\">Periodicity<\/h3>\n<div class=\"siteorigin-widget-tinymce textwidget\">\n<p>The monitoring was performed four years apart, in 2007 and again in 2011. The camera trap was begun in 2011, after an experimental phase in 2010.<\/p>\n<\/div>\n<\/div>\n<\/div>\n<div id=\"panel-gb4776-69a81800c40fd-0-0-3\" class=\"so-panel widget widget_sow-editor panel-last-child\" data-index=\"3\">\n<div class=\"so-widget-sow-editor so-widget-sow-editor-base\">\n<h3 class=\"widget-title\">References<\/h3>\n<div class=\"siteorigin-widget-tinymce textwidget\">\n<p>Barea-Azc\u00f3n, J. M., Virg\u00f3s, E., Ballesteros-Duper\u00f3n, E., Mole\u00f3n, M. y Chirosa, M. 2007. Surveying carnivores at large spatial scales: a comparison of four broad-applied methods. Biodivers. Conserv., 16: 1213-1230.<br \/>Boitani, L. y Fuller, T.K. (eds.). 2000. Research Techniques in Animal Ecology. Columbia University Press. New York, 435 pp.<br \/>O\u2019Connell, A.F., Nichols, J.D. y Karanth, K.U. 2011. Camera Traps in Animal Ecology. Methods and Analyses. Springer. New York, 271 pp.<\/p>\n<\/div>\n<\/div>\n<\/div>\n<\/div>\n<\/div>\n<\/div>\n<\/div>\n<\/div>\n<\/div>\n<\/div>\n<\/div>\t\t\t\t\t\t\t\t<\/div>\n\t\t\t\t<\/div>\n\t\t\t\t\t<\/div>\n\t\t\t\t<\/div>\n\t\t\t\t<\/div>","protected":false},"featured_media":4777,"template":"","meta":{"_acf_changed":false},"ambito-tematico":[352],"class_list":["post-1012256","protocolos","type-protocolos","status-publish","has-post-thumbnail","hentry","ambito-tematico-repercusiones-sobre-la-biodiversidad-modelos-de-distribucion-potencial"],"acf":[],"aioseo_notices":[],"_links":{"self":[{"href":"https:\/\/obsnev.es\/en\/wp-json\/wp\/v2\/protocolos\/1012256","targetHints":{"allow":["GET"]}}],"collection":[{"href":"https:\/\/obsnev.es\/en\/wp-json\/wp\/v2\/protocolos"}],"about":[{"href":"https:\/\/obsnev.es\/en\/wp-json\/wp\/v2\/types\/protocolos"}],"version-history":[{"count":6,"href":"https:\/\/obsnev.es\/en\/wp-json\/wp\/v2\/protocolos\/1012256\/revisions"}],"predecessor-version":[{"id":1012301,"href":"https:\/\/obsnev.es\/en\/wp-json\/wp\/v2\/protocolos\/1012256\/revisions\/1012301"}],"wp:featuredmedia":[{"embeddable":true,"href":"https:\/\/obsnev.es\/en\/wp-json\/wp\/v2\/media\/4777"}],"wp:attachment":[{"href":"https:\/\/obsnev.es\/en\/wp-json\/wp\/v2\/media?parent=1012256"}],"wp:term":[{"taxonomy":"ambito-tematico","embeddable":true,"href":"https:\/\/obsnev.es\/en\/wp-json\/wp\/v2\/ambito-tematico?post=1012256"}],"curies":[{"name":"wp","href":"https:\/\/api.w.org\/{rel}","templated":true}]}}

<div data-elementor-type="wp-post" data-elementor-id="1012256" class="elementor elementor-1012256" data-elementor-post-type="protocolos">
				<div class="elementor-element elementor-element-63787e3 e-flex e-con-boxed e-con e-parent" data-id="63787e3" data-element_type="container" data-e-type="container">
					<div class="e-con-inner">
				<div class="elementor-element elementor-element-4db42ea elementor-widget elementor-widget-text-editor" data-id="4db42ea" data-element_type="widget" data-e-type="widget" data-widget_type="text-editor.default">
				<div class="elementor-widget-container">
									<div id="panel-gb4326-69a033732152e-0-0-0" class="so-panel widget widget_sow-editor panel-first-child" data-index="0">
<div class="fila_ficha panel-widget-style panel-widget-style-for-gb4326-69a033732152e-0-0-0">
<div class="so-widget-sow-editor so-widget-sow-editor-base">
<h3 class="widget-title">Aims</h3>
<div class="siteorigin-widget-tinymce textwidget">
<p>The objectives of the monitoring of certain carnivorous mammal species within the framework of this monitoring project are to identify the distribution patterns, abundance, and habitat selection of the species monitored.</p>
</div>
</div>
</div>
</div>								</div>
				</div>
				<div class="elementor-element elementor-element-07a90e4 elementor-widget elementor-widget-image" data-id="07a90e4" data-element_type="widget" data-e-type="widget" data-widget_type="image.default">
				<div class="elementor-widget-container">
															<img fetchpriority="high" decoding="async" width="992" height="578" src="https://obsnev.es/wp-content/uploads/2019/10/Figura_8_11-1_ES.png" class="attachment-2048x2048 size-2048x2048 wp-image-4777" alt="" srcset="https://obsnev.es/wp-content/uploads/2019/10/Figura_8_11-1_ES.png 992w, https://obsnev.es/wp-content/uploads/2019/10/Figura_8_11-1_ES-300x175.png 300w, https://obsnev.es/wp-content/uploads/2019/10/Figura_8_11-1_ES-768x447.png 768w, https://obsnev.es/wp-content/uploads/2019/10/Figura_8_11-1_ES-18x10.png 18w" sizes="(max-width: 992px) 100vw, 992px" />															</div>
				</div>
				<div class="elementor-element elementor-element-95f591f elementor-widget elementor-widget-text-editor" data-id="95f591f" data-element_type="widget" data-e-type="widget" data-widget_type="text-editor.default">
				<div class="elementor-widget-container">
									<div id="panel-gb4326-69a033732152e-0-0-0" class="so-panel widget widget_sow-editor panel-first-child" data-index="0">
<div class="fila_ficha panel-widget-style panel-widget-style-for-gb4326-69a033732152e-0-0-0">
<div class="so-widget-sow-editor so-widget-sow-editor-base">
<div id="panel-gb4326-69a033732152e-0-0-2" class="so-panel widget widget_sow-editor" data-index="2">
<div class="fila_ficha panel-widget-style panel-widget-style-for-gb4326-69a033732152e-0-0-2">
<div class="so-widget-sow-editor so-widget-sow-editor-base">
<h3 class="widget-title">Method and effort</h3>
<div class="siteorigin-widget-tinymce textwidget">
<p>These species are: fox (Vulpes vulpes), beech marten (Martes foina), European badger (Meles meles), European wildcat (Felis silvestris), and common genet (Genetta genetta). To map the distribution and abundance of the mesocarnivore community in Sierra Nevada, we used a UTM grid with squares 5 km x 5 km as the study unit. All the complete UTM squares that contained at least 50% of land included in the protected area were studied, except for 6 squares where elevations of higher than 2,500 m predominated. In each square, we walked a fixed segment of 3 km.</p>
<p>In parallel, local studies are made of the carnivorous fauna by camera traps in order to detect species for which indices could be overlooked during the sampling of the transects (e.g. the common genet), species of low density but of high interest for our work (e.g. European wildcat)</p>
</div>
</div>
</div>
</div>
</div>
</div>
</div>								</div>
				</div>
				<div class="elementor-element elementor-element-e2fa565 elementor-widget elementor-widget-image" data-id="e2fa565" data-element_type="widget" data-e-type="widget" data-widget_type="image.default">
				<div class="elementor-widget-container">
															<img decoding="async" width="992" height="436" src="https://obsnev.es/wp-content/uploads/2019/10/Figura_8_11-2_ES.png" class="attachment-2048x2048 size-2048x2048 wp-image-4778" alt="" srcset="https://obsnev.es/wp-content/uploads/2019/10/Figura_8_11-2_ES.png 992w, https://obsnev.es/wp-content/uploads/2019/10/Figura_8_11-2_ES-300x132.png 300w, https://obsnev.es/wp-content/uploads/2019/10/Figura_8_11-2_ES-768x338.png 768w, https://obsnev.es/wp-content/uploads/2019/10/Figura_8_11-2_ES-18x8.png 18w" sizes="(max-width: 992px) 100vw, 992px" />															</div>
				</div>
				<div class="elementor-element elementor-element-0f416af elementor-widget elementor-widget-text-editor" data-id="0f416af" data-element_type="widget" data-e-type="widget" data-widget_type="text-editor.default">
				<div class="elementor-widget-container">
									<div id="panel-gb4326-69a033732152e-0-0-0" class="so-panel widget widget_sow-editor panel-first-child" data-index="0">
<div class="fila_ficha panel-widget-style panel-widget-style-for-gb4326-69a033732152e-0-0-0">
<div class="so-widget-sow-editor so-widget-sow-editor-base">
<div id="panel-gb4326-69a033732152e-0-0-2" class="so-panel widget widget_sow-editor" data-index="2">
<div class="fila_ficha panel-widget-style panel-widget-style-for-gb4326-69a033732152e-0-0-2">
<div class="so-widget-sow-editor so-widget-sow-editor-base">
<div id="panel-gb4581-69a0338952d0b-0-0-2" class="so-panel widget widget_sow-editor" data-index="2">
<div class="so-widget-sow-editor so-widget-sow-editor-base">
<div id="panel-gb4776-69a81800c40fd-0-0-2" class="so-panel widget widget_sow-editor" data-index="2">
<div class="so-widget-sow-editor so-widget-sow-editor-base">
<h3 class="widget-title">Periodicity</h3>
<div class="siteorigin-widget-tinymce textwidget">
<p>The monitoring was performed four years apart, in 2007 and again in 2011. The camera trap was begun in 2011, after an experimental phase in 2010.</p>
</div>
</div>
</div>
<div id="panel-gb4776-69a81800c40fd-0-0-3" class="so-panel widget widget_sow-editor panel-last-child" data-index="3">
<div class="so-widget-sow-editor so-widget-sow-editor-base">
<h3 class="widget-title">References</h3>
<div class="siteorigin-widget-tinymce textwidget">
<p>Barea-Azcón, J. M., Virgós, E., Ballesteros-Duperón, E., Moleón, M. y Chirosa, M. 2007. Surveying carnivores at large spatial scales: a comparison of four broad-applied methods. Biodivers. Conserv., 16: 1213-1230.<br />Boitani, L. y Fuller, T.K. (eds.). 2000. Research Techniques in Animal Ecology. Columbia University Press. New York, 435 pp.<br />O’Connell, A.F., Nichols, J.D. y Karanth, K.U. 2011. Camera Traps in Animal Ecology. Methods and Analyses. Springer. New York, 271 pp.</p>
</div>
</div>
</div>
</div>
</div>
</div>
</div>
</div>
</div>
</div>
</div>								</div>
				</div>
					</div>
				</div>
				</div>
