{"id":1012260,"date":"2026-03-04T12:41:49","date_gmt":"2026-03-04T11:41:49","guid":{"rendered":"https:\/\/new.obsnev.es\/?post_type=protocolos&#038;p=1012260"},"modified":"2026-03-04T12:57:31","modified_gmt":"2026-03-04T11:57:31","slug":"mariposas-diurnas","status":"publish","type":"protocolos","link":"https:\/\/obsnev.es\/en\/protocolos\/mariposas-diurnas\/","title":{"rendered":"Butterflies"},"content":{"rendered":"<div data-elementor-type=\"wp-post\" data-elementor-id=\"1012260\" class=\"elementor elementor-1012260\" data-elementor-post-type=\"protocolos\">\n\t\t\t\t<div class=\"elementor-element elementor-element-63787e3 e-flex e-con-boxed e-con e-parent\" data-id=\"63787e3\" data-element_type=\"container\" data-e-type=\"container\">\n\t\t\t\t\t<div class=\"e-con-inner\">\n\t\t\t\t<div class=\"elementor-element elementor-element-4db42ea elementor-widget elementor-widget-text-editor\" data-id=\"4db42ea\" data-element_type=\"widget\" data-e-type=\"widget\" data-widget_type=\"text-editor.default\">\n\t\t\t\t<div class=\"elementor-widget-container\">\n\t\t\t\t\t\t\t\t\t<div id=\"panel-gb4326-69a033732152e-0-0-0\" class=\"so-panel widget widget_sow-editor panel-first-child\" data-index=\"0\"><div class=\"fila_ficha panel-widget-style panel-widget-style-for-gb4326-69a033732152e-0-0-0\"><div class=\"so-widget-sow-editor so-widget-sow-editor-base\"><h3 class=\"widget-title\">Aims<\/h3><div class=\"siteorigin-widget-tinymce textwidget\"><p>The main purposes of the monitoring of butterflies in Sierra Nevada (BMSSN: Butterfly Monitoring Scheme de Sierra Nevada) are: to record the population trend of the species monitored; to record the phenological patterns of each species and the possible changes that these might undergo with climatic change; to identify environmental variables related to the distribution and abundance of these species; and finally to establish an early-warning system to enable managers of the Sierra Nevada Natural Park and National Park to implement adaptive measures for these species and their ecosystems.<\/p><\/div><\/div><\/div><\/div>\t\t\t\t\t\t\t\t<\/div>\n\t\t\t\t<\/div>\n\t\t\t\t<div class=\"elementor-element elementor-element-e2fa565 elementor-widget elementor-widget-image\" data-id=\"e2fa565\" data-element_type=\"widget\" data-e-type=\"widget\" data-widget_type=\"image.default\">\n\t\t\t\t<div class=\"elementor-widget-container\">\n\t\t\t\t\t\t\t\t\t\t\t\t\t\t\t<img fetchpriority=\"high\" decoding=\"async\" width=\"992\" height=\"585\" src=\"https:\/\/obsnev.es\/wp-content\/uploads\/2019\/10\/Figura_8_16-1_ES.png\" class=\"attachment-2048x2048 size-2048x2048 wp-image-4795\" alt=\"\" srcset=\"https:\/\/obsnev.es\/wp-content\/uploads\/2019\/10\/Figura_8_16-1_ES.png 992w, https:\/\/obsnev.es\/wp-content\/uploads\/2019\/10\/Figura_8_16-1_ES-300x177.png 300w, https:\/\/obsnev.es\/wp-content\/uploads\/2019\/10\/Figura_8_16-1_ES-768x453.png 768w, https:\/\/obsnev.es\/wp-content\/uploads\/2019\/10\/Figura_8_16-1_ES-18x12.png 18w\" sizes=\"(max-width: 992px) 100vw, 992px\" \/>\t\t\t\t\t\t\t\t\t\t\t\t\t\t\t<\/div>\n\t\t\t\t<\/div>\n\t\t\t\t<div class=\"elementor-element elementor-element-95f591f elementor-widget elementor-widget-text-editor\" data-id=\"95f591f\" data-element_type=\"widget\" data-e-type=\"widget\" data-widget_type=\"text-editor.default\">\n\t\t\t\t<div class=\"elementor-widget-container\">\n\t\t\t\t\t\t\t\t\t<div id=\"panel-gb4326-69a033732152e-0-0-0\" class=\"so-panel widget widget_sow-editor panel-first-child\" data-index=\"0\"><div class=\"fila_ficha panel-widget-style panel-widget-style-for-gb4326-69a033732152e-0-0-0\"><div class=\"so-widget-sow-editor so-widget-sow-editor-base\"><div id=\"panel-gb4326-69a033732152e-0-0-2\" class=\"so-panel widget widget_sow-editor\" data-index=\"2\"><div class=\"fila_ficha panel-widget-style panel-widget-style-for-gb4326-69a033732152e-0-0-2\"><div class=\"so-widget-sow-editor so-widget-sow-editor-base\"><h3 class=\"widget-title\">Method and effort<\/h3><div class=\"siteorigin-widget-tinymce textwidget\"><p>All the butterfly species (except those belonging to the family Hesperiidae) were censused along the transects distributed strategically throughout the work area: oak forests, juniper thickets, thorny shrublands, and summit areas. The methodology consists of walking 10 transects of approximately 2.5 km each between May and September in which all the imagos of the study species (families Papilionidae, Pieridae, Nymphalidae, and Lycaenidae). These walks are made once per week, counting only the specimens sighted 5 m ahead and within a strip of 2.5 m on each side of the observer.<\/p><p>The colonies of species with small and isolated populations require specific effort and monitoring, i.e. elements of great interest for the monitoring of global change that are rarely detected in the preset census transects. In these cases, special effort is dedicated to the mapping of colonies and to the development of models of the ecological niche.<\/p><\/div><\/div><\/div><\/div><\/div><\/div><\/div>\t\t\t\t\t\t\t\t<\/div>\n\t\t\t\t<\/div>\n\t\t\t\t<div class=\"elementor-element elementor-element-07a90e4 elementor-widget elementor-widget-image\" data-id=\"07a90e4\" data-element_type=\"widget\" data-e-type=\"widget\" data-widget_type=\"image.default\">\n\t\t\t\t<div class=\"elementor-widget-container\">\n\t\t\t\t\t\t\t\t\t\t\t\t\t\t\t<img decoding=\"async\" width=\"992\" height=\"473\" src=\"https:\/\/obsnev.es\/wp-content\/uploads\/2019\/10\/Figura_8_16-2_ES.png\" class=\"attachment-2048x2048 size-2048x2048 wp-image-4796\" alt=\"\" srcset=\"https:\/\/obsnev.es\/wp-content\/uploads\/2019\/10\/Figura_8_16-2_ES.png 992w, https:\/\/obsnev.es\/wp-content\/uploads\/2019\/10\/Figura_8_16-2_ES-300x143.png 300w, https:\/\/obsnev.es\/wp-content\/uploads\/2019\/10\/Figura_8_16-2_ES-768x366.png 768w, https:\/\/obsnev.es\/wp-content\/uploads\/2019\/10\/Figura_8_16-2_ES-18x9.png 18w\" sizes=\"(max-width: 992px) 100vw, 992px\" \/>\t\t\t\t\t\t\t\t\t\t\t\t\t\t\t<\/div>\n\t\t\t\t<\/div>\n\t\t\t\t<div class=\"elementor-element elementor-element-0f416af elementor-widget elementor-widget-text-editor\" data-id=\"0f416af\" data-element_type=\"widget\" data-e-type=\"widget\" data-widget_type=\"text-editor.default\">\n\t\t\t\t<div class=\"elementor-widget-container\">\n\t\t\t\t\t\t\t\t\t<div id=\"panel-gb4326-69a033732152e-0-0-0\" class=\"so-panel widget widget_sow-editor panel-first-child\" data-index=\"0\"><div class=\"fila_ficha panel-widget-style panel-widget-style-for-gb4326-69a033732152e-0-0-0\"><div class=\"so-widget-sow-editor so-widget-sow-editor-base\"><div id=\"panel-gb4326-69a033732152e-0-0-2\" class=\"so-panel widget widget_sow-editor\" data-index=\"2\"><div class=\"fila_ficha panel-widget-style panel-widget-style-for-gb4326-69a033732152e-0-0-2\"><div class=\"so-widget-sow-editor so-widget-sow-editor-base\"><div id=\"panel-gb4581-69a0338952d0b-0-0-2\" class=\"so-panel widget widget_sow-editor\" data-index=\"2\"><div class=\"so-widget-sow-editor so-widget-sow-editor-base\"><div id=\"panel-gb4794-69a81804d63cd-0-0-2\" class=\"so-panel widget widget_sow-editor\" data-index=\"2\"><div class=\"so-widget-sow-editor so-widget-sow-editor-base\"><h3 class=\"widget-title\">Periodicity<\/h3><div class=\"siteorigin-widget-tinymce textwidget\"><p>This monitoring is undertaken annually. It began in 2008 with the monitoring of some particular species, and in 2009 the same methodology was followed. In 2010, the rest of the species that currently constitute the BMS of Sierra Nevada were incorporated.<\/p><\/div><\/div><\/div><div id=\"panel-gb4794-69a81804d63cd-0-0-3\" class=\"so-panel widget widget_sow-editor\" data-index=\"3\"><div class=\"so-widget-sow-editor so-widget-sow-editor-base\"><h3 class=\"widget-title\">Results<\/h3><div class=\"siteorigin-widget-tinymce textwidget\"><p>Download PDF:\u00a0<a href=\"https:\/\/obsnev.es\/wp-content\/uploads\/2019\/12\/6_3_mariposas.pdf\" target=\"_blank\" rel=\"noopener\">Espa\u00f1ol<\/a>\u00a0\/\u00a0<a href=\"https:\/\/obsnev.es\/wp-content\/uploads\/2019\/12\/6_3_mariposas_EN.pdf\" target=\"_blank\" rel=\"noopener\">English<\/a><\/p><\/div><\/div><\/div><div id=\"panel-gb4794-69a81804d63cd-0-0-4\" class=\"so-panel widget widget_sow-editor panel-last-child\" data-index=\"4\"><div class=\"so-widget-sow-editor so-widget-sow-editor-base\"><h3 class=\"widget-title\">References<\/h3><div class=\"siteorigin-widget-tinymce textwidget\"><p>Settele, J., Shreeve, T., Konvicka, M. y van Dyck, H. Ecology of Butterflies in Europe. Cambrige University Press. 526 pp.<br \/>Stefanescu, C., Pe\u00f1uelas, J., Filella, L. 2003. Effects of climate change on the phenology of butterflies in the northwest Mediterranean Basin. Glob. Change Biol., 9: 1494-1506.<br \/>Wilson, R.J., Guti\u00e9rrez, D., Guti\u00e9rrez, J., Mart\u00ednez, D., Agudo, R. y Montserrat, V.J. 2005. Changes to the elevational limits and extent of species ranges associated with climate change. Ecol. Lett., 8 (11): 1138-1146.<\/p><\/div><\/div><\/div><\/div><\/div><\/div><\/div><\/div><\/div><\/div><\/div>\t\t\t\t\t\t\t\t<\/div>\n\t\t\t\t<\/div>\n\t\t\t\t\t<\/div>\n\t\t\t\t<\/div>\n\t\t\t\t<\/div>","protected":false},"featured_media":4795,"template":"","meta":{"_acf_changed":false},"ambito-tematico":[352],"class_list":["post-1012260","protocolos","type-protocolos","status-publish","has-post-thumbnail","hentry","ambito-tematico-repercusiones-sobre-la-biodiversidad-modelos-de-distribucion-potencial"],"acf":[],"aioseo_notices":[],"_links":{"self":[{"href":"https:\/\/obsnev.es\/en\/wp-json\/wp\/v2\/protocolos\/1012260","targetHints":{"allow":["GET"]}}],"collection":[{"href":"https:\/\/obsnev.es\/en\/wp-json\/wp\/v2\/protocolos"}],"about":[{"href":"https:\/\/obsnev.es\/en\/wp-json\/wp\/v2\/types\/protocolos"}],"version-history":[{"count":5,"href":"https:\/\/obsnev.es\/en\/wp-json\/wp\/v2\/protocolos\/1012260\/revisions"}],"predecessor-version":[{"id":1012317,"href":"https:\/\/obsnev.es\/en\/wp-json\/wp\/v2\/protocolos\/1012260\/revisions\/1012317"}],"wp:featuredmedia":[{"embeddable":true,"href":"https:\/\/obsnev.es\/en\/wp-json\/wp\/v2\/media\/4795"}],"wp:attachment":[{"href":"https:\/\/obsnev.es\/en\/wp-json\/wp\/v2\/media?parent=1012260"}],"wp:term":[{"taxonomy":"ambito-tematico","embeddable":true,"href":"https:\/\/obsnev.es\/en\/wp-json\/wp\/v2\/ambito-tematico?post=1012260"}],"curies":[{"name":"wp","href":"https:\/\/api.w.org\/{rel}","templated":true}]}}

<div data-elementor-type="wp-post" data-elementor-id="1012260" class="elementor elementor-1012260" data-elementor-post-type="protocolos">
				<div class="elementor-element elementor-element-63787e3 e-flex e-con-boxed e-con e-parent" data-id="63787e3" data-element_type="container" data-e-type="container">
					<div class="e-con-inner">
				<div class="elementor-element elementor-element-4db42ea elementor-widget elementor-widget-text-editor" data-id="4db42ea" data-element_type="widget" data-e-type="widget" data-widget_type="text-editor.default">
				<div class="elementor-widget-container">
									<div id="panel-gb4326-69a033732152e-0-0-0" class="so-panel widget widget_sow-editor panel-first-child" data-index="0"><div class="fila_ficha panel-widget-style panel-widget-style-for-gb4326-69a033732152e-0-0-0"><div class="so-widget-sow-editor so-widget-sow-editor-base"><h3 class="widget-title">Aims</h3><div class="siteorigin-widget-tinymce textwidget"><p>The main purposes of the monitoring of butterflies in Sierra Nevada (BMSSN: Butterfly Monitoring Scheme de Sierra Nevada) are: to record the population trend of the species monitored; to record the phenological patterns of each species and the possible changes that these might undergo with climatic change; to identify environmental variables related to the distribution and abundance of these species; and finally to establish an early-warning system to enable managers of the Sierra Nevada Natural Park and National Park to implement adaptive measures for these species and their ecosystems.</p></div></div></div></div>								</div>
				</div>
				<div class="elementor-element elementor-element-e2fa565 elementor-widget elementor-widget-image" data-id="e2fa565" data-element_type="widget" data-e-type="widget" data-widget_type="image.default">
				<div class="elementor-widget-container">
															<img fetchpriority="high" decoding="async" width="992" height="585" src="https://obsnev.es/wp-content/uploads/2019/10/Figura_8_16-1_ES.png" class="attachment-2048x2048 size-2048x2048 wp-image-4795" alt="" srcset="https://obsnev.es/wp-content/uploads/2019/10/Figura_8_16-1_ES.png 992w, https://obsnev.es/wp-content/uploads/2019/10/Figura_8_16-1_ES-300x177.png 300w, https://obsnev.es/wp-content/uploads/2019/10/Figura_8_16-1_ES-768x453.png 768w, https://obsnev.es/wp-content/uploads/2019/10/Figura_8_16-1_ES-18x12.png 18w" sizes="(max-width: 992px) 100vw, 992px" />															</div>
				</div>
				<div class="elementor-element elementor-element-95f591f elementor-widget elementor-widget-text-editor" data-id="95f591f" data-element_type="widget" data-e-type="widget" data-widget_type="text-editor.default">
				<div class="elementor-widget-container">
									<div id="panel-gb4326-69a033732152e-0-0-0" class="so-panel widget widget_sow-editor panel-first-child" data-index="0"><div class="fila_ficha panel-widget-style panel-widget-style-for-gb4326-69a033732152e-0-0-0"><div class="so-widget-sow-editor so-widget-sow-editor-base"><div id="panel-gb4326-69a033732152e-0-0-2" class="so-panel widget widget_sow-editor" data-index="2"><div class="fila_ficha panel-widget-style panel-widget-style-for-gb4326-69a033732152e-0-0-2"><div class="so-widget-sow-editor so-widget-sow-editor-base"><h3 class="widget-title">Method and effort</h3><div class="siteorigin-widget-tinymce textwidget"><p>All the butterfly species (except those belonging to the family Hesperiidae) were censused along the transects distributed strategically throughout the work area: oak forests, juniper thickets, thorny shrublands, and summit areas. The methodology consists of walking 10 transects of approximately 2.5 km each between May and September in which all the imagos of the study species (families Papilionidae, Pieridae, Nymphalidae, and Lycaenidae). These walks are made once per week, counting only the specimens sighted 5 m ahead and within a strip of 2.5 m on each side of the observer.</p><p>The colonies of species with small and isolated populations require specific effort and monitoring, i.e. elements of great interest for the monitoring of global change that are rarely detected in the preset census transects. In these cases, special effort is dedicated to the mapping of colonies and to the development of models of the ecological niche.</p></div></div></div></div></div></div></div>								</div>
				</div>
				<div class="elementor-element elementor-element-07a90e4 elementor-widget elementor-widget-image" data-id="07a90e4" data-element_type="widget" data-e-type="widget" data-widget_type="image.default">
				<div class="elementor-widget-container">
															<img decoding="async" width="992" height="473" src="https://obsnev.es/wp-content/uploads/2019/10/Figura_8_16-2_ES.png" class="attachment-2048x2048 size-2048x2048 wp-image-4796" alt="" srcset="https://obsnev.es/wp-content/uploads/2019/10/Figura_8_16-2_ES.png 992w, https://obsnev.es/wp-content/uploads/2019/10/Figura_8_16-2_ES-300x143.png 300w, https://obsnev.es/wp-content/uploads/2019/10/Figura_8_16-2_ES-768x366.png 768w, https://obsnev.es/wp-content/uploads/2019/10/Figura_8_16-2_ES-18x9.png 18w" sizes="(max-width: 992px) 100vw, 992px" />															</div>
				</div>
				<div class="elementor-element elementor-element-0f416af elementor-widget elementor-widget-text-editor" data-id="0f416af" data-element_type="widget" data-e-type="widget" data-widget_type="text-editor.default">
				<div class="elementor-widget-container">
									<div id="panel-gb4326-69a033732152e-0-0-0" class="so-panel widget widget_sow-editor panel-first-child" data-index="0"><div class="fila_ficha panel-widget-style panel-widget-style-for-gb4326-69a033732152e-0-0-0"><div class="so-widget-sow-editor so-widget-sow-editor-base"><div id="panel-gb4326-69a033732152e-0-0-2" class="so-panel widget widget_sow-editor" data-index="2"><div class="fila_ficha panel-widget-style panel-widget-style-for-gb4326-69a033732152e-0-0-2"><div class="so-widget-sow-editor so-widget-sow-editor-base"><div id="panel-gb4581-69a0338952d0b-0-0-2" class="so-panel widget widget_sow-editor" data-index="2"><div class="so-widget-sow-editor so-widget-sow-editor-base"><div id="panel-gb4794-69a81804d63cd-0-0-2" class="so-panel widget widget_sow-editor" data-index="2"><div class="so-widget-sow-editor so-widget-sow-editor-base"><h3 class="widget-title">Periodicity</h3><div class="siteorigin-widget-tinymce textwidget"><p>This monitoring is undertaken annually. It began in 2008 with the monitoring of some particular species, and in 2009 the same methodology was followed. In 2010, the rest of the species that currently constitute the BMS of Sierra Nevada were incorporated.</p></div></div></div><div id="panel-gb4794-69a81804d63cd-0-0-3" class="so-panel widget widget_sow-editor" data-index="3"><div class="so-widget-sow-editor so-widget-sow-editor-base"><h3 class="widget-title">Results</h3><div class="siteorigin-widget-tinymce textwidget"><p>Download PDF: <a href="https://obsnev.es/wp-content/uploads/2019/12/6_3_mariposas.pdf" target="_blank" rel="noopener">Español</a> / <a href="https://obsnev.es/wp-content/uploads/2019/12/6_3_mariposas_EN.pdf" target="_blank" rel="noopener">English</a></p></div></div></div><div id="panel-gb4794-69a81804d63cd-0-0-4" class="so-panel widget widget_sow-editor panel-last-child" data-index="4"><div class="so-widget-sow-editor so-widget-sow-editor-base"><h3 class="widget-title">References</h3><div class="siteorigin-widget-tinymce textwidget"><p>Settele, J., Shreeve, T., Konvicka, M. y van Dyck, H. Ecology of Butterflies in Europe. Cambrige University Press. 526 pp.<br />Stefanescu, C., Peñuelas, J., Filella, L. 2003. Effects of climate change on the phenology of butterflies in the northwest Mediterranean Basin. Glob. Change Biol., 9: 1494-1506.<br />Wilson, R.J., Gutiérrez, D., Gutiérrez, J., Martínez, D., Agudo, R. y Montserrat, V.J. 2005. Changes to the elevational limits and extent of species ranges associated with climate change. Ecol. Lett., 8 (11): 1138-1146.</p></div></div></div></div></div></div></div></div></div></div></div>								</div>
				</div>
					</div>
				</div>
				</div>
