{"id":1012263,"date":"2026-03-04T12:41:28","date_gmt":"2026-03-04T11:41:28","guid":{"rendered":"https:\/\/new.obsnev.es\/?post_type=protocolos&#038;p=1012263"},"modified":"2026-03-04T12:59:06","modified_gmt":"2026-03-04T11:59:06","slug":"procesionaria-del-pino","status":"publish","type":"protocolos","link":"https:\/\/obsnev.es\/en\/protocolos\/procesionaria-del-pino\/","title":{"rendered":"Pine processionary"},"content":{"rendered":"<div data-elementor-type=\"wp-post\" data-elementor-id=\"1012263\" class=\"elementor elementor-1012263\" data-elementor-post-type=\"protocolos\">\n\t\t\t\t<div class=\"elementor-element elementor-element-63787e3 e-flex e-con-boxed e-con e-parent\" data-id=\"63787e3\" data-element_type=\"container\" data-e-type=\"container\">\n\t\t\t\t\t<div class=\"e-con-inner\">\n\t\t\t\t<div class=\"elementor-element elementor-element-4db42ea elementor-widget elementor-widget-text-editor\" data-id=\"4db42ea\" data-element_type=\"widget\" data-e-type=\"widget\" data-widget_type=\"text-editor.default\">\n\t\t\t\t<div class=\"elementor-widget-container\">\n\t\t\t\t\t\t\t\t\t<div id=\"panel-gb4326-69a033732152e-0-0-0\" class=\"so-panel widget widget_sow-editor panel-first-child\" data-index=\"0\"><div class=\"fila_ficha panel-widget-style panel-widget-style-for-gb4326-69a033732152e-0-0-0\"><div class=\"so-widget-sow-editor so-widget-sow-editor-base\"><h3 class=\"widget-title\">Aims<\/h3><div class=\"siteorigin-widget-tinymce textwidget\"><p>The main aim of the monitoring of the pine processionary moth (Thaumetopoea pityocampa) is to observe possible variations in it biological cycle, specifically in relation to its phenology and its population dynamics. This lepidopteran is considered the main defoliator in the Mediterranean forest and has very particular microclimatic demands for its development.<\/p><\/div><\/div><\/div><\/div>\t\t\t\t\t\t\t\t<\/div>\n\t\t\t\t<\/div>\n\t\t\t\t<div class=\"elementor-element elementor-element-e2fa565 elementor-widget elementor-widget-image\" data-id=\"e2fa565\" data-element_type=\"widget\" data-e-type=\"widget\" data-widget_type=\"image.default\">\n\t\t\t\t<div class=\"elementor-widget-container\">\n\t\t\t\t\t\t\t\t\t\t\t\t\t\t\t<img fetchpriority=\"high\" decoding=\"async\" width=\"992\" height=\"576\" src=\"https:\/\/obsnev.es\/wp-content\/uploads\/2019\/10\/Figura_8_18-1_ES.png\" class=\"attachment-2048x2048 size-2048x2048 wp-image-4803\" alt=\"\" srcset=\"https:\/\/obsnev.es\/wp-content\/uploads\/2019\/10\/Figura_8_18-1_ES.png 992w, https:\/\/obsnev.es\/wp-content\/uploads\/2019\/10\/Figura_8_18-1_ES-300x174.png 300w, https:\/\/obsnev.es\/wp-content\/uploads\/2019\/10\/Figura_8_18-1_ES-768x446.png 768w, https:\/\/obsnev.es\/wp-content\/uploads\/2019\/10\/Figura_8_18-1_ES-18x10.png 18w\" sizes=\"(max-width: 992px) 100vw, 992px\" \/>\t\t\t\t\t\t\t\t\t\t\t\t\t\t\t<\/div>\n\t\t\t\t<\/div>\n\t\t\t\t<div class=\"elementor-element elementor-element-95f591f elementor-widget elementor-widget-text-editor\" data-id=\"95f591f\" data-element_type=\"widget\" data-e-type=\"widget\" data-widget_type=\"text-editor.default\">\n\t\t\t\t<div class=\"elementor-widget-container\">\n\t\t\t\t\t\t\t\t\t<div id=\"panel-gb4326-69a033732152e-0-0-0\" class=\"so-panel widget widget_sow-editor panel-first-child\" data-index=\"0\"><div class=\"fila_ficha panel-widget-style panel-widget-style-for-gb4326-69a033732152e-0-0-0\"><div class=\"so-widget-sow-editor so-widget-sow-editor-base\"><div id=\"panel-gb4326-69a033732152e-0-0-2\" class=\"so-panel widget widget_sow-editor\" data-index=\"2\"><div class=\"fila_ficha panel-widget-style panel-widget-style-for-gb4326-69a033732152e-0-0-2\"><div class=\"so-widget-sow-editor so-widget-sow-editor-base\"><h3 class=\"widget-title\">Method and effort<\/h3><div class=\"siteorigin-widget-tinymce textwidget\"><p>A monitoring system has been established to coincide with the key times of the life cycle of the pine processionary, such as hatching of the caterpillars, the procession and burrowing into the soil, and emergence as adults, all processes linked to specific conditions of temperature and moisture and thus sensitive to climatic variations.<\/p><p>The forest structure is determinant in the population dynamics of this social insect. Thus, three sampling regions were chosen within the Park that are representative in terms of sensitivity of the processionary: orientation, elevation, and dominant forest species. In each region, three sampling zones were established, seeking to cover the entire altitudinal range in which the pine forest is distributed and establishing a minimum difference of 200 m between elevations.<\/p><p>The summer monitoring spans from the appearance of the adult until the hatching of the egg masses (July to September) and consists of setting one pheromone trap per elevation and monitoring 30 egg masses in the needles of each of the study zones.<\/p><\/div><\/div><\/div><\/div><\/div><\/div><\/div>\t\t\t\t\t\t\t\t<\/div>\n\t\t\t\t<\/div>\n\t\t\t\t<div class=\"elementor-element elementor-element-07a90e4 elementor-widget elementor-widget-image\" data-id=\"07a90e4\" data-element_type=\"widget\" data-e-type=\"widget\" data-widget_type=\"image.default\">\n\t\t\t\t<div class=\"elementor-widget-container\">\n\t\t\t\t\t\t\t\t\t\t\t\t\t\t\t<img decoding=\"async\" width=\"992\" height=\"435\" src=\"https:\/\/obsnev.es\/wp-content\/uploads\/2019\/10\/Figura_8_18-2_ES.png\" class=\"attachment-2048x2048 size-2048x2048 wp-image-4804\" alt=\"\" srcset=\"https:\/\/obsnev.es\/wp-content\/uploads\/2019\/10\/Figura_8_18-2_ES.png 992w, https:\/\/obsnev.es\/wp-content\/uploads\/2019\/10\/Figura_8_18-2_ES-300x132.png 300w, https:\/\/obsnev.es\/wp-content\/uploads\/2019\/10\/Figura_8_18-2_ES-768x337.png 768w, https:\/\/obsnev.es\/wp-content\/uploads\/2019\/10\/Figura_8_18-2_ES-18x8.png 18w\" sizes=\"(max-width: 992px) 100vw, 992px\" \/>\t\t\t\t\t\t\t\t\t\t\t\t\t\t\t<\/div>\n\t\t\t\t<\/div>\n\t\t\t\t<div class=\"elementor-element elementor-element-0f416af elementor-widget elementor-widget-text-editor\" data-id=\"0f416af\" data-element_type=\"widget\" data-e-type=\"widget\" data-widget_type=\"text-editor.default\">\n\t\t\t\t<div class=\"elementor-widget-container\">\n\t\t\t\t\t\t\t\t\t<div id=\"panel-gb4326-69a033732152e-0-0-0\" class=\"so-panel widget widget_sow-editor panel-first-child\" data-index=\"0\"><div class=\"fila_ficha panel-widget-style panel-widget-style-for-gb4326-69a033732152e-0-0-0\"><div class=\"so-widget-sow-editor so-widget-sow-editor-base\"><div id=\"panel-gb4326-69a033732152e-0-0-2\" class=\"so-panel widget widget_sow-editor\" data-index=\"2\"><div class=\"fila_ficha panel-widget-style panel-widget-style-for-gb4326-69a033732152e-0-0-2\"><div class=\"so-widget-sow-editor so-widget-sow-editor-base\"><div id=\"panel-gb4581-69a0338952d0b-0-0-2\" class=\"so-panel widget widget_sow-editor\" data-index=\"2\"><div class=\"so-widget-sow-editor so-widget-sow-editor-base\"><div id=\"panel-gb4802-69a8180646004-0-0-2\" class=\"so-panel widget widget_sow-editor\" data-index=\"2\"><div class=\"so-widget-sow-editor so-widget-sow-editor-base\"><h3 class=\"widget-title\">Periodicity<\/h3><div class=\"siteorigin-widget-tinymce textwidget\"><p>The monitoring is annual, being divided into winter (November\/January to March\/April, depending on the year) and summer (July to September). In both periods the sampling frequency is 2-3 times per week.<\/p><\/div><\/div><\/div><div id=\"panel-gb4802-69a8180646004-0-0-3\" class=\"so-panel widget widget_sow-editor\" data-index=\"3\"><div class=\"so-widget-sow-editor so-widget-sow-editor-base\"><h3 class=\"widget-title\">Results<\/h3><div class=\"siteorigin-widget-tinymce textwidget\"><p>Download PDF:\u00a0<a href=\"https:\/\/obsnev.es\/wp-content\/uploads\/2019\/12\/8_3_procesionaria.pdf\" target=\"_blank\" rel=\"noopener\">Espa\u00f1ol<\/a>\u00a0\/\u00a0<a href=\"https:\/\/obsnev.es\/wp-content\/uploads\/2019\/12\/8_3_procesionaria_EN.pdf\" target=\"_blank\" rel=\"noopener\">English<\/a><\/p><\/div><\/div><\/div><div id=\"panel-gb4802-69a8180646004-0-0-4\" class=\"so-panel widget widget_sow-editor panel-last-child\" data-index=\"4\"><div class=\"so-widget-sow-editor so-widget-sow-editor-base\"><h3 class=\"widget-title\">References<\/h3><div class=\"siteorigin-widget-tinymce textwidget\"><p>D\u00e9molin, G. 1969. Bioecolog\u00eda de la procesionaria del pino Thaumetopoea pityocampa Schiff. Incidencia de los factores clim\u00e1ticos. Bolet\u00edn del servicio de Plagas forestales, 12:9-24.<br \/>H\u00f3dar, J.A., Zamora, R., Castro, J. y Baraza, E., 2003. Pine processionary caterpillar Thaumetopoea pityocampa as a new threat for relict Mediterranean Scots pine under climatic warming. Biol. Conserv., 110: 123-129.<br \/>H\u00f3dar, J.A. y Zamora, R. 2004. Herbivory and climatic warming: A Mediterranean outbreaking caterpillar attacks a relict, boreal pine species. Biodivers. Conserv., 13: 493-500.<br \/>S\u00e1nchez Pe\u00f1a, E., Gonz\u00e1lez Rosa, E. y Mart\u00ednez de Saavedra, J. 2006. La procesionaria del pino: An\u00e1lisis de su posible uso como bioindicador del cambio clim\u00e1tico. Puesta en marcha de un mecanismo de seguimiento de las expansiones en la distribuci\u00f3n geogr\u00e1fica de este lepid\u00f3ptero defoliador. Pp.: 79-92. En: VII Jornadas sobre Recerca al Parc Nacional d\u2019Aig\u00fcestortes i Estany de Sant Maurici Bo\u00ed (Alta Ribagorda).<\/p><\/div><\/div><\/div><\/div><\/div><\/div><\/div><\/div><\/div><\/div><\/div>\t\t\t\t\t\t\t\t<\/div>\n\t\t\t\t<\/div>\n\t\t\t\t\t<\/div>\n\t\t\t\t<\/div>\n\t\t\t\t<\/div>","protected":false},"featured_media":4803,"template":"","meta":{"_acf_changed":false},"ambito-tematico":[352],"class_list":["post-1012263","protocolos","type-protocolos","status-publish","has-post-thumbnail","hentry","ambito-tematico-repercusiones-sobre-la-biodiversidad-modelos-de-distribucion-potencial"],"acf":[],"aioseo_notices":[],"_links":{"self":[{"href":"https:\/\/obsnev.es\/en\/wp-json\/wp\/v2\/protocolos\/1012263","targetHints":{"allow":["GET"]}}],"collection":[{"href":"https:\/\/obsnev.es\/en\/wp-json\/wp\/v2\/protocolos"}],"about":[{"href":"https:\/\/obsnev.es\/en\/wp-json\/wp\/v2\/types\/protocolos"}],"version-history":[{"count":5,"href":"https:\/\/obsnev.es\/en\/wp-json\/wp\/v2\/protocolos\/1012263\/revisions"}],"predecessor-version":[{"id":1012323,"href":"https:\/\/obsnev.es\/en\/wp-json\/wp\/v2\/protocolos\/1012263\/revisions\/1012323"}],"wp:featuredmedia":[{"embeddable":true,"href":"https:\/\/obsnev.es\/en\/wp-json\/wp\/v2\/media\/4803"}],"wp:attachment":[{"href":"https:\/\/obsnev.es\/en\/wp-json\/wp\/v2\/media?parent=1012263"}],"wp:term":[{"taxonomy":"ambito-tematico","embeddable":true,"href":"https:\/\/obsnev.es\/en\/wp-json\/wp\/v2\/ambito-tematico?post=1012263"}],"curies":[{"name":"wp","href":"https:\/\/api.w.org\/{rel}","templated":true}]}}

<div data-elementor-type="wp-post" data-elementor-id="1012263" class="elementor elementor-1012263" data-elementor-post-type="protocolos">
				<div class="elementor-element elementor-element-63787e3 e-flex e-con-boxed e-con e-parent" data-id="63787e3" data-element_type="container" data-e-type="container">
					<div class="e-con-inner">
				<div class="elementor-element elementor-element-4db42ea elementor-widget elementor-widget-text-editor" data-id="4db42ea" data-element_type="widget" data-e-type="widget" data-widget_type="text-editor.default">
				<div class="elementor-widget-container">
									<div id="panel-gb4326-69a033732152e-0-0-0" class="so-panel widget widget_sow-editor panel-first-child" data-index="0"><div class="fila_ficha panel-widget-style panel-widget-style-for-gb4326-69a033732152e-0-0-0"><div class="so-widget-sow-editor so-widget-sow-editor-base"><h3 class="widget-title">Aims</h3><div class="siteorigin-widget-tinymce textwidget"><p>The main aim of the monitoring of the pine processionary moth (Thaumetopoea pityocampa) is to observe possible variations in it biological cycle, specifically in relation to its phenology and its population dynamics. This lepidopteran is considered the main defoliator in the Mediterranean forest and has very particular microclimatic demands for its development.</p></div></div></div></div>								</div>
				</div>
				<div class="elementor-element elementor-element-e2fa565 elementor-widget elementor-widget-image" data-id="e2fa565" data-element_type="widget" data-e-type="widget" data-widget_type="image.default">
				<div class="elementor-widget-container">
															<img fetchpriority="high" decoding="async" width="992" height="576" src="https://obsnev.es/wp-content/uploads/2019/10/Figura_8_18-1_ES.png" class="attachment-2048x2048 size-2048x2048 wp-image-4803" alt="" srcset="https://obsnev.es/wp-content/uploads/2019/10/Figura_8_18-1_ES.png 992w, https://obsnev.es/wp-content/uploads/2019/10/Figura_8_18-1_ES-300x174.png 300w, https://obsnev.es/wp-content/uploads/2019/10/Figura_8_18-1_ES-768x446.png 768w, https://obsnev.es/wp-content/uploads/2019/10/Figura_8_18-1_ES-18x10.png 18w" sizes="(max-width: 992px) 100vw, 992px" />															</div>
				</div>
				<div class="elementor-element elementor-element-95f591f elementor-widget elementor-widget-text-editor" data-id="95f591f" data-element_type="widget" data-e-type="widget" data-widget_type="text-editor.default">
				<div class="elementor-widget-container">
									<div id="panel-gb4326-69a033732152e-0-0-0" class="so-panel widget widget_sow-editor panel-first-child" data-index="0"><div class="fila_ficha panel-widget-style panel-widget-style-for-gb4326-69a033732152e-0-0-0"><div class="so-widget-sow-editor so-widget-sow-editor-base"><div id="panel-gb4326-69a033732152e-0-0-2" class="so-panel widget widget_sow-editor" data-index="2"><div class="fila_ficha panel-widget-style panel-widget-style-for-gb4326-69a033732152e-0-0-2"><div class="so-widget-sow-editor so-widget-sow-editor-base"><h3 class="widget-title">Method and effort</h3><div class="siteorigin-widget-tinymce textwidget"><p>A monitoring system has been established to coincide with the key times of the life cycle of the pine processionary, such as hatching of the caterpillars, the procession and burrowing into the soil, and emergence as adults, all processes linked to specific conditions of temperature and moisture and thus sensitive to climatic variations.</p><p>The forest structure is determinant in the population dynamics of this social insect. Thus, three sampling regions were chosen within the Park that are representative in terms of sensitivity of the processionary: orientation, elevation, and dominant forest species. In each region, three sampling zones were established, seeking to cover the entire altitudinal range in which the pine forest is distributed and establishing a minimum difference of 200 m between elevations.</p><p>The summer monitoring spans from the appearance of the adult until the hatching of the egg masses (July to September) and consists of setting one pheromone trap per elevation and monitoring 30 egg masses in the needles of each of the study zones.</p></div></div></div></div></div></div></div>								</div>
				</div>
				<div class="elementor-element elementor-element-07a90e4 elementor-widget elementor-widget-image" data-id="07a90e4" data-element_type="widget" data-e-type="widget" data-widget_type="image.default">
				<div class="elementor-widget-container">
															<img decoding="async" width="992" height="435" src="https://obsnev.es/wp-content/uploads/2019/10/Figura_8_18-2_ES.png" class="attachment-2048x2048 size-2048x2048 wp-image-4804" alt="" srcset="https://obsnev.es/wp-content/uploads/2019/10/Figura_8_18-2_ES.png 992w, https://obsnev.es/wp-content/uploads/2019/10/Figura_8_18-2_ES-300x132.png 300w, https://obsnev.es/wp-content/uploads/2019/10/Figura_8_18-2_ES-768x337.png 768w, https://obsnev.es/wp-content/uploads/2019/10/Figura_8_18-2_ES-18x8.png 18w" sizes="(max-width: 992px) 100vw, 992px" />															</div>
				</div>
				<div class="elementor-element elementor-element-0f416af elementor-widget elementor-widget-text-editor" data-id="0f416af" data-element_type="widget" data-e-type="widget" data-widget_type="text-editor.default">
				<div class="elementor-widget-container">
									<div id="panel-gb4326-69a033732152e-0-0-0" class="so-panel widget widget_sow-editor panel-first-child" data-index="0"><div class="fila_ficha panel-widget-style panel-widget-style-for-gb4326-69a033732152e-0-0-0"><div class="so-widget-sow-editor so-widget-sow-editor-base"><div id="panel-gb4326-69a033732152e-0-0-2" class="so-panel widget widget_sow-editor" data-index="2"><div class="fila_ficha panel-widget-style panel-widget-style-for-gb4326-69a033732152e-0-0-2"><div class="so-widget-sow-editor so-widget-sow-editor-base"><div id="panel-gb4581-69a0338952d0b-0-0-2" class="so-panel widget widget_sow-editor" data-index="2"><div class="so-widget-sow-editor so-widget-sow-editor-base"><div id="panel-gb4802-69a8180646004-0-0-2" class="so-panel widget widget_sow-editor" data-index="2"><div class="so-widget-sow-editor so-widget-sow-editor-base"><h3 class="widget-title">Periodicity</h3><div class="siteorigin-widget-tinymce textwidget"><p>The monitoring is annual, being divided into winter (November/January to March/April, depending on the year) and summer (July to September). In both periods the sampling frequency is 2-3 times per week.</p></div></div></div><div id="panel-gb4802-69a8180646004-0-0-3" class="so-panel widget widget_sow-editor" data-index="3"><div class="so-widget-sow-editor so-widget-sow-editor-base"><h3 class="widget-title">Results</h3><div class="siteorigin-widget-tinymce textwidget"><p>Download PDF: <a href="https://obsnev.es/wp-content/uploads/2019/12/8_3_procesionaria.pdf" target="_blank" rel="noopener">Español</a> / <a href="https://obsnev.es/wp-content/uploads/2019/12/8_3_procesionaria_EN.pdf" target="_blank" rel="noopener">English</a></p></div></div></div><div id="panel-gb4802-69a8180646004-0-0-4" class="so-panel widget widget_sow-editor panel-last-child" data-index="4"><div class="so-widget-sow-editor so-widget-sow-editor-base"><h3 class="widget-title">References</h3><div class="siteorigin-widget-tinymce textwidget"><p>Démolin, G. 1969. Bioecología de la procesionaria del pino Thaumetopoea pityocampa Schiff. Incidencia de los factores climáticos. Boletín del servicio de Plagas forestales, 12:9-24.<br />Hódar, J.A., Zamora, R., Castro, J. y Baraza, E., 2003. Pine processionary caterpillar Thaumetopoea pityocampa as a new threat for relict Mediterranean Scots pine under climatic warming. Biol. Conserv., 110: 123-129.<br />Hódar, J.A. y Zamora, R. 2004. Herbivory and climatic warming: A Mediterranean outbreaking caterpillar attacks a relict, boreal pine species. Biodivers. Conserv., 13: 493-500.<br />Sánchez Peña, E., González Rosa, E. y Martínez de Saavedra, J. 2006. La procesionaria del pino: Análisis de su posible uso como bioindicador del cambio climático. Puesta en marcha de un mecanismo de seguimiento de las expansiones en la distribución geográfica de este lepidóptero defoliador. Pp.: 79-92. En: VII Jornadas sobre Recerca al Parc Nacional d’Aigüestortes i Estany de Sant Maurici Boí (Alta Ribagorda).</p></div></div></div></div></div></div></div></div></div></div></div>								</div>
				</div>
					</div>
				</div>
				</div>
