{"id":1012330,"date":"2026-03-04T13:07:08","date_gmt":"2026-03-04T12:07:08","guid":{"rendered":"https:\/\/new.obsnev.es\/?post_type=protocolos&#038;p=1012330"},"modified":"2026-03-04T13:19:26","modified_gmt":"2026-03-04T12:19:26","slug":"seguimiento-de-intercambios-de-co2-y-vapor-de-agua-a-escala-de-ecosistema","status":"publish","type":"protocolos","link":"https:\/\/obsnev.es\/en\/protocolos\/seguimiento-de-intercambios-de-co2-y-vapor-de-agua-a-escala-de-ecosistema\/","title":{"rendered":"Monitoring of CO2 and water-vapour exchanges at the ecosystem scale"},"content":{"rendered":"<div data-elementor-type=\"wp-post\" data-elementor-id=\"1012330\" class=\"elementor elementor-1012330\" data-elementor-post-type=\"protocolos\">\n\t\t\t\t<div class=\"elementor-element elementor-element-63787e3 e-flex e-con-boxed e-con e-parent\" data-id=\"63787e3\" data-element_type=\"container\" data-e-type=\"container\">\n\t\t\t\t\t<div class=\"e-con-inner\">\n\t\t\t\t<div class=\"elementor-element elementor-element-4db42ea elementor-widget elementor-widget-text-editor\" data-id=\"4db42ea\" data-element_type=\"widget\" data-e-type=\"widget\" data-widget_type=\"text-editor.default\">\n\t\t\t\t<div class=\"elementor-widget-container\">\n\t\t\t\t\t\t\t\t\t<div id=\"panel-gb4326-69a033732152e-0-0-0\" class=\"so-panel widget widget_sow-editor panel-first-child\" data-index=\"0\"><div class=\"fila_ficha panel-widget-style panel-widget-style-for-gb4326-69a033732152e-0-0-0\"><div class=\"so-widget-sow-editor so-widget-sow-editor-base\"><h3 class=\"widget-title\">Aims<\/h3><div class=\"siteorigin-widget-tinymce textwidget\"><p>The main aim of measuring the CO2 exchanges in different ecosystems of Sierra Nevada is to quantify the quantity of CO2 that they assimilate. In addition, complementary measures of the state of the vegetation, soil, and atmosphere enable us to study the main factors controlling whether the ecosystem acts as a CO2 source or sink. Finally, after quantifying the capacity of the ecosystem to assimilate CO2 and determine the factors on which this depends, we can act accordingly, strengthening the main sinks.<\/p><\/div><\/div><\/div><\/div>\t\t\t\t\t\t\t\t<\/div>\n\t\t\t\t<\/div>\n\t\t\t\t<div class=\"elementor-element elementor-element-e2fa565 elementor-widget elementor-widget-image\" data-id=\"e2fa565\" data-element_type=\"widget\" data-e-type=\"widget\" data-widget_type=\"image.default\">\n\t\t\t\t<div class=\"elementor-widget-container\">\n\t\t\t\t\t\t\t\t\t\t\t\t\t\t\t<img fetchpriority=\"high\" decoding=\"async\" width=\"992\" height=\"430\" src=\"https:\/\/obsnev.es\/wp-content\/uploads\/2019\/09\/Figura_9_2-1_ES.png\" class=\"attachment-2048x2048 size-2048x2048 wp-image-4548\" alt=\"\" srcset=\"https:\/\/obsnev.es\/wp-content\/uploads\/2019\/09\/Figura_9_2-1_ES.png 992w, https:\/\/obsnev.es\/wp-content\/uploads\/2019\/09\/Figura_9_2-1_ES-300x130.png 300w, https:\/\/obsnev.es\/wp-content\/uploads\/2019\/09\/Figura_9_2-1_ES-768x333.png 768w, https:\/\/obsnev.es\/wp-content\/uploads\/2019\/09\/Figura_9_2-1_ES-18x8.png 18w\" sizes=\"(max-width: 992px) 100vw, 992px\" \/>\t\t\t\t\t\t\t\t\t\t\t\t\t\t\t<\/div>\n\t\t\t\t<\/div>\n\t\t\t\t<div class=\"elementor-element elementor-element-95f591f elementor-widget elementor-widget-text-editor\" data-id=\"95f591f\" data-element_type=\"widget\" data-e-type=\"widget\" data-widget_type=\"text-editor.default\">\n\t\t\t\t<div class=\"elementor-widget-container\">\n\t\t\t\t\t\t\t\t\t<div id=\"panel-gb4326-69a033732152e-0-0-0\" class=\"so-panel widget widget_sow-editor panel-first-child\" data-index=\"0\"><div class=\"fila_ficha panel-widget-style panel-widget-style-for-gb4326-69a033732152e-0-0-0\"><div class=\"so-widget-sow-editor so-widget-sow-editor-base\"><div id=\"panel-gb4326-69a033732152e-0-0-2\" class=\"so-panel widget widget_sow-editor\" data-index=\"2\"><div class=\"fila_ficha panel-widget-style panel-widget-style-for-gb4326-69a033732152e-0-0-2\"><div class=\"so-widget-sow-editor so-widget-sow-editor-base\"><div id=\"panel-gb4547-69a81f040d9d4-0-0-1\" class=\"so-panel widget widget_sow-editor\" data-index=\"1\"><div class=\"so-widget-sow-editor so-widget-sow-editor-base\"><h3 class=\"widget-title\">Method and effort<\/h3><div class=\"siteorigin-widget-tinymce textwidget\"><p>By the micrometeorological system eddy covariance, we continuously measure the CO2 exchanges between the earth surface and the atmosphere. This system is based on taking measurements from the air without disturbing the ecosystem. This requires instrumentation capable of working with a quick response and at a high sampling frequency (i.e. 10 Hz), providing information on exchanges at scales of hours or even less. Despite the difficulties in continuously taking and storing the measurements, it has been demonstrated that the integration on an annual scale of CO2 exchange at the scale of the ecosystem is possible, thus making it possible to quantify the CO2 assimilated by an ecosystem over a long time period (seasons, years, decades, etc.). The eddy covariance system is used by the international network FLUXNET, with research members worldwide.<\/p><\/div><\/div><\/div><div id=\"panel-gb4547-69a81f040d9d4-0-0-2\" class=\"so-panel widget widget_sow-editor\" data-index=\"2\"><div class=\"so-widget-sow-editor so-widget-sow-editor-base\"><h3 class=\"widget-title\">Periodicity<\/h3><div class=\"siteorigin-widget-tinymce textwidget\"><p>The data of CO2 and water-vapour exchange as well as the complementary information is registered every 30 minutes. The installations are visited monthly to calibrate the instruments, supervise the functioning, and download the stored data.<\/p><\/div><\/div><\/div><div id=\"panel-gb4547-69a81f040d9d4-0-0-3\" class=\"so-panel widget widget_sow-editor\" data-index=\"3\"><div class=\"so-widget-sow-editor so-widget-sow-editor-base\"><h3 class=\"widget-title\">Results<\/h3><div class=\"siteorigin-widget-tinymce textwidget\"><p>Download PDF:\u00a0<a href=\"https:\/\/obsnev.es\/wp-content\/uploads\/2020\/01\/7_2_Resultados.pdf\" target=\"_blank\" rel=\"noopener\">Espa\u00f1ol<\/a>\u00a0\/\u00a0<a href=\"https:\/\/obsnev.es\/wp-content\/uploads\/2020\/01\/7_2_Resultados_EN.pdf\" target=\"_blank\" rel=\"noopener\">English<\/a><\/p><\/div><\/div><\/div><div id=\"panel-gb4547-69a81f040d9d4-0-0-4\" class=\"so-panel widget widget_sow-editor panel-last-child\" data-index=\"4\"><div class=\"so-widget-sow-editor so-widget-sow-editor-base\"><h3 class=\"widget-title\">References<\/h3><div class=\"siteorigin-widget-tinymce textwidget\"><p>Reverter, B.R., Sanchez-Ca\u00f1ete, E.P., Resco, V., Serrano-Ortiz, P., Oyonarte, C. y Kowalski, A.S. 2010. Analyzing the major drivers of NEE in a Mediterranean alpine shrubland. Biogeosciences, 7: 2601-2611.<br \/>Serrano-Ortiz, P., Mara\u00f1\u00f3n-Jim\u00e9nez, S., Reverter, B.R., S\u00e1nchez-Ca\u00f1ete, E.P., Castro, J., Zamora, R. y Kowalski, A.S 2011. Post-fire salvage logging reduces carbon sequestration in Mediterranean coniferous forest. Forest Ecol. Manag., 262: 2287-2296.<\/p><\/div><\/div><\/div><\/div><\/div><\/div><\/div><\/div><\/div>\t\t\t\t\t\t\t\t<\/div>\n\t\t\t\t<\/div>\n\t\t\t\t\t<\/div>\n\t\t\t\t<\/div>\n\t\t\t\t<\/div>","protected":false},"featured_media":4548,"template":"","meta":{"_acf_changed":false},"ambito-tematico":[353],"class_list":["post-1012330","protocolos","type-protocolos","status-publish","has-post-thumbnail","hentry","ambito-tematico-productividad-primaria-y-flujos-de-carbono"],"acf":[],"aioseo_notices":[],"_links":{"self":[{"href":"https:\/\/obsnev.es\/en\/wp-json\/wp\/v2\/protocolos\/1012330","targetHints":{"allow":["GET"]}}],"collection":[{"href":"https:\/\/obsnev.es\/en\/wp-json\/wp\/v2\/protocolos"}],"about":[{"href":"https:\/\/obsnev.es\/en\/wp-json\/wp\/v2\/types\/protocolos"}],"version-history":[{"count":5,"href":"https:\/\/obsnev.es\/en\/wp-json\/wp\/v2\/protocolos\/1012330\/revisions"}],"predecessor-version":[{"id":1012359,"href":"https:\/\/obsnev.es\/en\/wp-json\/wp\/v2\/protocolos\/1012330\/revisions\/1012359"}],"wp:featuredmedia":[{"embeddable":true,"href":"https:\/\/obsnev.es\/en\/wp-json\/wp\/v2\/media\/4548"}],"wp:attachment":[{"href":"https:\/\/obsnev.es\/en\/wp-json\/wp\/v2\/media?parent=1012330"}],"wp:term":[{"taxonomy":"ambito-tematico","embeddable":true,"href":"https:\/\/obsnev.es\/en\/wp-json\/wp\/v2\/ambito-tematico?post=1012330"}],"curies":[{"name":"wp","href":"https:\/\/api.w.org\/{rel}","templated":true}]}}

<div data-elementor-type="wp-post" data-elementor-id="1012330" class="elementor elementor-1012330" data-elementor-post-type="protocolos">
				<div class="elementor-element elementor-element-63787e3 e-flex e-con-boxed e-con e-parent" data-id="63787e3" data-element_type="container" data-e-type="container">
					<div class="e-con-inner">
				<div class="elementor-element elementor-element-4db42ea elementor-widget elementor-widget-text-editor" data-id="4db42ea" data-element_type="widget" data-e-type="widget" data-widget_type="text-editor.default">
				<div class="elementor-widget-container">
									<div id="panel-gb4326-69a033732152e-0-0-0" class="so-panel widget widget_sow-editor panel-first-child" data-index="0"><div class="fila_ficha panel-widget-style panel-widget-style-for-gb4326-69a033732152e-0-0-0"><div class="so-widget-sow-editor so-widget-sow-editor-base"><h3 class="widget-title">Aims</h3><div class="siteorigin-widget-tinymce textwidget"><p>The main aim of measuring the CO2 exchanges in different ecosystems of Sierra Nevada is to quantify the quantity of CO2 that they assimilate. In addition, complementary measures of the state of the vegetation, soil, and atmosphere enable us to study the main factors controlling whether the ecosystem acts as a CO2 source or sink. Finally, after quantifying the capacity of the ecosystem to assimilate CO2 and determine the factors on which this depends, we can act accordingly, strengthening the main sinks.</p></div></div></div></div>								</div>
				</div>
				<div class="elementor-element elementor-element-e2fa565 elementor-widget elementor-widget-image" data-id="e2fa565" data-element_type="widget" data-e-type="widget" data-widget_type="image.default">
				<div class="elementor-widget-container">
															<img fetchpriority="high" decoding="async" width="992" height="430" src="https://obsnev.es/wp-content/uploads/2019/09/Figura_9_2-1_ES.png" class="attachment-2048x2048 size-2048x2048 wp-image-4548" alt="" srcset="https://obsnev.es/wp-content/uploads/2019/09/Figura_9_2-1_ES.png 992w, https://obsnev.es/wp-content/uploads/2019/09/Figura_9_2-1_ES-300x130.png 300w, https://obsnev.es/wp-content/uploads/2019/09/Figura_9_2-1_ES-768x333.png 768w, https://obsnev.es/wp-content/uploads/2019/09/Figura_9_2-1_ES-18x8.png 18w" sizes="(max-width: 992px) 100vw, 992px" />															</div>
				</div>
				<div class="elementor-element elementor-element-95f591f elementor-widget elementor-widget-text-editor" data-id="95f591f" data-element_type="widget" data-e-type="widget" data-widget_type="text-editor.default">
				<div class="elementor-widget-container">
									<div id="panel-gb4326-69a033732152e-0-0-0" class="so-panel widget widget_sow-editor panel-first-child" data-index="0"><div class="fila_ficha panel-widget-style panel-widget-style-for-gb4326-69a033732152e-0-0-0"><div class="so-widget-sow-editor so-widget-sow-editor-base"><div id="panel-gb4326-69a033732152e-0-0-2" class="so-panel widget widget_sow-editor" data-index="2"><div class="fila_ficha panel-widget-style panel-widget-style-for-gb4326-69a033732152e-0-0-2"><div class="so-widget-sow-editor so-widget-sow-editor-base"><div id="panel-gb4547-69a81f040d9d4-0-0-1" class="so-panel widget widget_sow-editor" data-index="1"><div class="so-widget-sow-editor so-widget-sow-editor-base"><h3 class="widget-title">Method and effort</h3><div class="siteorigin-widget-tinymce textwidget"><p>By the micrometeorological system eddy covariance, we continuously measure the CO2 exchanges between the earth surface and the atmosphere. This system is based on taking measurements from the air without disturbing the ecosystem. This requires instrumentation capable of working with a quick response and at a high sampling frequency (i.e. 10 Hz), providing information on exchanges at scales of hours or even less. Despite the difficulties in continuously taking and storing the measurements, it has been demonstrated that the integration on an annual scale of CO2 exchange at the scale of the ecosystem is possible, thus making it possible to quantify the CO2 assimilated by an ecosystem over a long time period (seasons, years, decades, etc.). The eddy covariance system is used by the international network FLUXNET, with research members worldwide.</p></div></div></div><div id="panel-gb4547-69a81f040d9d4-0-0-2" class="so-panel widget widget_sow-editor" data-index="2"><div class="so-widget-sow-editor so-widget-sow-editor-base"><h3 class="widget-title">Periodicity</h3><div class="siteorigin-widget-tinymce textwidget"><p>The data of CO2 and water-vapour exchange as well as the complementary information is registered every 30 minutes. The installations are visited monthly to calibrate the instruments, supervise the functioning, and download the stored data.</p></div></div></div><div id="panel-gb4547-69a81f040d9d4-0-0-3" class="so-panel widget widget_sow-editor" data-index="3"><div class="so-widget-sow-editor so-widget-sow-editor-base"><h3 class="widget-title">Results</h3><div class="siteorigin-widget-tinymce textwidget"><p>Download PDF: <a href="https://obsnev.es/wp-content/uploads/2020/01/7_2_Resultados.pdf" target="_blank" rel="noopener">Español</a> / <a href="https://obsnev.es/wp-content/uploads/2020/01/7_2_Resultados_EN.pdf" target="_blank" rel="noopener">English</a></p></div></div></div><div id="panel-gb4547-69a81f040d9d4-0-0-4" class="so-panel widget widget_sow-editor panel-last-child" data-index="4"><div class="so-widget-sow-editor so-widget-sow-editor-base"><h3 class="widget-title">References</h3><div class="siteorigin-widget-tinymce textwidget"><p>Reverter, B.R., Sanchez-Cañete, E.P., Resco, V., Serrano-Ortiz, P., Oyonarte, C. y Kowalski, A.S. 2010. Analyzing the major drivers of NEE in a Mediterranean alpine shrubland. Biogeosciences, 7: 2601-2611.<br />Serrano-Ortiz, P., Marañón-Jiménez, S., Reverter, B.R., Sánchez-Cañete, E.P., Castro, J., Zamora, R. y Kowalski, A.S 2011. Post-fire salvage logging reduces carbon sequestration in Mediterranean coniferous forest. Forest Ecol. Manag., 262: 2287-2296.</p></div></div></div></div></div></div></div></div></div>								</div>
				</div>
					</div>
				</div>
				</div>
